-- Table structure for table `wp_es_emaillist`
--

CREATE TABLE `wp_es_emaillist` (
  `es_email_id` int(10) unsigned NOT NULL AUTO_INCREMENT,
  `es_email_name` varchar(255) COLLATE utf8mb4_unicode_ci NOT NULL,
  `es_email_mail` varchar(255) COLLATE utf8mb4_unicode_ci NOT NULL,
  `es_email_status` varchar(25) COLLATE utf8mb4_unicode_ci NOT NULL DEFAULT 'Unconfirmed',
  `es_email_created` datetime NOT NULL DEFAULT '0000-00-00 00:00:00',
  `es_email_viewcount` varchar(100) COLLATE utf8mb4_unicode_ci NOT NULL,
  `es_email_group` varchar(255) COLLATE utf8mb4_unicode_ci NOT NULL DEFAULT 'Public',
  `es_email_guid` varchar(255) COLLATE utf8mb4_unicode_ci NOT NULL,
  PRIMARY KEY (`es_email_id`)
) ENGINE=InnoDB AUTO_INCREMENT=2 DEFAULT CHARSET=utf8mb4 COLLATE=utf8mb4_unicode_ci;

--
-- Dumping data for table `wp_es_emaillist`
--

INSERT INTO `wp_es_emaillist` VALUES (1,'Bella Admin','bellaelkjaerflynn@hotmail.com','Confirmed','2018-04-05 18:57:13','0','Public','obedvj-psydex-bkswvc-zrqpeb-vytncx');

--
-- Table structure for table `wp_es_notification`
--

CREATE TABLE `wp_es_notification` (
  `es_note_id` int(10) unsigned NOT NULL AUTO_INCREMENT,
  `es_note_cat` text COLLATE utf8mb4_unicode_ci,
  `es_note_group` varchar(255) COLLATE utf8mb4_unicode_ci NOT NULL,
  `es_note_templ` int(10) unsigned NOT NULL,
  `es_note_status` varchar(10) COLLATE utf8mb4_unicode_ci NOT NULL DEFAULT 'Enable',
  PRIMARY KEY (`es_note_id`)
) ENGINE=InnoDB AUTO_INCREMENT=2 DEFAULT CHARSET=utf8mb4 COLLATE=utf8mb4_unicode_ci;

--
-- Dumping data for table `wp_es_notification`
--

INSERT INTO `wp_es_notification` VALUES (1,' ##adventures## -- ##art## -- ##authentic living## -- ##books## -- ##bucketlist## -- ##camera## -- ##danmark## -- ##etsy## -- ##europe## -- ##expat## -- ##faq## -- ##folk## -- ##great outdoors## -- ##home## -- ##knitting## -- ##life## -- ##me## -- ##northeast## -- ##old west## -- ##photography## -- ##sailing## -- ##Slider posts## -- ##Uncategorized## -- ##usa## -- ##video## -- ##viking## -- ##writing## ','Public',1213,'Enable');

--
-- Table structure for table `wp_es_sentdetails`
--

CREATE TABLE `wp_es_sentdetails` (
  `es_sent_id` int(10) unsigned NOT NULL AUTO_INCREMENT,
  `es_sent_guid` varchar(255) COLLATE utf8mb4_unicode_ci NOT NULL,
  `es_sent_qstring` varchar(255) COLLATE utf8mb4_unicode_ci NOT NULL,
  `es_sent_source` varchar(255) COLLATE utf8mb4_unicode_ci NOT NULL,
  `es_sent_starttime` datetime NOT NULL DEFAULT '0000-00-00 00:00:00',
  `es_sent_endtime` datetime NOT NULL DEFAULT '0000-00-00 00:00:00',
  `es_sent_count` int(10) unsigned NOT NULL,
  `es_sent_preview` text COLLATE utf8mb4_unicode_ci,
  `es_sent_status` varchar(25) COLLATE utf8mb4_unicode_ci NOT NULL DEFAULT 'Sent',
  `es_sent_type` varchar(25) COLLATE utf8mb4_unicode_ci NOT NULL DEFAULT 'Immediately',
  `es_sent_subject` varchar(255) COLLATE utf8mb4_unicode_ci NOT NULL,
  PRIMARY KEY (`es_sent_id`)
) ENGINE=InnoDB AUTO_INCREMENT=140 DEFAULT CHARSET=utf8mb4 COLLATE=utf8mb4_unicode_ci;

--
-- Dumping data for table `wp_es_sentdetails`
--

INSERT INTO `wp_es_sentdetails` VALUES (1,'zxfiae-qxtpeo-radekn-aqezkx-cidsxw','0','Post Notification','2018-04-09 21:08:00','2018-04-09 21:08:00',2,'Hello {{NAME}},<br /><br />We have published a new blog article on our website : the discouragement of being<br /><br /><br />You can view it from this link : <a href=\'https://www.bellaeflynn.com/index.php/2018/04/09/the-discouragement-of-being/\' target=\'_blank\'>https://www.bellaeflynn.com/index.php/2018/04/09/the-discouragement-of-being/</a><br /><br />Thanks & Regards,<br />Admin<br /><br />You received this email because in the past you have provided us your email address : {{EMAIL}} to receive notifications when new updates are posted.','Sent','Immediately','New Post Published - the discouragement of being'),(2,'wufdmo-opksfy-ebozxh-xuzltp-jnevcr','0','Post Notification','2018-04-16 20:11:43','2018-04-16 20:11:44',2,'Hello {{NAME}},<br /><br />We have published a new blog article on our website : rest in pieces and run me poor<br /><br /><br />You can view it from this link : <a href=\'https://www.bellaeflynn.com/index.php/2018/04/16/rest-in-pieces-and-run-me-poor/\' target=\'_blank\'>https://www.bellaeflynn.com/index.php/2018/04/16/rest-in-pieces-and-run-me-poor/</a><br /><br />Thanks & Regards,<br />Admin<br /><br />You received this email because in the past you have provided us your email address : {{EMAIL}} to receive notifications when new updates are posted.','Sent','Immediately','New Post Published - rest in pieces and run me poor'),(3,'edqakt-sdvufz-tpxcmf-ksblxt-mlvasc','0','Post Notification','2018-04-17 04:48:40','2018-04-17 04:48:41',2,'Hello {{NAME}},<br /><br />We have published a new blog article on our website : baby, this is texas<br /><br /><br />You can view it from this link : <a href=\'https://www.bellaeflynn.com/index.php/2018/04/17/baby-this-is-texas/\' target=\'_blank\'>https://www.bellaeflynn.com/index.php/2018/04/17/baby-this-is-texas/</a><br /><br />Thanks & Regards,<br />Admin<br /><br />You received this email because in the past you have provided us your email address : {{EMAIL}} to receive notifications when new updates are posted.','Sent','Immediately','New Post Published - baby, this is texas'),(4,'zbynij-devmkw-qyktpv-ecgast-qxdzul','0','Post Notification','2018-04-17 09:03:43','2018-04-17 09:03:45',2,'Hello {{NAME}},<br /><br />We have published a new blog article on our website : baby, this is texas<br /><br /><br />You can view it from this link : <a href=\'https://www.bellaeflynn.com/index.php/2018/04/17/baby-this-is-texas/\' target=\'_blank\'>https://www.bellaeflynn.com/index.php/2018/04/17/baby-this-is-texas/</a><br /><br />Thanks & Regards,<br />Admin<br /><br />You received this email because in the past you have provided us your email address : {{EMAIL}} to receive notifications when new updates are posted.','Sent','Immediately','New Post Published - baby, this is texas'),(5,'whlsiv-nburga-bjuqsc-qnftxk-gjsnvz','0','Post Notification','2018-04-18 00:54:40','2018-04-18 00:54:41',2,'Hello {{NAME}},<br /><br />We have published a new blog article on our website : south east texas<br /><br /><br />You can view it from this link : <a href=\'https://www.bellaeflynn.com/index.php/2018/04/18/south-east-texas/\' target=\'_blank\'>https://www.bellaeflynn.com/index.php/2018/04/18/south-east-texas/</a><br /><br />Thanks & Regards,<br />Admin<br /><br />You received this email because in the past you have provided us your email address : {{EMAIL}} to receive notifications when new updates are posted.','Sent','Immediately','New Post Published - south east texas'),(6,'qleouh-hpxjtg-wasuxc-clvmhf-kwptvf','0','Post Notification','2018-04-22 15:47:56','2018-04-22 15:47:56',2,'Hello {{NAME}},<br /><br />We have published a new blog article on our website : to see the sun<br /><br /><br />You can view it from this link : <a href=\'https://www.bellaeflynn.com/index.php/2018/04/22/1294/\' target=\'_blank\'>https://www.bellaeflynn.com/index.php/2018/04/22/1294/</a><br /><br />Thanks & Regards,<br />Admin<br /><br />You received this email because in the past you have provided us your email address : {{EMAIL}} to receive notifications when new updates are posted.','Sent','Immediately','New Post Published - to see the sun'),(7,'yckaxe-uzewto-neygkc-rhglop-ljsbpq','0','Post Notification','2018-04-23 07:34:35','2018-04-23 07:34:35',2,'Hello {{NAME}},<br /><br />We have published a new blog article on our website : old man beagle<br /><br /><br />You can view it from this link : <a href=\'https://www.bellaeflynn.com/index.php/2018/04/23/old-man-beagle/\' target=\'_blank\'>https://www.bellaeflynn.com/index.php/2018/04/23/old-man-beagle/</a><br /><br />Thanks & Regards,<br />Admin<br /><br />You received this email because in the past you have provided us your email address : {{EMAIL}} to receive notifications when new updates are posted.','Sent','Immediately','New Post Published - old man beagle'),(8,'josrmn-khlvsa-oqjkmx-mqtypr-behkiu','0','Post Notification','2018-04-25 02:30:29','2018-04-25 02:30:30',2,'Hello {{NAME}},<br /><br />We have published a new blog article on our website : sound of the birds<br /><br /><br />You can view it from this link : <a href=\'https://www.bellaeflynn.com/index.php/2018/04/24/sound-of-the-birds/\' target=\'_blank\'>https://www.bellaeflynn.com/index.php/2018/04/24/sound-of-the-birds/</a><br /><br />Thanks & Regards,<br />Admin<br /><br />You received this email because in the past you have provided us your email address : {{EMAIL}} to receive notifications when new updates are posted.','Sent','Immediately','New Post Published - sound of the birds'),(9,'cfoeby-fnmlgb-rwvdqo-kpauew-kogjyl','0','Post Notification','2018-04-25 02:47:49','2018-04-25 02:47:53',2,'Hello {{NAME}},<br /><br />We have published a new blog article on our website : sound of the birds<br /><br /><br />You can view it from this link : <a href=\'https://www.bellaeflynn.com/index.php/2018/04/24/sound-of-the-birds/\' target=\'_blank\'>https://www.bellaeflynn.com/index.php/2018/04/24/sound-of-the-birds/</a><br /><br />Thanks & Regards,<br />Admin<br /><br />You received this email because in the past you have provided us your email address : {{EMAIL}} to receive notifications when new updates are posted.','Sent','Immediately','New Post Published - sound of the birds'),(10,'zgjkno-gcayol-vxjkbh-jpukfz-udfahx','0','Post Notification','2018-04-30 03:17:28','2018-04-30 03:17:29',1,'Hello {{NAME}},<br /><br />We have published a new blog article on our website : winds of spring<br /><br /><br />You can view it from this link : <a href=\'https://www.bellaeflynn.com/index.php/2018/04/29/winds-of-spring/\' target=\'_blank\'>https://www.bellaeflynn.com/index.php/2018/04/29/winds-of-spring/</a><br /><br />Thanks & Regards,<br />Admin<br /><br />You received this email because in the past you have provided us your email address : {{EMAIL}} to receive notifications when new updates are posted.','Sent','Immediately','New Post Published - winds of spring'),(11,'xanegl-lewjcm-xvymhr-nwbdog-uwbrfe','0','Post Notification','2018-05-04 13:06:29','2018-05-04 13:06:30',1,'Hello {{NAME}},<br /><br />We have published a new blog article on our website : bristles and blue<br /><br /><br />You can view it from this link : <a href=\'https://www.bellaeflynn.com/index.php/2018/05/04/bristles-and-blue/\' target=\'_blank\'>https://www.bellaeflynn.com/index.php/2018/05/04/bristles-and-blue/</a><br /><br />Thanks & Regards,<br />Admin<br /><br />You received this email because in the past you have provided us your email address : {{EMAIL}} to receive notifications when new updates are posted.','Sent','Immediately','New Post Published - bristles and blue'),(12,'khabtv-tsudjf-yzvdnp-ndfyqg-nxjqak','0','Post Notification','2018-05-07 18:46:11','2018-05-07 18:46:12',1,'Hello {{NAME}},<br /><br />We have published a new blog article on our website : oh, pawtuckaway<br /><br /><br />You can view it from this link : <a href=\'https://www.bellaeflynn.com/index.php/2018/05/07/oh-pawtuckaway/\' target=\'_blank\'>https://www.bellaeflynn.com/index.php/2018/05/07/oh-pawtuckaway/</a><br /><br />Thanks & Regards,<br />Admin<br /><br />You received this email because in the past you have provided us your email address : {{EMAIL}} to receive notifications when new updates are posted.','Sent','Immediately','New Post Published - oh, pawtuckaway'),(13,'oyjsvz-dawfyg-vokpzw-xrjwbq-vpjabo','0','Post Notification','2018-05-09 20:32:45','2018-05-09 20:32:46',1,'Hello {{NAME}},<br /><br />We have published a new blog article on our website : everything i ever had<br /><br /><br />You can view it from this link : <a href=\'https://www.bellaeflynn.com/index.php/2018/05/09/everything-i-ever-had/\' target=\'_blank\'>https://www.bellaeflynn.com/index.php/2018/05/09/everything-i-ever-had/</a><br /><br />Thanks & Regards,<br />Admin<br /><br />You received this email because in the past you have provided us your email address : {{EMAIL}} to receive notifications when new updates are posted.','Sent','Immediately','New Post Published - everything i ever had'),(14,'jpcyqu-xfvaoe-mjrlki-enhgix-aymlkx','0','Post Notification','2018-05-21 18:15:16','2018-05-21 18:15:17',1,'Hello {{NAME}},<br /><br />We have published a new blog article on our website : where a cowboy is king<br /><br /><br />You can view it from this link : <a href=\'https://www.bellaeflynn.com/index.php/2018/05/21/where-cowboys-are-king/\' target=\'_blank\'>https://www.bellaeflynn.com/index.php/2018/05/21/where-cowboys-are-king/</a><br /><br />Thanks & Regards,<br />Admin<br /><br />You received this email because in the past you have provided us your email address : {{EMAIL}} to receive notifications when new updates are posted.','Sent','Immediately','New Post Published - where a cowboy is king'),(15,'zhtwre-sctghm-liqeym-urbtkc-jreqcs','0','Post Notification','2018-06-04 22:47:23','2018-06-04 22:47:26',1,'Hello {{NAME}},<br /><br />We have published a new blog article on our website : crystal beaches & one hundred pelicans<br /><br /><br />You can view it from this link : <a href=\'https://www.bellaeflynn.com/index.php/2018/06/04/crystal-beaches-one-hundred-pelicans/\' target=\'_blank\'>https://www.bellaeflynn.com/index.php/2018/06/04/crystal-beaches-one-hundred-pelicans/</a><br /><br />Thanks & Regards,<br />Admin<br /><br />You received this email because in the past you have provided us your email address : {{EMAIL}} to receive notifications when new updates are posted.','Sent','Immediately','New Post Published - crystal beaches & one hundred pelicans'),(16,'balcvg-bygatm-dypuvw-mxuaej-wilyzf','0','Post Notification','2018-06-30 01:10:36','2018-06-30 01:10:38',1,'Hello {{NAME}},<br /><br />We have published a new blog article on our website : Eliza Lee and a mast to match<br /><br /><br />You can view it from this link : <a href=\'https://www.bellaeflynn.com/index.php/2018/06/29/eliza-lee-and-a-mast-to-match/\' target=\'_blank\'>https://www.bellaeflynn.com/index.php/2018/06/29/eliza-lee-and-a-mast-to-match/</a><br /><br />Thanks & Regards,<br />Admin<br /><br />You received this email because in the past you have provided us your email address : {{EMAIL}} to receive notifications when new updates are posted.','Sent','Immediately','New Post Published - Eliza Lee and a mast to match'),(17,'ujeroi-meicfn-zjrpog-rbcsdg-ilyxre','0','Post Notification','2018-07-05 21:52:53','2018-07-05 21:52:54',1,'Hello {{NAME}},<br /><br />We have published a new blog article on our website : jumpin’ jumpers and bamboo<br /><br /><br />You can view it from this link : <a href=\'https://www.bellaeflynn.com/index.php/2018/07/05/jumpin-jumpers-and-bamboo/\' target=\'_blank\'>https://www.bellaeflynn.com/index.php/2018/07/05/jumpin-jumpers-and-bamboo/</a><br /><br />Thanks & Regards,<br />Admin<br /><br />You received this email because in the past you have provided us your email address : {{EMAIL}} to receive notifications when new updates are posted.','Sent','Immediately','New Post Published - jumpin’ jumpers and bamboo'),(18,'qxdnch-hargyb-iwqkst-ndgjfh-eijynf','0','Post Notification','2018-07-18 14:37:09','2018-07-18 14:37:09',1,'Hello {{NAME}},<br /><br />We have published a new blog article on our website : post come a’knocking<br /><br /><br />You can view it from this link : <a href=\'https://www.bellaeflynn.com/index.php/2018/07/18/post-come-aknocking/\' target=\'_blank\'>https://www.bellaeflynn.com/index.php/2018/07/18/post-come-aknocking/</a><br /><br />Thanks & Regards,<br />Admin<br /><br />You received this email because in the past you have provided us your email address : {{EMAIL}} to receive notifications when new updates are posted.','Sent','Immediately','New Post Published - post come a’knocking'),(19,'indvfo-abwtxs-xfnmie-fexvyn-bkvojw','0','Post Notification','2018-07-19 13:44:06','2018-07-19 13:44:08',1,'Hello {{NAME}},<br /><br />We have published a new blog article on our website : hooves n’ hammers<br /><br /><br />You can view it from this link : <a href=\'https://www.bellaeflynn.com/index.php/2018/07/19/hooves-and-hammers/\' target=\'_blank\'>https://www.bellaeflynn.com/index.php/2018/07/19/hooves-and-hammers/</a><br /><br />Thanks & Regards,<br />Admin<br /><br />You received this email because in the past you have provided us your email address : {{EMAIL}} to receive notifications when new updates are posted.','Sent','Immediately','New Post Published - hooves n’ hammers'),(20,'auwmge-czepry-vyxdmg-zgmfpa-roydph','0','Post Notification','2018-07-23 18:57:32','2018-07-23 18:57:32',1,'Hello {{NAME}},<br /><br />We have published a new blog article on our website : studyin’ by a window-pane<br /><br /><br />You can view it from this link : <a href=\'https://www.bellaeflynn.com/index.php/2018/07/23/studyin-by-a-window-pane/\' target=\'_blank\'>https://www.bellaeflynn.com/index.php/2018/07/23/studyin-by-a-window-pane/</a><br /><br />Thanks & Regards,<br />Admin<br /><br />You received this email because in the past you have provided us your email address : {{EMAIL}} to receive notifications when new updates are posted.','Sent','Immediately','New Post Published - studyin’ by a window-pane'),(21,'utzjgn-fodxzn-kiprwz-bljvex-oytcpv','0','Post Notification','2018-07-24 12:47:08','2018-07-24 12:47:08',1,'Hello {{NAME}},<br /><br />We have published a new blog article on our website : The 411 Of Being An Expat<br /><br /><br />You can view it from this link : <a href=\'https://www.bellaeflynn.com/index.php/2018/07/24/the-411-of-being-an-expat/\' target=\'_blank\'>https://www.bellaeflynn.com/index.php/2018/07/24/the-411-of-being-an-expat/</a><br /><br />Thanks & Regards,<br />Admin<br /><br />You received this email because in the past you have provided us your email address : {{EMAIL}} to receive notifications when new updates are posted.','Sent','Immediately','New Post Published - The 411 Of Being An Expat'),(22,'ryshgc-dabyhl-tmkgqb-zibmpw-jumvwe','0','Post Notification','2018-07-30 03:35:31','2018-07-30 03:35:34',1,'Hello {{NAME}},<br /><br />We have published a new blog article on our website : ships in my tea cup<br /><br /><br />You can view it from this link : <a href=\'https://www.bellaeflynn.com/index.php/2018/07/29/ships-in-the-coffee-mug/\' target=\'_blank\'>https://www.bellaeflynn.com/index.php/2018/07/29/ships-in-the-coffee-mug/</a><br /><br />Thanks & Regards,<br />Admin<br /><br />You received this email because in the past you have provided us your email address : {{EMAIL}} to receive notifications when new updates are posted.','Sent','Immediately','New Post Published - ships in my tea cup'),(23,'ibdrse-khfbzn-zblsjn-wbydeh-zwqhla','0','Post Notification','2018-07-31 01:39:05','2018-07-31 01:39:06',1,'Hello {{NAME}},<br /><br />We have published a new blog article on our website : hyggjaa hytten<br /><br /><br />You can view it from this link : <a href=\'https://www.bellaeflynn.com/index.php/2018/07/30/hyggjaa-hytten/\' target=\'_blank\'>https://www.bellaeflynn.com/index.php/2018/07/30/hyggjaa-hytten/</a><br /><br />Thanks & Regards,<br />Admin<br /><br />You received this email because in the past you have provided us your email address : {{EMAIL}} to receive notifications when new updates are posted.','Sent','Immediately','New Post Published - hyggjaa hytten'),(24,'gsxqjw-akwsgm-jszwvo-slzank-kcbzyi','0','Post Notification','2018-08-02 15:54:13','2018-08-02 15:54:14',1,'Hello {{NAME}},<br /><br />We have published a new blog article on our website : hestegården<br /><br /><br />You can view it from this link : <a href=\'https://www.bellaeflynn.com/index.php/2018/08/02/hestegarden/\' target=\'_blank\'>https://www.bellaeflynn.com/index.php/2018/08/02/hestegarden/</a><br /><br />Thanks & Regards,<br />Admin<br /><br />You received this email because in the past you have provided us your email address : {{EMAIL}} to receive notifications when new updates are posted.','Sent','Immediately','New Post Published - hestegården'),(25,'aslcrx-wxrcfh-xciqde-fwmnqg-utjkch','0','Post Notification','2018-08-04 19:51:22','2018-08-04 19:51:23',1,'Hello {{NAME}},<br /><br />We have published a new blog article on our website : a new video<br /><br /><br />You can view it from this link : <a href=\'https://www.bellaeflynn.com/index.php/2018/08/04/a-new-video/\' target=\'_blank\'>https://www.bellaeflynn.com/index.php/2018/08/04/a-new-video/</a><br /><br />Thanks & Regards,<br />Admin<br /><br />You received this email because in the past you have provided us your email address : {{EMAIL}} to receive notifications when new updates are posted.','Sent','Immediately','New Post Published - a new video'),(26,'vlyans-ndgzhv-ojmuwf-fojzps-ahjmqs','0','Post Notification','2018-08-04 20:33:41','2018-08-04 20:33:42',1,'Hello {{NAME}},<br /><br />We have published a new blog article on our website : bury my heart between these pages and never let me go<br /><br /><br />You can view it from this link : <a href=\'https://www.bellaeflynn.com/index.php/2018/08/04/bury-my-heart-between-these-pages-and-never-let-me-go/\' target=\'_blank\'>https://www.bellaeflynn.com/index.php/2018/08/04/bury-my-heart-between-these-pages-and-never-let-me-go/</a><br /><br />Thanks & Regards,<br />Admin<br /><br />You received this email because in the past you have provided us your email address : {{EMAIL}} to receive notifications when new updates are posted.','Sent','Immediately','New Post Published - bury my heart between these pages and never let me go'),(27,'biyxtk-vhaqyd-pwltnh-zydexq-ovsaen','0','Post Notification','2018-08-08 01:14:23','2018-08-08 01:14:23',1,'Hello {{NAME}},<br /><br />We have published a new blog article on our website : the interview<br /><br /><br />You can view it from this link : <a href=\'https://www.bellaeflynn.com/index.php/2018/08/07/the-interview/\' target=\'_blank\'>https://www.bellaeflynn.com/index.php/2018/08/07/the-interview/</a><br /><br />Thanks & Regards,<br />Admin<br /><br />You received this email because in the past you have provided us your email address : {{EMAIL}} to receive notifications when new updates are posted.','Sent','Immediately','New Post Published - the interview'),(28,'mpgzxt-ydlcrh-ofkewj-xsnaiy-drzfyo','0','Post Notification','2018-08-08 18:56:33','2018-08-08 18:56:34',1,'Hello {{NAME}},<br /><br />We have published a new blog article on our website : the interview, a get out feeling and a bear in the call centre<br /><br /><br />You can view it from this link : <a href=\'https://www.bellaeflynn.com/index.php/2018/08/07/the-interview/\' target=\'_blank\'>https://www.bellaeflynn.com/index.php/2018/08/07/the-interview/</a><br /><br />Thanks & Regards,<br />Admin<br /><br />You received this email because in the past you have provided us your email address : {{EMAIL}} to receive notifications when new updates are posted.','Sent','Immediately','New Post Published - the interview, a get out feeling and a bear in the call centre'),(29,'piteqr-aigkhr-ocrqxy-tvrwux-wjkplr','0','Post Notification','2018-08-10 00:20:33','2018-08-10 00:20:35',1,'Hello {{NAME}},<br /><br />We have published a new blog article on our website : a quiet thought of homesickness<br /><br /><br />You can view it from this link : <a href=\'https://www.bellaeflynn.com/index.php/2018/08/09/a-quiet-thought-of-homesickness/\' target=\'_blank\'>https://www.bellaeflynn.com/index.php/2018/08/09/a-quiet-thought-of-homesickness/</a><br /><br />Thanks & Regards,<br />Admin<br /><br />You received this email because in the past you have provided us your email address : {{EMAIL}} to receive notifications when new updates are posted.','Sent','Immediately','New Post Published - a quiet thought of homesickness'),(30,'qagdmo-mknxfl-leojqp-rinzog-gklitp','0','Post Notification','2018-08-14 12:50:20','2018-08-14 12:50:21',1,'Hello {{NAME}},<br /><br />We have published a new blog article on our website : expat blogger of the month<br /><br /><br />You can view it from this link : <a href=\'https://www.bellaeflynn.com/index.php/2018/08/14/blogger-of-the-month/\' target=\'_blank\'>https://www.bellaeflynn.com/index.php/2018/08/14/blogger-of-the-month/</a><br /><br />Thanks & Regards,<br />Admin<br /><br />You received this email because in the past you have provided us your email address : {{EMAIL}} to receive notifications when new updates are posted.','Sent','Immediately','New Post Published - expat blogger of the month'),(31,'qwrlxv-zidsog-axbgeh-zaqljn-dosect','0','Post Notification','2018-08-16 20:07:44','2018-08-16 20:07:44',1,'Hello {{NAME}},<br /><br />We have published a new blog article on our website : four books for travelling girls<br /><br /><br />You can view it from this link : <a href=\'https://www.bellaeflynn.com/index.php/2018/08/16/four-books-for-travelling-girls/\' target=\'_blank\'>https://www.bellaeflynn.com/index.php/2018/08/16/four-books-for-travelling-girls/</a><br /><br />Thanks & Regards,<br />Admin<br /><br />You received this email because in the past you have provided us your email address : {{EMAIL}} to receive notifications when new updates are posted.','Sent','Immediately','New Post Published - four books for travelling girls'),(32,'hbrjli-fnigtb-beltpw-gswmbk-hiteoq','0','Post Notification','2018-08-22 13:19:06','2018-08-22 13:19:07',1,'Hello {{NAME}},<br /><br />We have published a new blog article on our website : spontaneous filming<br /><br /><br />You can view it from this link : <a href=\'https://www.bellaeflynn.com/index.php/2018/08/22/spontaneous-filming/\' target=\'_blank\'>https://www.bellaeflynn.com/index.php/2018/08/22/spontaneous-filming/</a><br /><br />Thanks & Regards,<br />Admin<br /><br />You received this email because in the past you have provided us your email address : {{EMAIL}} to receive notifications when new updates are posted.','Sent','Immediately','New Post Published - spontaneous filming'),(33,'xonvgq-ztgdcu-zxlvwr-epwvfa-pnexja','0','Post Notification','2018-08-23 20:24:21','2018-08-23 20:24:24',1,'Hello {{NAME}},<br /><br />We have published a new blog article on our website : my new camera<br /><br /><br />You can view it from this link : <a href=\'https://www.bellaeflynn.com/index.php/2018/08/23/my-new-camera/\' target=\'_blank\'>https://www.bellaeflynn.com/index.php/2018/08/23/my-new-camera/</a><br /><br />Thanks & Regards,<br />Admin<br /><br />You received this email because in the past you have provided us your email address : {{EMAIL}} to receive notifications when new updates are posted.','Sent','Immediately','New Post Published - my new camera'),(34,'zeitrb-hlrkvy-khpzuo-ixwgzd-jmzvsx','0','Post Notification','2018-08-26 22:26:54','2018-08-26 22:26:55',1,'Hello {{NAME}},<br /><br />We have published a new blog article on our website : the monster in the dark<br /><br /><br />You can view it from this link : <a href=\'https://www.bellaeflynn.com/index.php/2018/08/26/the-monster-in-the-dark/\' target=\'_blank\'>https://www.bellaeflynn.com/index.php/2018/08/26/the-monster-in-the-dark/</a><br /><br />Thanks & Regards,<br />Admin<br /><br />You received this email because in the past you have provided us your email address : {{EMAIL}} to receive notifications when new updates are posted.','Sent','Immediately','New Post Published - the monster in the dark'),(35,'dtxmnq-xgtplf-zguciw-teyoas-lpdayx','0','Post Notification','2018-09-14 00:05:35','2018-09-14 00:05:36',1,'Hello {{NAME}},<br /><br />We have published a new blog article on our website : trolls across the pond<br /><br /><br />You can view it from this link : <a href=\'https://www.bellaeflynn.com/index.php/2018/09/13/trolls-across-the-pond/\' target=\'_blank\'>https://www.bellaeflynn.com/index.php/2018/09/13/trolls-across-the-pond/</a><br /><br />Thanks & Regards,<br />Admin<br /><br />You received this email because in the past you have provided us your email address : {{EMAIL}} to receive notifications when new updates are posted.','Sent','Immediately','New Post Published - trolls across the pond'),(36,'zwmqvt-dgiroq-iqrvsd-zgmrbw-dwxquk','0','Post Notification','2018-09-25 01:43:09','2018-09-25 01:43:11',1,'Hello {{NAME}},<br /><br />We have published a new blog article on our website : i’m not dead — just dormant.<br /><br /><br />You can view it from this link : <a href=\'https://www.bellaeflynn.com/index.php/2018/09/24/im-not-dead-just-dormant/\' target=\'_blank\'>https://www.bellaeflynn.com/index.php/2018/09/24/im-not-dead-just-dormant/</a><br /><br />Thanks & Regards,<br />Admin<br /><br />You received this email because in the past you have provided us your email address : {{EMAIL}} to receive notifications when new updates are posted.','Sent','Immediately','New Post Published - i’m not dead — just dormant.'),(37,'pkmitq-azsgpy-thcfbu-gtinxe-rapwyh','0','Post Notification','2018-10-08 23:25:49','2018-10-08 23:25:52',1,'Hello {{NAME}},<br /><br />We have published a new blog article on our website : our little Texas son<br /><br /><br />You can view it from this link : <a href=\'https://www.bellaeflynn.com/index.php/2018/10/08/our-little-texas-son/\' target=\'_blank\'>https://www.bellaeflynn.com/index.php/2018/10/08/our-little-texas-son/</a><br /><br />Thanks & Regards,<br />Admin<br /><br />You received this email because in the past you have provided us your email address : {{EMAIL}} to receive notifications when new updates are posted.','Sent','Immediately','New Post Published - our little Texas son'),(38,'cbfroq-ejwaup-auyemf-pkmuov-hfkncl','0','Post Notification','2018-10-12 16:45:19','2018-10-12 16:45:19',1,'Hello {{NAME}},<br /><br />We have published a new blog article on our website : pulling a Captain Call<br /><br /><br />You can view it from this link : <a href=\'https://www.bellaeflynn.com/index.php/2018/10/12/pulling-a-captain-call/\' target=\'_blank\'>https://www.bellaeflynn.com/index.php/2018/10/12/pulling-a-captain-call/</a><br /><br />Thanks & Regards,<br />Admin<br /><br />You received this email because in the past you have provided us your email address : {{EMAIL}} to receive notifications when new updates are posted.','Sent','Immediately','New Post Published - pulling a Captain Call'),(39,'facijs-pdyfxa-jshgfy-uewcag-yirvzo','0','Post Notification','2018-10-29 00:02:26','2018-10-29 00:02:26',1,'Hello {{NAME}},<br /><br />We have published a new blog article on our website : ah’maze’ing<br /><br /><br />You can view it from this link : <a href=\'https://www.bellaeflynn.com/index.php/2018/10/28/ahmazeing/\' target=\'_blank\'>https://www.bellaeflynn.com/index.php/2018/10/28/ahmazeing/</a><br /><br />Thanks & Regards,<br />Admin<br /><br />You received this email because in the past you have provided us your email address : {{EMAIL}} to receive notifications when new updates are posted.','Sent','Immediately','New Post Published - ah’maze’ing'),(40,'ftskzg-hscfza-smxtuz-bwclrm-arxzly','0','Post Notification','2018-10-30 21:17:20','2018-10-30 21:17:21',1,'Hello {{NAME}},<br /><br />We have published a new blog article on our website : semi-tender age of 26<br /><br /><br />You can view it from this link : <a href=\'https://www.bellaeflynn.com/index.php/2018/10/30/semi-tender-age-of-26/\' target=\'_blank\'>https://www.bellaeflynn.com/index.php/2018/10/30/semi-tender-age-of-26/</a><br /><br />Thanks & Regards,<br />Admin<br /><br />You received this email because in the past you have provided us your email address : {{EMAIL}} to receive notifications when new updates are posted.','Sent','Immediately','New Post Published - semi-tender age of 26'),(41,'uhtdza-lmaqvu-oywkbn-ekhdxg-nycavl','0','Post Notification','2018-11-06 01:04:50','2018-11-06 01:04:52',1,'Hello {{NAME}},<br /><br />We have published a new blog article on our website : the haunted wood<br /><br /><br />You can view it from this link : <a href=\'https://www.bellaeflynn.com/index.php/2018/11/05/the-haunted-wood/\' target=\'_blank\'>https://www.bellaeflynn.com/index.php/2018/11/05/the-haunted-wood/</a><br /><br />Thanks & Regards,<br />Admin<br /><br />You received this email because in the past you have provided us your email address : {{EMAIL}} to receive notifications when new updates are posted.','Sent','Immediately','New Post Published - the haunted wood'),(42,'whxjob-ovlwjm-bidgcx-tpbmsa-owjyva','0','Post Notification','2018-11-11 00:13:19','2018-11-11 00:13:21',1,'Hello {{NAME}},<br /><br />We have published a new blog article on our website : a beautiful night sky<br /><br /><br />You can view it from this link : <a href=\'https://www.bellaeflynn.com/index.php/2018/11/10/a-beautiful-night-sky/\' target=\'_blank\'>https://www.bellaeflynn.com/index.php/2018/11/10/a-beautiful-night-sky/</a><br /><br />Thanks & Regards,<br />Admin<br /><br />You received this email because in the past you have provided us your email address : {{EMAIL}} to receive notifications when new updates are posted.','Sent','Immediately','New Post Published - a beautiful night sky'),(43,'nfdjxw-aijhel-yeuson-gpmvxa-brgvoz','0','Post Notification','2018-11-21 03:45:23','2018-11-21 03:45:30',1,'Hello {{NAME}},<br /><br />We have published a new blog article on our website : the outlaw and the ranger<br /><br /><br />You can view it from this link : <a href=\'https://www.bellaeflynn.com/index.php/2018/11/20/the-outlaw-and-the-ranger/\' target=\'_blank\'>https://www.bellaeflynn.com/index.php/2018/11/20/the-outlaw-and-the-ranger/</a><br /><br />Thanks & Regards,<br />Admin<br /><br />You received this email because in the past you have provided us your email address : {{EMAIL}} to receive notifications when new updates are posted.','Sent','Immediately','New Post Published - the outlaw and the ranger'),(44,'vzxulg-lqgtrc-mzpjnq-ixtlsb-tdrvux','0','Post Notification','2018-11-25 15:53:24','2018-11-25 15:53:25',1,'Hello {{NAME}},<br /><br />We have published a new blog article on our website : find yourself amongst the stones<br /><br /><br />You can view it from this link : <a href=\'https://www.bellaeflynn.com/index.php/2018/11/25/find-yourself-amongst-the-stones/\' target=\'_blank\'>https://www.bellaeflynn.com/index.php/2018/11/25/find-yourself-amongst-the-stones/</a><br /><br />Thanks & Regards,<br />Admin<br /><br />You received this email because in the past you have provided us your email address : {{EMAIL}} to receive notifications when new updates are posted.','Sent','Immediately','New Post Published - find yourself amongst the stones'),(45,'nemapg-qhdtle-azlsqi-oqzbre-skoipt','0','Post Notification','2018-11-30 04:09:03','2018-11-30 04:09:05',1,'Hello {{NAME}},<br /><br />We have published a new blog article on our website : we’re filming a western !<br /><br /><br />You can view it from this link : <a href=\'https://www.bellaeflynn.com/index.php/2018/11/29/were-filming-a-western/\' target=\'_blank\'>https://www.bellaeflynn.com/index.php/2018/11/29/were-filming-a-western/</a><br /><br />Thanks & Regards,<br />Admin<br /><br />You received this email because in the past you have provided us your email address : {{EMAIL}} to receive notifications when new updates are posted.','Sent','Immediately','New Post Published - we’re filming a western !'),(46,'rejzxg-qbrvux-fybljt-revkcb-zsmqnp','0','Post Notification','2018-11-30 16:19:59','2018-11-30 16:20:01',1,'Hello {{NAME}},<br /><br />We have published a new blog article on our website : MY FIRST VLOG<br /><br /><br />You can view it from this link : <a href=\'https://www.bellaeflynn.com/index.php/2018/11/30/my-first-vlog/\' target=\'_blank\'>https://www.bellaeflynn.com/index.php/2018/11/30/my-first-vlog/</a><br /><br />Thanks & Regards,<br />Admin<br /><br />You received this email because in the past you have provided us your email address : {{EMAIL}} to receive notifications when new updates are posted.','Sent','Immediately','New Post Published - MY FIRST VLOG'),(47,'lgmfcu-gtvmfx-rjecok-iownxg-yenlhi','0','Post Notification','2018-12-09 03:37:39','2018-12-09 03:37:40',1,'Hello {{NAME}},<br /><br />We have published a new blog article on our website : a regular calamity jane #1<br /><br /><br />You can view it from this link : <a href=\'https://www.bellaeflynn.com/index.php/2018/12/08/a-regular-calamity-jane/\' target=\'_blank\'>https://www.bellaeflynn.com/index.php/2018/12/08/a-regular-calamity-jane/</a><br /><br />Thanks & Regards,<br />Admin<br /><br />You received this email because in the past you have provided us your email address : {{EMAIL}} to receive notifications when new updates are posted.','Sent','Immediately','New Post Published - a regular calamity jane #1'),(48,'cxksgy-lteijn-fmiloj-uobgkw-iwvrkj','0','Post Notification','2018-12-09 17:37:42','2018-12-09 17:37:42',1,'Hello {{NAME}},<br /><br />We have published a new blog article on our website : novels, 100 subscribers & future plans<br /><br /><br />You can view it from this link : <a href=\'https://www.bellaeflynn.com/index.php/2018/12/09/novels-100-subscribers-future-plans/\' target=\'_blank\'>https://www.bellaeflynn.com/index.php/2018/12/09/novels-100-subscribers-future-plans/</a><br /><br />Thanks & Regards,<br />Admin<br /><br />You received this email because in the past you have provided us your email address : {{EMAIL}} to receive notifications when new updates are posted.','Sent','Immediately','New Post Published - novels, 100 subscribers & future plans'),(49,'fyicwz-udrzjl-jtxfps-rubslo-jweozn','0','Post Notification','2018-12-13 18:29:33','2018-12-13 18:29:33',1,'Hello {{NAME}},<br /><br />We have published a new blog article on our website : a penny for your thoughts 1#<br /><br /><br />You can view it from this link : <a href=\'https://www.bellaeflynn.com/index.php/2018/12/13/a-penny-for-your-thoughts-1/\' target=\'_blank\'>https://www.bellaeflynn.com/index.php/2018/12/13/a-penny-for-your-thoughts-1/</a><br /><br />Thanks & Regards,<br />Admin<br /><br />You received this email because in the past you have provided us your email address : {{EMAIL}} to receive notifications when new updates are posted.','Sent','Immediately','New Post Published - a penny for your thoughts 1#'),(50,'irczku-tgnaur-axzpls-fyurtg-zfmkcy','0','Post Notification','2018-12-18 17:14:24','2018-12-18 17:14:25',1,'Hello {{NAME}},<br /><br />We have published a new blog article on our website : my out of budget ultimate wishlist, my Danish-Texan dream<br /><br /><br />You can view it from this link : <a href=\'https://www.bellaeflynn.com/index.php/2018/12/18/my-out-of-budget-ultimate-wishlist-my-danish-texan-dream/\' target=\'_blank\'>https://www.bellaeflynn.com/index.php/2018/12/18/my-out-of-budget-ultimate-wishlist-my-danish-texan-dream/</a><br /><br />Thanks & Regards,<br />Admin<br /><br />You received this email because in the past you have provided us your email address : {{EMAIL}} to receive notifications when new updates are posted.','Sent','Immediately','New Post Published - my out of budget ultimate wishlist, my Danish-Texan dream'),(51,'vtbnlh-emykpg-logmsb-zgesaw-hiwoag','0','Post Notification','2018-12-24 18:39:17','2018-12-24 18:39:17',1,'Hello {{NAME}},<br /><br />We have published a new blog article on our website : klokken lort om natten<br /><br /><br />You can view it from this link : <a href=\'https://www.bellaeflynn.com/index.php/2018/12/24/klokken-lort-om-natten/\' target=\'_blank\'>https://www.bellaeflynn.com/index.php/2018/12/24/klokken-lort-om-natten/</a><br /><br />Thanks & Regards,<br />Admin<br /><br />You received this email because in the past you have provided us your email address : {{EMAIL}} to receive notifications when new updates are posted.','Sent','Immediately','New Post Published - klokken lort om natten'),(52,'pbovxf-vjfebq-lyvkue-xcihpu-pywhmx','0','Post Notification','2018-12-27 16:32:45','2018-12-27 16:32:45',1,'Hello {{NAME}},<br /><br />We have published a new blog article on our website : a regular calamity jane #2<br /><br /><br />You can view it from this link : <a href=\'https://www.bellaeflynn.com/index.php/2018/12/27/a-regular-calamity-jane-2/\' target=\'_blank\'>https://www.bellaeflynn.com/index.php/2018/12/27/a-regular-calamity-jane-2/</a><br /><br />Thanks & Regards,<br />Admin<br /><br />You received this email because in the past you have provided us your email address : {{EMAIL}} to receive notifications when new updates are posted.','Sent','Immediately','New Post Published - a regular calamity jane #2'),(53,'gvukdb-jkdcpw-rkcwld-zkupgt-ahdcue','0','Post Notification','2019-01-16 02:52:08','2019-01-16 02:52:09',1,'Hello {{NAME}},<br /><br />We have published a new blog article on our website : Coming to America<br /><br /><br />You can view it from this link : <a href=\'https://www.bellaeflynn.com/index.php/2019/01/15/coming-to-america/\' target=\'_blank\'>https://www.bellaeflynn.com/index.php/2019/01/15/coming-to-america/</a><br /><br />Thanks & Regards,<br />Admin<br /><br />You received this email because in the past you have provided us your email address : {{EMAIL}} to receive notifications when new updates are posted.','Sent','Immediately','New Post Published - Coming to America'),(54,'ipmtve-sgwfnr-xwmeig-trqsmj-apvqdo','0','Post Notification','2019-02-02 17:06:06','2019-02-02 17:06:07',1,'Hello {{NAME}},<br /><br />We have published a new blog article on our website : my sweater<br /><br /><br />You can view it from this link : <a href=\'https://www.bellaeflynn.com/index.php/2019/02/02/my-sweater/\' target=\'_blank\'>https://www.bellaeflynn.com/index.php/2019/02/02/my-sweater/</a><br /><br />Thanks & Regards,<br />Admin<br /><br />You received this email because in the past you have provided us your email address : {{EMAIL}} to receive notifications when new updates are posted.','Sent','Immediately','New Post Published - my sweater'),(55,'nspryk-gmetov-qzcklp-lbcpxk-gtzhab','0','Post Notification','2019-02-04 00:40:55','2019-02-04 00:40:56',1,'Hello {{NAME}},<br /><br />We have published a new blog article on our website : my spirit<br /><br /><br />You can view it from this link : <a href=\'https://www.bellaeflynn.com/index.php/2019/02/03/my-spirit/\' target=\'_blank\'>https://www.bellaeflynn.com/index.php/2019/02/03/my-spirit/</a><br /><br />Thanks & Regards,<br />Admin<br /><br />You received this email because in the past you have provided us your email address : {{EMAIL}} to receive notifications when new updates are posted.','Sent','Immediately','New Post Published - my spirit'),(56,'pmebzc-whicrx-duozvw-uiqrxp-ozyhav','0','Post Notification','2019-02-05 02:20:41','2019-02-05 02:20:43',1,'Hello {{NAME}},<br /><br />We have published a new blog article on our website : hide paintings<br /><br /><br />You can view it from this link : <a href=\'https://www.bellaeflynn.com/index.php/2019/02/04/hidepaintings/\' target=\'_blank\'>https://www.bellaeflynn.com/index.php/2019/02/04/hidepaintings/</a><br /><br />Thanks & Regards,<br />Admin<br /><br />You received this email because in the past you have provided us your email address : {{EMAIL}} to receive notifications when new updates are posted.','Sent','Immediately','New Post Published - hide paintings'),(57,'ftkqev-nszixa-qlkzim-emgliy-kwfhul','0','Post Notification','2019-02-08 00:41:35','2019-02-08 00:41:37',1,'Hello {{NAME}},<br /><br />We have published a new blog article on our website : slow thursdays<br /><br /><br />You can view it from this link : <a href=\'https://www.bellaeflynn.com/index.php/2019/02/07/slow-thursdays/\' target=\'_blank\'>https://www.bellaeflynn.com/index.php/2019/02/07/slow-thursdays/</a><br /><br />Thanks & Regards,<br />Admin<br /><br />You received this email because in the past you have provided us your email address : {{EMAIL}} to receive notifications when new updates are posted.','Sent','Immediately','New Post Published - slow thursdays'),(58,'maovgd-cqigpu-mdybxw-fadukn-byprkt','0','Post Notification','2019-02-12 20:21:27','2019-02-12 20:21:28',1,'Hello {{NAME}},<br /><br />We have published a new blog article on our website : vlog 3<br /><br /><br />You can view it from this link : <a href=\'https://www.bellaeflynn.com/index.php/2019/02/12/vlog-3/\' target=\'_blank\'>https://www.bellaeflynn.com/index.php/2019/02/12/vlog-3/</a><br /><br />Thanks & Regards,<br />Admin<br /><br />You received this email because in the past you have provided us your email address : {{EMAIL}} to receive notifications when new updates are posted.','Sent','Immediately','New Post Published - vlog 3'),(59,'izwpud-qiclhs-gzawsd-obygpu-cvzorx','0','Post Notification','2019-02-18 02:12:38','2019-02-18 02:12:40',1,'Hello {{NAME}},<br /><br />We have published a new blog article on our website : my sad old thoughts<br /><br /><br />You can view it from this link : <a href=\'https://www.bellaeflynn.com/index.php/2019/02/17/my-sad-old-thoughts/\' target=\'_blank\'>https://www.bellaeflynn.com/index.php/2019/02/17/my-sad-old-thoughts/</a><br /><br />Thanks & Regards,<br />Admin<br /><br />You received this email because in the past you have provided us your email address : {{EMAIL}} to receive notifications when new updates are posted.','Sent','Immediately','New Post Published - my sad old thoughts'),(60,'kqmelc-joerql-lvahiw-pkyvmg-uektho','0','Post Notification','2019-02-23 23:19:49','2019-02-23 23:19:50',1,'Hello {{NAME}},<br /><br />We have published a new blog article on our website : i took a detour<br /><br /><br />You can view it from this link : <a href=\'https://www.bellaeflynn.com/index.php/2019/02/23/i-took-a-detour/\' target=\'_blank\'>https://www.bellaeflynn.com/index.php/2019/02/23/i-took-a-detour/</a><br /><br />Thanks & Regards,<br />Admin<br /><br />You received this email because in the past you have provided us your email address : {{EMAIL}} to receive notifications when new updates are posted.','Sent','Immediately','New Post Published - i took a detour'),(61,'nawhdq-bmdequ-lgkqja-nhgwuo-ukmyvo','0','Post Notification','2019-02-27 20:41:59','2019-02-27 20:42:00',1,'Hello {{NAME}},<br /><br />We have published a new blog article on our website : memories riding me west<br /><br /><br />You can view it from this link : <a href=\'https://www.bellaeflynn.com/index.php/2019/02/27/memories-riding-me-west/\' target=\'_blank\'>https://www.bellaeflynn.com/index.php/2019/02/27/memories-riding-me-west/</a><br /><br />Thanks & Regards,<br />Admin<br /><br />You received this email because in the past you have provided us your email address : {{EMAIL}} to receive notifications when new updates are posted.','Sent','Immediately','New Post Published - memories riding me west'),(62,'ynhaol-pufykj-lrxehf-ubzdai-ztielk','0','Post Notification','2019-03-12 02:14:03','2019-03-12 02:14:04',1,'Hello {{NAME}},<br /><br />We have published a new blog article on our website : new horizons<br /><br /><br />You can view it from this link : <a href=\'https://www.bellaeflynn.com/index.php/2019/03/11/new-horizons/\' target=\'_blank\'>https://www.bellaeflynn.com/index.php/2019/03/11/new-horizons/</a><br /><br />Thanks & Regards,<br />Admin<br /><br />You received this email because in the past you have provided us your email address : {{EMAIL}} to receive notifications when new updates are posted.','Sent','Immediately','New Post Published - new horizons'),(63,'gqmawl-gibrwj-slbuzx-sgxwao-vszxbq','0','Post Notification','2019-03-16 01:10:57','2019-03-16 01:11:00',1,'Hello {{NAME}},<br /><br />We have published a new blog article on our website : another day<br /><br /><br />You can view it from this link : <a href=\'https://www.bellaeflynn.com/index.php/2019/03/15/another-day/\' target=\'_blank\'>https://www.bellaeflynn.com/index.php/2019/03/15/another-day/</a><br /><br />Thanks & Regards,<br />Admin<br /><br />You received this email because in the past you have provided us your email address : {{EMAIL}} to receive notifications when new updates are posted.','Sent','Immediately','New Post Published - another day'),(64,'bwkvxc-nxozcy-vfhkqs-tmjdlw-nrkdpw','0','Post Notification','2019-04-08 18:36:19','2019-04-08 18:36:20',1,'Hello {{NAME}},<br /><br />We have published a new blog article on our website : something you’d rather be doing<br /><br /><br />You can view it from this link : <a href=\'https://www.bellaeflynn.com/index.php/2019/04/08/something-youd-rather-be-doing/\' target=\'_blank\'>https://www.bellaeflynn.com/index.php/2019/04/08/something-youd-rather-be-doing/</a><br /><br />Thanks & Regards,<br />Admin<br /><br />You received this email because in the past you have provided us your email address : {{EMAIL}} to receive notifications when new updates are posted.','Sent','Immediately','New Post Published - something you’d rather be doing'),(65,'wxdusl-xqpmla-kpyzex-dhlifq-oibrxe','0','Post Notification','2019-04-10 22:35:38','2019-04-10 22:35:39',1,'Hello {{NAME}},<br /><br />We have published a new blog article on our website : amarillo by morning<br /><br /><br />You can view it from this link : <a href=\'https://www.bellaeflynn.com/index.php/2019/04/10/amarillo-by-morning/\' target=\'_blank\'>https://www.bellaeflynn.com/index.php/2019/04/10/amarillo-by-morning/</a><br /><br />Thanks & Regards,<br />Admin<br /><br />You received this email because in the past you have provided us your email address : {{EMAIL}} to receive notifications when new updates are posted.','Sent','Immediately','New Post Published - amarillo by morning'),(66,'wokple-kbcepz-kunycb-mrkvaj-qxyjft','0','Post Notification','2019-04-12 20:29:55','2019-04-12 20:29:56',1,'Hello {{NAME}},<br /><br />We have published a new blog article on our website : happy #nationalpetday !<br /><br /><br />You can view it from this link : <a href=\'https://www.bellaeflynn.com/index.php/2019/04/12/happy-nationalpetday/\' target=\'_blank\'>https://www.bellaeflynn.com/index.php/2019/04/12/happy-nationalpetday/</a><br /><br />Thanks & Regards,<br />Admin<br /><br />You received this email because in the past you have provided us your email address : {{EMAIL}} to receive notifications when new updates are posted.','Sent','Immediately','New Post Published - happy #nationalpetday !'),(67,'fourcw-uxljiy-laqpon-fcpqhb-qwdxjc','0','Post Notification','2019-04-13 16:50:48','2019-04-13 16:50:51',1,'Hello {{NAME}},<br /><br />We have published a new blog article on our website : the grønland sweater<br /><br /><br />You can view it from this link : <a href=\'https://www.bellaeflynn.com/index.php/2019/04/13/the-gronland-sweater/\' target=\'_blank\'>https://www.bellaeflynn.com/index.php/2019/04/13/the-gronland-sweater/</a><br /><br />Thanks & Regards,<br />Admin<br /><br />You received this email because in the past you have provided us your email address : {{EMAIL}} to receive notifications when new updates are posted.','Sent','Immediately','New Post Published - the grønland sweater'),(68,'gjyace-zkrhnc-ijuqxz-xtrngu-whdmlk','0','Post Notification','2019-05-11 22:16:20','2019-05-11 22:16:21',1,'Hello {{NAME}},<br /><br />We have published a new blog article on our website : marriage counselling<br /><br /><br />You can view it from this link : <a href=\'https://www.bellaeflynn.com/index.php/2019/05/11/marriage-counselling/\' target=\'_blank\'>https://www.bellaeflynn.com/index.php/2019/05/11/marriage-counselling/</a><br /><br />Thanks & Regards,<br />Admin<br /><br />You received this email because in the past you have provided us your email address : {{EMAIL}} to receive notifications when new updates are posted.','Sent','Immediately','New Post Published - marriage counselling'),(69,'yzuinp-tsearv-wipftz-gfycqm-bpdies','0','Post Notification','2019-05-16 00:20:00','2019-05-16 00:20:05',1,'Hello {{NAME}},<br /><br />We have published a new blog article on our website : a few minutes of healing<br /><br /><br />You can view it from this link : <a href=\'https://www.bellaeflynn.com/index.php/2019/05/15/a-few-minutes-of-healing/\' target=\'_blank\'>https://www.bellaeflynn.com/index.php/2019/05/15/a-few-minutes-of-healing/</a><br /><br />Thanks & Regards,<br />Admin<br /><br />You received this email because in the past you have provided us your email address : {{EMAIL}} to receive notifications when new updates are posted.','Sent','Immediately','New Post Published - a few minutes of healing'),(70,'oxyvnq-dxwoka-bnaqoy-astreo-nxcpak','0','Post Notification','2019-06-05 22:06:20','2019-06-05 22:06:21',1,'Hello {{NAME}},<br /><br />We have published a new blog article on our website : Thats all we have to play with really isn’t it?<br /><br /><br />You can view it from this link : <a href=\'https://www.bellaeflynn.com/index.php/2019/06/05/thats-all-we-have-to-play-with-really-isnt-it/\' target=\'_blank\'>https://www.bellaeflynn.com/index.php/2019/06/05/thats-all-we-have-to-play-with-really-isnt-it/</a><br /><br />Thanks & Regards,<br />Admin<br /><br />You received this email because in the past you have provided us your email address : {{EMAIL}} to receive notifications when new updates are posted.','Sent','Immediately','New Post Published - Thats all we have to play with really isn’t it?'),(71,'cmzxwq-istgyq-cduhvs-ogvred-iszcwy','0','Post Notification','2019-06-07 02:24:33','2019-06-07 02:24:34',1,'Hello {{NAME}},<br /><br />We have published a new blog article on our website : bumblee whiskey<br /><br /><br />You can view it from this link : <a href=\'https://www.bellaeflynn.com/index.php/2019/06/06/bumblee-whiskey/\' target=\'_blank\'>https://www.bellaeflynn.com/index.php/2019/06/06/bumblee-whiskey/</a><br /><br />Thanks & Regards,<br />Admin<br /><br />You received this email because in the past you have provided us your email address : {{EMAIL}} to receive notifications when new updates are posted.','Sent','Immediately','New Post Published - bumblee whiskey'),(72,'xmptda-wbmngh-opacmz-capoyk-lrxpmo','0','Post Notification','2019-06-20 23:10:18','2019-06-20 23:10:19',1,'Hello {{NAME}},<br /><br />We have published a new blog article on our website : the peter pan<br /><br /><br />You can view it from this link : <a href=\'https://www.bellaeflynn.com/index.php/2019/06/20/the-peter-pan/\' target=\'_blank\'>https://www.bellaeflynn.com/index.php/2019/06/20/the-peter-pan/</a><br /><br />Thanks & Regards,<br />Admin<br /><br />You received this email because in the past you have provided us your email address : {{EMAIL}} to receive notifications when new updates are posted.','Sent','Immediately','New Post Published - the peter pan'),(73,'buptch-txbvwq-hspjov-kwoybv-nbilxu','0','Post Notification','2019-07-03 01:20:56','2019-07-03 01:20:58',1,'Hello {{NAME}},<br /><br />We have published a new blog article on our website : born of stones<br /><br /><br />You can view it from this link : <a href=\'https://www.bellaeflynn.com/index.php/2019/07/02/born-of-stones/\' target=\'_blank\'>https://www.bellaeflynn.com/index.php/2019/07/02/born-of-stones/</a><br /><br />Thanks & Regards,<br />Admin<br /><br />You received this email because in the past you have provided us your email address : {{EMAIL}} to receive notifications when new updates are posted.','Sent','Immediately','New Post Published - born of stones'),(74,'cdtohe-eduynz-vqonhm-nxmjul-kjhogq','0','Post Notification','2019-07-07 00:39:05','2019-07-07 00:39:06',1,'Hello {{NAME}},<br /><br />We have published a new blog article on our website : those 10 things i miss about merry old england<br /><br /><br />You can view it from this link : <a href=\'https://www.bellaeflynn.com/index.php/2019/07/06/those-10-things-i-miss-about-merry-old-england/\' target=\'_blank\'>https://www.bellaeflynn.com/index.php/2019/07/06/those-10-things-i-miss-about-merry-old-england/</a><br /><br />Thanks & Regards,<br />Admin<br /><br />You received this email because in the past you have provided us your email address : {{EMAIL}} to receive notifications when new updates are posted.','Sent','Immediately','New Post Published - those 10 things i miss about merry old england'),(75,'dcqrbn-gnfajl-nmszgj-agdylq-lzyoxw','0','Post Notification','2019-07-08 01:54:11','2019-07-08 01:54:13',1,'Hello {{NAME}},<br /><br />We have published a new blog article on our website : A new challenge and trading with a friend<br /><br /><br />You can view it from this link : <a href=\'https://www.bellaeflynn.com/index.php/2019/07/07/a-new-challenge-and-trading-with-a-friend/\' target=\'_blank\'>https://www.bellaeflynn.com/index.php/2019/07/07/a-new-challenge-and-trading-with-a-friend/</a><br /><br />Thanks & Regards,<br />Admin<br /><br />You received this email because in the past you have provided us your email address : {{EMAIL}} to receive notifications when new updates are posted.','Sent','Immediately','New Post Published - A new challenge and trading with a friend'),(76,'xukoqb-mhwnsg-fyowvb-cxqvwp-xnpfrs','0','Post Notification','2019-07-11 17:28:11','2019-07-11 17:28:12',1,'Hello {{NAME}},<br /><br />We have published a new blog article on our website : prospectin’<br /><br /><br />You can view it from this link : <a href=\'https://www.bellaeflynn.com/index.php/2019/07/11/prospectin/\' target=\'_blank\'>https://www.bellaeflynn.com/index.php/2019/07/11/prospectin/</a><br /><br />Thanks & Regards,<br />Admin<br /><br />You received this email because in the past you have provided us your email address : {{EMAIL}} to receive notifications when new updates are posted.','Sent','Immediately','New Post Published - prospectin’'),(77,'conrgj-lxokph-tbhngi-lhexro-sjutpq','0','Post Notification','2019-07-15 00:39:46','2019-07-15 00:39:47',1,'Hello {{NAME}},<br /><br />We have published a new blog article on our website : the walking sweater and floppy ears<br /><br /><br />You can view it from this link : <a href=\'https://www.bellaeflynn.com/index.php/2019/07/14/the-walking-sweater-and-floppy-ears/\' target=\'_blank\'>https://www.bellaeflynn.com/index.php/2019/07/14/the-walking-sweater-and-floppy-ears/</a><br /><br />Thanks & Regards,<br />Admin<br /><br />You received this email because in the past you have provided us your email address : {{EMAIL}} to receive notifications when new updates are posted.','Sent','Immediately','New Post Published - the walking sweater and floppy ears'),(78,'bmrjpy-uqvhjk-taugen-rygvpf-somzhv','0','Post Notification','2019-07-18 23:01:59','2019-07-18 23:02:00',1,'Hello {{NAME}},<br /><br />We have published a new blog article on our website : the day i met Crazy Horse’ Elder, Wopila !<br /><br /><br />You can view it from this link : <a href=\'https://www.bellaeflynn.com/index.php/2019/07/18/the-day-i-met-crazy-horse-elder-wopila/\' target=\'_blank\'>https://www.bellaeflynn.com/index.php/2019/07/18/the-day-i-met-crazy-horse-elder-wopila/</a><br /><br />Thanks & Regards,<br />Admin<br /><br />You received this email because in the past you have provided us your email address : {{EMAIL}} to receive notifications when new updates are posted.','Sent','Immediately','New Post Published - the day i met Crazy Horse’ Elder, Wopila !'),(79,'agboiz-tshbpd-cwhxzm-xtcize-rwjhgc','0','Post Notification','2019-08-24 15:41:41','2019-08-24 15:41:41',1,'Hello {{NAME}},<br /><br />We have published a new blog article on our website : a little update<br /><br /><br />You can view it from this link : <a href=\'https://www.bellaeflynn.com/index.php/2019/08/24/a-little-update/\' target=\'_blank\'>https://www.bellaeflynn.com/index.php/2019/08/24/a-little-update/</a><br /><br />Thanks & Regards,<br />Admin<br /><br />You received this email because in the past you have provided us your email address : {{EMAIL}} to receive notifications when new updates are posted.','Sent','Immediately','New Post Published - a little update'),(80,'wtqexi-ctpjiy-swaidz-asrckp-uzkanl','0','Post Notification','2019-08-26 00:30:47','2019-08-26 00:30:48',1,'Hello {{NAME}},<br /><br />We have published a new blog article on our website : a trip to medicine bow<br /><br /><br />You can view it from this link : <a href=\'https://www.bellaeflynn.com/index.php/2019/08/25/a-trip-to-medicine-bow/\' target=\'_blank\'>https://www.bellaeflynn.com/index.php/2019/08/25/a-trip-to-medicine-bow/</a><br /><br />Thanks & Regards,<br />Admin<br /><br />You received this email because in the past you have provided us your email address : {{EMAIL}} to receive notifications when new updates are posted.','Sent','Immediately','New Post Published - a trip to medicine bow'),(81,'pqvhdc-jtgnqc-kqdgun-cpwtfo-boxsvh','0','Post Notification','2019-08-27 15:06:39','2019-08-27 15:06:39',1,'Hello {{NAME}},<br /><br />We have published a new blog article on our website : all trails lead to laramie<br /><br /><br />You can view it from this link : <a href=\'https://www.bellaeflynn.com/index.php/2019/08/27/all-trails-lead-to-laramie/\' target=\'_blank\'>https://www.bellaeflynn.com/index.php/2019/08/27/all-trails-lead-to-laramie/</a><br /><br />Thanks & Regards,<br />Admin<br /><br />You received this email because in the past you have provided us your email address : {{EMAIL}} to receive notifications when new updates are posted.','Sent','Immediately','New Post Published - all trails lead to laramie'),(82,'lmoedu-dflwqz-pbcwkt-ilecnr-drljeh','0','Post Notification','2019-09-01 05:17:32','2019-09-01 05:17:33',1,'Hello {{NAME}},<br /><br />We have published a new blog article on our website : goodnight laramie<br /><br /><br />You can view it from this link : <a href=\'https://www.bellaeflynn.com/index.php/2019/09/01/goodnight-laramie/\' target=\'_blank\'>https://www.bellaeflynn.com/index.php/2019/09/01/goodnight-laramie/</a><br /><br />Thanks & Regards,<br />Admin<br /><br />You received this email because in the past you have provided us your email address : {{EMAIL}} to receive notifications when new updates are posted.','Sent','Immediately','New Post Published - goodnight laramie'),(83,'wtmoiz-ascxqr-ktxdyo-paekqm-atolse','0','Post Notification','2019-09-03 12:46:17','2019-09-03 12:46:17',1,'Hello {{NAME}},<br /><br />We have published a new blog article on our website : the things i’ll do<br /><br /><br />You can view it from this link : <a href=\'https://www.bellaeflynn.com/index.php/2019/09/03/things-ill-do-in-laramie/\' target=\'_blank\'>https://www.bellaeflynn.com/index.php/2019/09/03/things-ill-do-in-laramie/</a><br /><br />Thanks & Regards,<br />Admin<br /><br />You received this email because in the past you have provided us your email address : {{EMAIL}} to receive notifications when new updates are posted.','Sent','Immediately','New Post Published - the things i’ll do'),(84,'tewshk-pjovcy-bpknmc-kulmtz-chtuae','0','Post Notification','2019-09-05 23:59:57','2019-09-05 23:59:57',1,'Hello {{NAME}},<br /><br />We have published a new blog article on our website : All Trails Lead to Laramie **vlog**<br /><br /><br />You can view it from this link : <a href=\'https://www.bellaeflynn.com/index.php/2019/09/05/all-trails-lead-to-laramie-vlog/\' target=\'_blank\'>https://www.bellaeflynn.com/index.php/2019/09/05/all-trails-lead-to-laramie-vlog/</a><br /><br />Thanks & Regards,<br />Admin<br /><br />You received this email because in the past you have provided us your email address : {{EMAIL}} to receive notifications when new updates are posted.','Sent','Immediately','New Post Published - All Trails Lead to Laramie **vlog**'),(85,'kmryob-hftzmj-haektp-itqypd-oxqhiv','0','Post Notification','2019-09-18 23:26:39','2019-09-18 23:26:40',1,'Hello {{NAME}},<br /><br />We have published a new blog article on our website : chasing the american mustang *take one*<br /><br /><br />You can view it from this link : <a href=\'https://www.bellaeflynn.com/index.php/2019/09/18/chasing-the-american-mustang-take-one/\' target=\'_blank\'>https://www.bellaeflynn.com/index.php/2019/09/18/chasing-the-american-mustang-take-one/</a><br /><br />Thanks & Regards,<br />Admin<br /><br />You received this email because in the past you have provided us your email address : {{EMAIL}} to receive notifications when new updates are posted.','Sent','Immediately','New Post Published - chasing the american mustang *take one*'),(86,'ubrmos-mgxhjo-ouvgyr-igqehv-oqiemt','0','Post Notification','2019-09-22 22:03:29','2019-09-22 22:03:30',1,'Hello {{NAME}},<br /><br />We have published a new blog article on our website : whats coming to etsy…<br /><br /><br />You can view it from this link : <a href=\'https://www.bellaeflynn.com/index.php/2019/09/22/whats-coming-to-etsy/\' target=\'_blank\'>https://www.bellaeflynn.com/index.php/2019/09/22/whats-coming-to-etsy/</a><br /><br />Thanks & Regards,<br />Admin<br /><br />You received this email because in the past you have provided us your email address : {{EMAIL}} to receive notifications when new updates are posted.','Sent','Immediately','New Post Published - whats coming to etsy…'),(87,'yepang-vgckiw-ygkumw-qulreg-mujdqg','0','Post Notification','2019-09-25 17:04:28','2019-09-25 17:04:28',1,'Hello {{NAME}},<br /><br />We have published a new blog article on our website : old bow leg<br /><br /><br />You can view it from this link : <a href=\'https://www.bellaeflynn.com/index.php/2019/09/25/old-bow-leg/\' target=\'_blank\'>https://www.bellaeflynn.com/index.php/2019/09/25/old-bow-leg/</a><br /><br />Thanks & Regards,<br />Admin<br /><br />You received this email because in the past you have provided us your email address : {{EMAIL}} to receive notifications when new updates are posted.','Sent','Immediately','New Post Published - old bow leg'),(88,'wgyhms-uwqgst-zmeurk-bkfxya-citfwl','0','Post Notification','2019-09-30 00:24:33','2019-09-30 00:24:34',1,'Hello {{NAME}},<br /><br />We have published a new blog article on our website : our first month<br /><br /><br />You can view it from this link : <a href=\'https://www.bellaeflynn.com/index.php/2019/09/29/our-first-month/\' target=\'_blank\'>https://www.bellaeflynn.com/index.php/2019/09/29/our-first-month/</a><br /><br />Thanks & Regards,<br />Admin<br /><br />You received this email because in the past you have provided us your email address : {{EMAIL}} to receive notifications when new updates are posted.','Sent','Immediately','New Post Published - our first month'),(89,'ayzgqd-laydsw-vwcush-nvikhd-owmvls','0','Post Notification','2019-10-06 00:31:59','2019-10-06 00:32:03',1,'Hello {{NAME}},<br /><br />We have published a new blog article on our website : live on etsy as of today !<br /><br /><br />You can view it from this link : <a href=\'https://www.bellaeflynn.com/index.php/2019/10/05/live-on-etsy-as-of-today/\' target=\'_blank\'>https://www.bellaeflynn.com/index.php/2019/10/05/live-on-etsy-as-of-today/</a><br /><br />Thanks & Regards,<br />Admin<br /><br />You received this email because in the past you have provided us your email address : {{EMAIL}} to receive notifications when new updates are posted.','Sent','Immediately','New Post Published - live on etsy as of today !'),(90,'szqtxn-wsxzfm-rnwvsl-kdpcuw-ghjkma','0','Post Notification','2019-10-12 02:08:53','2019-10-12 02:08:55',1,'Hello {{NAME}},<br /><br />We have published a new blog article on our website : a little post and an update<br /><br /><br />You can view it from this link : <a href=\'https://www.bellaeflynn.com/index.php/2019/10/11/a-little-post-and-an-update/\' target=\'_blank\'>https://www.bellaeflynn.com/index.php/2019/10/11/a-little-post-and-an-update/</a><br /><br />Thanks & Regards,<br />Admin<br /><br />You received this email because in the past you have provided us your email address : {{EMAIL}} to receive notifications when new updates are posted.','Sent','Immediately','New Post Published - a little post and an update'),(91,'vcpuxi-xmokyb-waujzh-ijfpsh-fltzyi','0','Post Notification','2019-11-11 19:05:16','2019-11-11 19:05:17',1,'Hello {{NAME}},<br /><br />We have published a new blog article on our website : side tracked<br /><br /><br />You can view it from this link : <a href=\'https://www.bellaeflynn.com/index.php/2019/11/11/side-tracked/\' target=\'_blank\'>https://www.bellaeflynn.com/index.php/2019/11/11/side-tracked/</a><br /><br />Thanks & Regards,<br />Admin<br /><br />You received this email because in the past you have provided us your email address : {{EMAIL}} to receive notifications when new updates are posted.','Sent','Immediately','New Post Published - side tracked'),(92,'tclkmi-fqtcad-pyakmg-wxpvlh-nofvlj','0','Post Notification','2019-11-14 19:02:16','2019-11-14 19:02:17',1,'Hello {{NAME}},<br /><br />We have published a new blog article on our website : novel idea<br /><br /><br />You can view it from this link : <a href=\'https://www.bellaeflynn.com/index.php/2019/11/14/2604/\' target=\'_blank\'>https://www.bellaeflynn.com/index.php/2019/11/14/2604/</a><br /><br />Thanks & Regards,<br />Admin<br /><br />You received this email because in the past you have provided us your email address : {{EMAIL}} to receive notifications when new updates are posted.','Sent','Immediately','New Post Published - novel idea'),(93,'mphgxf-nfjayz-tujbqs-eskvty-qvkzfc','0','Post Notification','2019-11-15 03:45:12','2019-11-15 03:45:14',1,'Hello {{NAME}},<br /><br />We have published a new blog article on our website : torsdag<br /><br /><br />You can view it from this link : <a href=\'https://www.bellaeflynn.com/index.php/2019/11/14/torsdag/\' target=\'_blank\'>https://www.bellaeflynn.com/index.php/2019/11/14/torsdag/</a><br /><br />Thanks & Regards,<br />Admin<br /><br />You received this email because in the past you have provided us your email address : {{EMAIL}} to receive notifications when new updates are posted.','Sent','Immediately','New Post Published - torsdag'),(94,'gemtvh-fqntmi-ywsblx-aldhkv-gmvsxu','0','Post Notification','2019-11-16 03:25:58','2019-11-16 03:25:59',1,'Hello {{NAME}},<br /><br />We have published a new blog article on our website : a day in the life of a lowly semi-published writer<br /><br /><br />You can view it from this link : <a href=\'https://www.bellaeflynn.com/index.php/2019/11/15/a-day-in-the-life-of-a-lowly-semi-published-writer/\' target=\'_blank\'>https://www.bellaeflynn.com/index.php/2019/11/15/a-day-in-the-life-of-a-lowly-semi-published-writer/</a><br /><br />Thanks & Regards,<br />Admin<br /><br />You received this email because in the past you have provided us your email address : {{EMAIL}} to receive notifications when new updates are posted.','Sent','Immediately','New Post Published - a day in the life of a lowly semi-published writer'),(95,'psheju-qztdfu-kcmfap-jmktcz-oinchl','0','Post Notification','2019-11-25 02:45:43','2019-11-25 02:45:44',1,'Hello {{NAME}},<br /><br />We have published a new blog article on our website : what i do when i disappear<br /><br /><br />You can view it from this link : <a href=\'https://www.bellaeflynn.com/index.php/2019/11/24/what-i-do-when-i-disappear/\' target=\'_blank\'>https://www.bellaeflynn.com/index.php/2019/11/24/what-i-do-when-i-disappear/</a><br /><br />Thanks & Regards,<br />Admin<br /><br />You received this email because in the past you have provided us your email address : {{EMAIL}} to receive notifications when new updates are posted.','Sent','Immediately','New Post Published - what i do when i disappear'),(96,'qilgwb-qhupjz-yfzgxm-matnhb-sgxalw','0','Post Notification','2019-11-26 22:21:20','2019-11-26 22:21:24',1,'Hello {{NAME}},<br /><br />We have published a new blog article on our website : pigeon Sandford<br /><br /><br />You can view it from this link : <a href=\'https://www.bellaeflynn.com/index.php/2019/11/26/pigeon-sandford/\' target=\'_blank\'>https://www.bellaeflynn.com/index.php/2019/11/26/pigeon-sandford/</a><br /><br />Thanks & Regards,<br />Admin<br /><br />You received this email because in the past you have provided us your email address : {{EMAIL}} to receive notifications when new updates are posted.','Sent','Immediately','New Post Published - pigeon Sandford'),(97,'zaovdr-kxhqry-anozmj-ovkwzg-exibra','0','Post Notification','2019-12-02 01:40:21','2019-12-02 01:40:28',1,'Hello {{NAME}},<br /><br />We have published a new blog article on our website : Happy First of December! <br /><br /><br />You can view it from this link : <a href=\'https://www.bellaeflynn.com/index.php/2019/12/01/happy-first-of-december/\' target=\'_blank\'>https://www.bellaeflynn.com/index.php/2019/12/01/happy-first-of-december/</a><br /><br />Thanks & Regards,<br />Admin<br /><br />You received this email because in the past you have provided us your email address : {{EMAIL}} to receive notifications when new updates are posted.','Sent','Immediately','New Post Published - Happy First of December! '),(98,'vpcuko-jnzimc-gtplvo-xcorph-vkophx','0','Post Notification','2019-12-08 06:50:51','2019-12-08 06:50:52',1,'Hello {{NAME}},<br /><br />We have published a new blog article on our website : my new camera and a ride around town<br /><br /><br />You can view it from this link : <a href=\'https://www.bellaeflynn.com/index.php/2019/12/07/new-camera/\' target=\'_blank\'>https://www.bellaeflynn.com/index.php/2019/12/07/new-camera/</a><br /><br />Thanks & Regards,<br />Admin<br /><br />You received this email because in the past you have provided us your email address : {{EMAIL}} to receive notifications when new updates are posted.','Sent','Immediately','New Post Published - my new camera and a ride around town'),(99,'fmqyal-zxuvpn-rnhtxf-cbgwnl-gshofd','0','Post Notification','2019-12-10 02:27:43','2019-12-10 02:27:43',1,'Hello {{NAME}},<br /><br />We have published a new blog article on our website : exciting news<br /><br /><br />You can view it from this link : <a href=\'https://www.bellaeflynn.com/index.php/2019/12/09/exciting-news/\' target=\'_blank\'>https://www.bellaeflynn.com/index.php/2019/12/09/exciting-news/</a><br /><br />Thanks & Regards,<br />Admin<br /><br />You received this email because in the past you have provided us your email address : {{EMAIL}} to receive notifications when new updates are posted.','Sent','Immediately','New Post Published - exciting news'),(100,'mepnrg-cybhmu-nxduqh-cnhgwr-ajicnl','0','Post Notification','2019-12-20 16:34:29','2019-12-20 16:34:30',1,'Hello {{NAME}},<br /><br />We have published a new blog article on our website : home for christmas<br /><br /><br />You can view it from this link : <a href=\'https://www.bellaeflynn.com/index.php/2019/12/20/home-for-christmas/\' target=\'_blank\'>https://www.bellaeflynn.com/index.php/2019/12/20/home-for-christmas/</a><br /><br />Thanks & Regards,<br />Admin<br /><br />You received this email because in the past you have provided us your email address : {{EMAIL}} to receive notifications when new updates are posted.','Sent','Immediately','New Post Published - home for christmas'),(101,'cymonz-ekbjzy-jhwbuf-pxywgd-zymprf','0','Post Notification','2019-12-25 06:25:59','2019-12-25 06:26:00',1,'Hello {{NAME}},<br /><br />We have published a new blog article on our website : awake<br /><br /><br />You can view it from this link : <a href=\'https://www.bellaeflynn.com/index.php/2019/12/24/awake/\' target=\'_blank\'>https://www.bellaeflynn.com/index.php/2019/12/24/awake/</a><br /><br />Thanks & Regards,<br />Admin<br /><br />You received this email because in the past you have provided us your email address : {{EMAIL}} to receive notifications when new updates are posted.','Sent','Immediately','New Post Published - awake'),(102,'wmaigc-nyeprd-etkgzv-nltwfd-gqefcj','0','Post Notification','2019-12-28 07:27:01','2019-12-28 07:27:01',1,'Hello {{NAME}},<br /><br />We have published a new blog article on our website : early morning<br /><br /><br />You can view it from this link : <a href=\'https://www.bellaeflynn.com/index.php/2019/12/28/early-morning/\' target=\'_blank\'>https://www.bellaeflynn.com/index.php/2019/12/28/early-morning/</a><br /><br />Thanks & Regards,<br />Admin<br /><br />You received this email because in the past you have provided us your email address : {{EMAIL}} to receive notifications when new updates are posted.','Sent','Immediately','New Post Published - early morning'),(103,'dobsnr-tyifou-sdhnak-xionby-pkgsxn','0','Post Notification','2019-12-31 09:06:34','2019-12-31 09:06:35',1,'Hello {{NAME}},<br /><br />We have published a new blog article on our website : hygge dag<br /><br /><br />You can view it from this link : <a href=\'https://www.bellaeflynn.com/index.php/2019/12/31/hygge-dag/\' target=\'_blank\'>https://www.bellaeflynn.com/index.php/2019/12/31/hygge-dag/</a><br /><br />Thanks & Regards,<br />Admin<br /><br />You received this email because in the past you have provided us your email address : {{EMAIL}} to receive notifications when new updates are posted.','Sent','Immediately','New Post Published - hygge dag'),(104,'ulmnaq-nozpih-ahgpnu-qkipug-tdgrea','0','Post Notification','2020-01-06 23:50:55','2020-01-06 23:50:56',1,'Hello {{NAME}},<br /><br />We have published a new blog article on our website : a new year<br /><br /><br />You can view it from this link : <a href=\'https://www.bellaeflynn.com/index.php/2020/01/06/a-new-year/\' target=\'_blank\'>https://www.bellaeflynn.com/index.php/2020/01/06/a-new-year/</a><br /><br />Thanks & Regards,<br />Admin<br /><br />You received this email because in the past you have provided us your email address : {{EMAIL}} to receive notifications when new updates are posted.','Sent','Immediately','New Post Published - a new year'),(105,'ynqawz-yhujsm-dufmai-gpbrcn-wliybv','0','Post Notification','2020-01-07 18:16:05','2020-01-07 18:16:06',1,'Hello {{NAME}},<br /><br />We have published a new blog article on our website : 20 hours & the daily grind<br /><br /><br />You can view it from this link : <a href=\'https://www.bellaeflynn.com/index.php/2020/01/07/20-hours-the-daily-grind/\' target=\'_blank\'>https://www.bellaeflynn.com/index.php/2020/01/07/20-hours-the-daily-grind/</a><br /><br />Thanks & Regards,<br />Admin<br /><br />You received this email because in the past you have provided us your email address : {{EMAIL}} to receive notifications when new updates are posted.','Sent','Immediately','New Post Published - 20 hours & the daily grind'),(106,'ahqiby-kygmnv-qxbylo-dfqtwn-pyqatm','0','Post Notification','2020-01-12 03:28:16','2020-01-12 03:28:17',1,'Hello {{NAME}},<br /><br />We have published a new blog article on our website : right now<br /><br /><br />You can view it from this link : <a href=\'https://www.bellaeflynn.com/index.php/2020/01/11/right-now/\' target=\'_blank\'>https://www.bellaeflynn.com/index.php/2020/01/11/right-now/</a><br /><br />Thanks & Regards,<br />Admin<br /><br />You received this email because in the past you have provided us your email address : {{EMAIL}} to receive notifications when new updates are posted.','Sent','Immediately','New Post Published - right now'),(107,'rksqwx-vqkyfe-hpzqba-glacxk-loqiny','0','Post Notification','2020-01-16 02:27:33','2020-01-16 02:27:34',1,'Hello {{NAME}},<br /><br />We have published a new blog article on our website : i got accepted!<br /><br /><br />You can view it from this link : <a href=\'https://www.bellaeflynn.com/index.php/2020/01/15/i-got-accepted/\' target=\'_blank\'>https://www.bellaeflynn.com/index.php/2020/01/15/i-got-accepted/</a><br /><br />Thanks & Regards,<br />Admin<br /><br />You received this email because in the past you have provided us your email address : {{EMAIL}} to receive notifications when new updates are posted.','Sent','Immediately','New Post Published - i got accepted!'),(108,'edpraf-grhcpd-hnirbt-ugfitr-maeozj','0','Post Notification','2020-01-18 02:52:17','2020-01-18 02:52:17',1,'Hello {{NAME}},<br /><br />We have published a new blog article on our website : fifty shades of bland<br /><br /><br />You can view it from this link : <a href=\'https://www.bellaeflynn.com/index.php/2020/01/17/fifty-shades-of-bland/\' target=\'_blank\'>https://www.bellaeflynn.com/index.php/2020/01/17/fifty-shades-of-bland/</a><br /><br />Thanks & Regards,<br />Admin<br /><br />You received this email because in the past you have provided us your email address : {{EMAIL}} to receive notifications when new updates are posted.','Sent','Immediately','New Post Published - fifty shades of bland'),(109,'htkuoc-awonkq-ztedih-goewua-zjotwn','0','Post Notification','2020-01-21 11:35:11','2020-01-21 11:35:11',1,'Hello {{NAME}},<br /><br />We have published a new blog article on our website : bad lungs<br /><br /><br />You can view it from this link : <a href=\'https://www.bellaeflynn.com/bad-lungs/\' target=\'_blank\'>https://www.bellaeflynn.com/bad-lungs/</a><br /><br />Thanks & Regards,<br />Admin<br /><br />You received this email because in the past you have provided us your email address : {{EMAIL}} to receive notifications when new updates are posted.','Sent','Immediately','New Post Published - bad lungs'),(110,'fmbwgt-cqorep-bxwpda-ujlnde-wbnzqk','0','Post Notification','2020-01-23 20:30:10','2020-01-23 20:30:11',1,'Hello {{NAME}},<br /><br />We have published a new blog article on our website : things i want to do in 2020<br /><br /><br />You can view it from this link : <a href=\'https://www.bellaeflynn.com/things-i-want-to-do-in-2020/\' target=\'_blank\'>https://www.bellaeflynn.com/things-i-want-to-do-in-2020/</a><br /><br />Thanks & Regards,<br />Admin<br /><br />You received this email because in the past you have provided us your email address : {{EMAIL}} to receive notifications when new updates are posted.','Sent','Immediately','New Post Published - things i want to do in 2020'),(111,'pynoqi-pigxch-ukfijw-avtril-vhfbmz','0','Post Notification','2020-02-02 16:54:04','2020-02-02 16:54:05',1,'Hello {{NAME}},<br /><br />We have published a new blog article on our website : a video from home<br /><br /><br />You can view it from this link : <a href=\'https://www.bellaeflynn.com/a-video-from-home/\' target=\'_blank\'>https://www.bellaeflynn.com/a-video-from-home/</a><br /><br />Thanks & Regards,<br />Admin<br /><br />You received this email because in the past you have provided us your email address : {{EMAIL}} to receive notifications when new updates are posted.','Sent','Immediately','New Post Published - a video from home'),(112,'vkmopi-oncgsr-bdynui-bprtyq-fqlskc','0','Post Notification','2020-02-04 21:57:49','2020-02-04 21:57:49',1,'Hello {{NAME}},<br /><br />We have published a new blog article on our website : anything for billy // review<br /><br /><br />You can view it from this link : <a href=\'https://www.bellaeflynn.com/anything-for-billy-review/\' target=\'_blank\'>https://www.bellaeflynn.com/anything-for-billy-review/</a><br /><br />Thanks & Regards,<br />Admin<br /><br />You received this email because in the past you have provided us your email address : {{EMAIL}} to receive notifications when new updates are posted.','Sent','Immediately','New Post Published - anything for billy // review'),(113,'ubpfok-flxdig-iskmev-pdqwia-dtyxfu','0','Post Notification','2020-02-05 22:49:32','2020-02-05 22:49:33',1,'Hello {{NAME}},<br /><br />We have published a new blog article on our website : ** new video! **<br /><br /><br />You can view it from this link : <a href=\'https://www.bellaeflynn.com/new-video/\' target=\'_blank\'>https://www.bellaeflynn.com/new-video/</a><br /><br />Thanks & Regards,<br />Admin<br /><br />You received this email because in the past you have provided us your email address : {{EMAIL}} to receive notifications when new updates are posted.','Sent','Immediately','New Post Published - ** new video! **'),(114,'kxgdsl-rextyj-fwzvdk-jhbvpm-nyfkli','0','Post Notification','2020-02-09 20:19:01','2020-02-09 20:19:01',1,'Hello {{NAME}},<br /><br />We have published a new blog article on our website : how is it already sunday?<br /><br /><br />You can view it from this link : <a href=\'https://www.bellaeflynn.com/how-is-it-already-sunday/\' target=\'_blank\'>https://www.bellaeflynn.com/how-is-it-already-sunday/</a><br /><br />Thanks & Regards,<br />Admin<br /><br />You received this email because in the past you have provided us your email address : {{EMAIL}} to receive notifications when new updates are posted.','Sent','Immediately','New Post Published - how is it already sunday?'),(115,'tculbs-bknegj-rlijnh-rhbjge-ilmsdt','0','Post Notification','2020-02-15 17:01:12','2020-02-15 17:01:13',1,'Hello {{NAME}},<br /><br />We have published a new blog article on our website : valentine’s day full of broken roses ** new video **<br /><br /><br />You can view it from this link : <a href=\'https://www.bellaeflynn.com/valentines-day-full-of-broken-roses-new-video/\' target=\'_blank\'>https://www.bellaeflynn.com/valentines-day-full-of-broken-roses-new-video/</a><br /><br />Thanks & Regards,<br />Admin<br /><br />You received this email because in the past you have provided us your email address : {{EMAIL}} to receive notifications when new updates are posted.','Sent','Immediately','New Post Published - valentine’s day full of broken roses ** new video **'),(116,'qvugjo-rgvjpb-hwxrfd-wjolfu-namdij','0','Post Notification','2020-02-19 17:37:07','2020-02-19 17:37:09',1,'Hello {{NAME}},<br /><br />We have published a new blog article on our website : brace yourself<br /><br /><br />You can view it from this link : <a href=\'https://www.bellaeflynn.com/brace-yourself/\' target=\'_blank\'>https://www.bellaeflynn.com/brace-yourself/</a><br /><br />Thanks & Regards,<br />Admin<br /><br />You received this email because in the past you have provided us your email address : {{EMAIL}} to receive notifications when new updates are posted.','Sent','Immediately','New Post Published - brace yourself'),(117,'rajslh-stndhm-dtvgyk-itxkdn-rxltos','0','Post Notification','2020-02-22 16:09:14','2020-02-22 16:09:15',1,'Hello {{NAME}},<br /><br />We have published a new blog article on our website : what happens on friday nights<br /><br /><br />You can view it from this link : <a href=\'https://www.bellaeflynn.com/what-happens-on-friday-nights/\' target=\'_blank\'>https://www.bellaeflynn.com/what-happens-on-friday-nights/</a><br /><br />Thanks & Regards,<br />Admin<br /><br />You received this email because in the past you have provided us your email address : {{EMAIL}} to receive notifications when new updates are posted.','Sent','Immediately','New Post Published - what happens on friday nights'),(118,'ygsanp-jcpzge-wgsoud-pnyilr-ukpczl','0','Post Notification','2020-02-25 04:20:39','2020-02-25 04:20:40',1,'Hello {{NAME}},<br /><br />We have published a new blog article on our website : the western imposter<br /><br /><br />You can view it from this link : <a href=\'https://www.bellaeflynn.com/the-western-imposter/\' target=\'_blank\'>https://www.bellaeflynn.com/the-western-imposter/</a><br /><br />Thanks & Regards,<br />Admin<br /><br />You received this email because in the past you have provided us your email address : {{EMAIL}} to receive notifications when new updates are posted.','Sent','Immediately','New Post Published - the western imposter'),(119,'lxdjas-gznqky-xmypdu-txvjhz-onbwam','0','Post Notification','2020-02-27 06:04:32','2020-02-27 06:04:33',1,'Hello {{NAME}},<br /><br />We have published a new blog article on our website : a slow day in wyoming ** video **<br /><br /><br />You can view it from this link : <a href=\'https://www.bellaeflynn.com/a-slow-day-in-wyoming-video/\' target=\'_blank\'>https://www.bellaeflynn.com/a-slow-day-in-wyoming-video/</a><br /><br />Thanks & Regards,<br />Admin<br /><br />You received this email because in the past you have provided us your email address : {{EMAIL}} to receive notifications when new updates are posted.','Sent','Immediately','New Post Published - a slow day in wyoming ** video **'),(120,'ltrekn-hrfunb-pgistu-kxvhjd-cpuzfd','0','Post Notification','2020-02-28 04:55:49','2020-02-28 04:55:50',1,'Hello {{NAME}},<br /><br />We have published a new blog article on our website : my first day at the barn — from last week ** video**<br /><br /><br />You can view it from this link : <a href=\'https://www.bellaeflynn.com/my-first-day-at-the-barn-from-last-week-video/\' target=\'_blank\'>https://www.bellaeflynn.com/my-first-day-at-the-barn-from-last-week-video/</a><br /><br />Thanks & Regards,<br />Admin<br /><br />You received this email because in the past you have provided us your email address : {{EMAIL}} to receive notifications when new updates are posted.','Sent','Immediately','New Post Published - my first day at the barn — from last week ** video**'),(121,'rnxleg-ltwarj-lgunqd-mhzsco-wmnxia','0','Post Notification','2020-02-29 05:10:38','2020-02-29 05:10:38',1,'Hello {{NAME}},<br /><br />We have published a new blog article on our website : goodnight bird<br /><br /><br />You can view it from this link : <a href=\'https://www.bellaeflynn.com/goodnight-bird/\' target=\'_blank\'>https://www.bellaeflynn.com/goodnight-bird/</a><br /><br />Thanks & Regards,<br />Admin<br /><br />You received this email because in the past you have provided us your email address : {{EMAIL}} to receive notifications when new updates are posted.','Sent','Immediately','New Post Published - goodnight bird'),(122,'lvozfq-msdioj-dbhxer-jsxhod-mlqrhp','0','Post Notification','2020-03-03 04:58:47','2020-03-03 04:58:49',1,'Hello {{NAME}},<br /><br />We have published a new blog article on our website : an adoption video for annie<br /><br /><br />You can view it from this link : <a href=\'https://www.bellaeflynn.com/an-adoption-video-for-annie/\' target=\'_blank\'>https://www.bellaeflynn.com/an-adoption-video-for-annie/</a><br /><br />Thanks & Regards,<br />Admin<br /><br />You received this email because in the past you have provided us your email address : {{EMAIL}} to receive notifications when new updates are posted.','Sent','Immediately','New Post Published - an adoption video for annie'),(123,'rknxfm-hnsexb-ahxvlm-wnyscq-tfpxqu','0','Post Notification','2020-03-06 15:51:59','2020-03-06 15:52:00',1,'Hello {{NAME}},<br /><br />We have published a new blog article on our website : that friday feeling **video**<br /><br /><br />You can view it from this link : <a href=\'https://www.bellaeflynn.com/that-friday-feeling-video/\' target=\'_blank\'>https://www.bellaeflynn.com/that-friday-feeling-video/</a><br /><br />Thanks & Regards,<br />Admin<br /><br />You received this email because in the past you have provided us your email address : {{EMAIL}} to receive notifications when new updates are posted.','Sent','Immediately','New Post Published - that friday feeling **video**'),(124,'dxtivs-gntocr-bhptkg-fryews-qmaxbs','0','Post Notification','2020-03-08 19:53:35','2020-03-08 19:53:35',1,'Hello {{NAME}},<br /><br />We have published a new blog article on our website : the denver horse expo<br /><br /><br />You can view it from this link : <a href=\'https://www.bellaeflynn.com/the-denver-horse-expo/\' target=\'_blank\'>https://www.bellaeflynn.com/the-denver-horse-expo/</a><br /><br />Thanks & Regards,<br />Admin<br /><br />You received this email because in the past you have provided us your email address : {{EMAIL}} to receive notifications when new updates are posted.','Sent','Immediately','New Post Published - the denver horse expo'),(125,'znoihs-rkyhnj-dztrub-jihwzl-lyibwr','0','Post Notification','2020-03-09 15:57:39','2020-03-09 15:57:40',1,'Hello {{NAME}},<br /><br />We have published a new blog article on our website : riding and the bone clinic<br /><br /><br />You can view it from this link : <a href=\'https://www.bellaeflynn.com/riding-and-the-bone-clinic/\' target=\'_blank\'>https://www.bellaeflynn.com/riding-and-the-bone-clinic/</a><br /><br />Thanks & Regards,<br />Admin<br /><br />You received this email because in the past you have provided us your email address : {{EMAIL}} to receive notifications when new updates are posted.','Sent','Immediately','New Post Published - riding and the bone clinic'),(126,'zkuqat-srynhi-wfqorn-qvujes-krvxbm','0','Post Notification','2020-03-14 02:16:55','2020-03-14 02:16:55',1,'Hello {{NAME}},<br /><br />We have published a new blog article on our website : i finished my book!<br /><br /><br />You can view it from this link : <a href=\'https://www.bellaeflynn.com/i-finished-my-book/\' target=\'_blank\'>https://www.bellaeflynn.com/i-finished-my-book/</a><br /><br />Thanks & Regards,<br />Admin<br /><br />You received this email because in the past you have provided us your email address : {{EMAIL}} to receive notifications when new updates are posted.','Sent','Immediately','New Post Published - i finished my book!'),(127,'qsgcox-vnxady-cxydnz-ixfkqr-gojtdv','0','Post Notification','2020-03-16 03:37:18','2020-03-16 03:37:19',1,'Hello {{NAME}},<br /><br />We have published a new blog article on our website : where the wild horses go<br /><br /><br />You can view it from this link : <a href=\'https://www.bellaeflynn.com/where-the-wild-horses-go/\' target=\'_blank\'>https://www.bellaeflynn.com/where-the-wild-horses-go/</a><br /><br />Thanks & Regards,<br />Admin<br /><br />You received this email because in the past you have provided us your email address : {{EMAIL}} to receive notifications when new updates are posted.','Sent','Immediately','New Post Published - where the wild horses go'),(128,'uzfqnt-mndrpz-atcxjf-oufxyd-gfbjiy','0','Post Notification','2020-03-23 02:46:14','2020-03-23 02:46:14',1,'Hello {{NAME}},<br /><br />We have published a new blog article on our website : i’ve been gone from home a long damn time now<br /><br /><br />You can view it from this link : <a href=\'https://www.bellaeflynn.com/ive-been-gone-from-home-a-long-damn-time-now/\' target=\'_blank\'>https://www.bellaeflynn.com/ive-been-gone-from-home-a-long-damn-time-now/</a><br /><br />Thanks & Regards,<br />Admin<br /><br />You received this email because in the past you have provided us your email address : {{EMAIL}} to receive notifications when new updates are posted.','Sent','Immediately','New Post Published - i’ve been gone from home a long damn time now'),(129,'lvpgqo-teohad-ojmfyb-ifhdsr-oqzlyu','0','Post Notification','2020-03-25 16:32:17','2020-03-25 16:32:17',1,'Hello {{NAME}},<br /><br />We have published a new blog article on our website : working from home<br /><br /><br />You can view it from this link : <a href=\'https://www.bellaeflynn.com/working-from-home/\' target=\'_blank\'>https://www.bellaeflynn.com/working-from-home/</a><br /><br />Thanks & Regards,<br />Admin<br /><br />You received this email because in the past you have provided us your email address : {{EMAIL}} to receive notifications when new updates are posted.','Sent','Immediately','New Post Published - working from home'),(130,'ygxija-dypnai-dtbiew-zvdeja-iltgdh','0','Post Notification','2020-03-30 01:08:44','2020-03-30 01:08:44',1,'Hello {{NAME}},<br /><br />We have published a new blog article on our website : could you close your flap so i don’t fore go my boiled eggs?<br /><br /><br />You can view it from this link : <a href=\'https://www.bellaeflynn.com/could-you-close-your-flap-so-i-dont-fore-go-my-boiled-eggs/\' target=\'_blank\'>https://www.bellaeflynn.com/could-you-close-your-flap-so-i-dont-fore-go-my-boiled-eggs/</a><br /><br />Thanks & Regards,<br />Admin<br /><br />You received this email because in the past you have provided us your email address : {{EMAIL}} to receive notifications when new updates are posted.','Sent','Immediately','New Post Published - could you close your flap so i don’t fore go my boiled eggs?'),(131,'veudzp-nkwghz-mgperx-dqjfho-zjvlqy','0','Post Notification','2020-03-31 03:24:28','2020-03-31 03:24:28',1,'Hello {{NAME}},<br /><br />We have published a new blog article on our website : my bear flute **video**<br /><br /><br />You can view it from this link : <a href=\'https://www.bellaeflynn.com/my-bear-flute-video/\' target=\'_blank\'>https://www.bellaeflynn.com/my-bear-flute-video/</a><br /><br />Thanks & Regards,<br />Admin<br /><br />You received this email because in the past you have provided us your email address : {{EMAIL}} to receive notifications when new updates are posted.','Sent','Immediately','New Post Published - my bear flute **video**'),(132,'tofgqd-zvxpre-ymlgpu-hflasr-dsxvio','0','Post Notification','2020-04-01 04:04:19','2020-04-01 04:04:20',1,'Hello {{NAME}},<br /><br />We have published a new blog article on our website : 6 years<br /><br /><br />You can view it from this link : <a href=\'https://www.bellaeflynn.com/6-years/\' target=\'_blank\'>https://www.bellaeflynn.com/6-years/</a><br /><br />Thanks & Regards,<br />Admin<br /><br />You received this email because in the past you have provided us your email address : {{EMAIL}} to receive notifications when new updates are posted.','Sent','Immediately','New Post Published - 6 years'),(133,'hjyzfr-dqtiue-ochmsp-awcntr-tidncm','0','Post Notification','2020-04-10 15:57:21','2020-04-10 15:57:21',1,'Hello {{NAME}},<br /><br />We have published a new blog article on our website : a small Q&A during quarantine 2020<br /><br /><br />You can view it from this link : <a href=\'https://www.bellaeflynn.com/a-small-qa-during-quarantine-2020/\' target=\'_blank\'>https://www.bellaeflynn.com/a-small-qa-during-quarantine-2020/</a><br /><br />Thanks & Regards,<br />Admin<br /><br />You received this email because in the past you have provided us your email address : {{EMAIL}} to receive notifications when new updates are posted.','Sent','Immediately','New Post Published - a small Q&A during quarantine 2020'),(134,'nfeazd-jwphos-jndqrs-erxhcl-dgxurq','0','Post Notification','2020-05-14 16:02:07','2020-05-14 16:02:07',1,'Hello {{NAME}},<br /><br />We have published a new blog article on our website : well, its spring — so its about time for my big danish christmas holiday blog post<br /><br /><br />You can view it from this link : <a href=\'https://www.bellaeflynn.com/well-its-spring-so-its-about-time-for-my-big-danish-christmas-holiday-blog-post/\' target=\'_blank\'>https://www.bellaeflynn.com/well-its-spring-so-its-about-time-for-my-big-danish-christmas-holiday-blog-post/</a><br /><br />Thanks & Regards,<br />Admin<br /><br />You received this email because in the past you have provided us your email address : {{EMAIL}} to receive notifications when new updates are posted.','Sent','Immediately','New Post Published - well, its spring — so its about time for my big danish christmas holiday blog post'),(135,'ntagwq-arpiln-oybtqp-hgkiqe-qpizdu','0','Post Notification','2020-05-21 04:45:39','2020-05-21 04:45:39',1,'Hello {{NAME}},<br /><br />We have published a new blog article on our website : what they don’t tell you about when you finish your first book<br /><br /><br />You can view it from this link : <a href=\'https://www.bellaeflynn.com/what-they-dont-tell-you-about-when-you-finish-your-first-book/\' target=\'_blank\'>https://www.bellaeflynn.com/what-they-dont-tell-you-about-when-you-finish-your-first-book/</a><br /><br />Thanks & Regards,<br />Admin<br /><br />You received this email because in the past you have provided us your email address : {{EMAIL}} to receive notifications when new updates are posted.','Sent','Immediately','New Post Published - what they don’t tell you about when you finish your first book'),(136,'tinwqv-biptoh-muosqp-cvbsak-kwhavd','0','Post Notification','2020-05-23 16:05:12','2020-05-23 16:05:12',1,'Hello {{NAME}},<br /><br />We have published a new blog article on our website : what i’m currently reading #1<br /><br /><br />You can view it from this link : <a href=\'https://www.bellaeflynn.com/what-im-currently-reading-1/\' target=\'_blank\'>https://www.bellaeflynn.com/what-im-currently-reading-1/</a><br /><br />Thanks & Regards,<br />Admin<br /><br />You received this email because in the past you have provided us your email address : {{EMAIL}} to receive notifications when new updates are posted.','Sent','Immediately','New Post Published - what i’m currently reading #1'),(137,'qmfpzv-nazqbw-frcguh-uklqet-rguazk','0','Post Notification','2020-05-24 16:02:05','2020-05-24 16:02:06',1,'Hello {{NAME}},<br /><br />We have published a new blog article on our website : what kind of writer i think i am<br /><br /><br />You can view it from this link : <a href=\'https://www.bellaeflynn.com/what-kind-of-writer-i-think-i-am/\' target=\'_blank\'>https://www.bellaeflynn.com/what-kind-of-writer-i-think-i-am/</a><br /><br />Thanks & Regards,<br />Admin<br /><br />You received this email because in the past you have provided us your email address : {{EMAIL}} to receive notifications when new updates are posted.','Sent','Immediately','New Post Published - what kind of writer i think i am'),(138,'ailwvg-pqelng-hpoyxf-vrsgoj-btcpvd','0','Post Notification','2020-05-24 17:50:09','2020-05-24 17:50:09',1,'Hello {{NAME}},<br /><br />We have published a new blog article on our website : Basil’s gift & saving LeDoux // our rescue story<br /><br /><br />You can view it from this link : <a href=\'https://www.bellaeflynn.com/basils-gift-saving-ledoux-our-rescue-story/\' target=\'_blank\'>https://www.bellaeflynn.com/basils-gift-saving-ledoux-our-rescue-story/</a><br /><br />Thanks & Regards,<br />Admin<br /><br />You received this email because in the past you have provided us your email address : {{EMAIL}} to receive notifications when new updates are posted.','Sent','Immediately','New Post Published - Basil’s gift & saving LeDoux // our rescue story'),(139,'cgeudn-yxrkus-mutljx-xkzwmb-itbswq','0','Post Notification','2020-05-27 16:03:13','2020-05-27 16:03:13',1,'Hello {{NAME}},<br /><br />We have published a new blog article on our website : what they don’t tell you about when you finish your first book (part 2)<br /><br /><br />You can view it from this link : <a href=\'https://www.bellaeflynn.com/what-they-dont-tell-you-about-when-you-finish-your-first-book-part-2/\' target=\'_blank\'>https://www.bellaeflynn.com/what-they-dont-tell-you-about-when-you-finish-your-first-book-part-2/</a><br /><br />Thanks & Regards,<br />Admin<br /><br />You received this email because in the past you have provided us your email address : {{EMAIL}} to receive notifications when new updates are posted.','Sent','Immediately','New Post Published - what they don’t tell you about when you finish your first book (part 2)');

--
-- Table structure for table `wp_es_subscriber_ips`
--

CREATE TABLE `wp_es_subscriber_ips` (
  `ip` varchar(45) COLLATE utf8mb4_unicode_ci NOT NULL,
  `created_at` timestamp NOT NULL DEFAULT CURRENT_TIMESTAMP,
  PRIMARY KEY (`created_at`,`ip`),
  KEY `ip` (`ip`)
) ENGINE=InnoDB DEFAULT CHARSET=utf8mb4 COLLATE=utf8mb4_unicode_ci;

--
-- Dumping data for table `wp_es_subscriber_ips`
--


--
-- Table structure for table `wp_ig_actions`
--

CREATE TABLE `wp_ig_actions` (
  `contact_id` bigint(20) unsigned DEFAULT NULL,
  `message_id` bigint(20) unsigned DEFAULT NULL,
  `campaign_id` bigint(20) unsigned DEFAULT NULL,
  `type` tinyint(1) NOT NULL DEFAULT '0',
  `count` int(11) unsigned NOT NULL DEFAULT '0',
  `link_id` bigint(20) unsigned NOT NULL DEFAULT '0',
  `list_id` int(11) unsigned NOT NULL DEFAULT '0',
  `created_at` int(11) unsigned NOT NULL DEFAULT '0',
  `updated_at` int(11) unsigned NOT NULL DEFAULT '0',
  `ip` varchar(50) COLLATE utf8mb4_unicode_ci DEFAULT NULL,
  `country` varchar(50) COLLATE utf8mb4_unicode_ci DEFAULT NULL,
  `device` varchar(50) COLLATE utf8mb4_unicode_ci DEFAULT NULL,
  `browser` varchar(50) COLLATE utf8mb4_unicode_ci DEFAULT NULL,
  `email_client` varchar(50) COLLATE utf8mb4_unicode_ci DEFAULT NULL,
  `os` varchar(50) COLLATE utf8mb4_unicode_ci DEFAULT NULL,
  UNIQUE KEY `id` (`contact_id`,`message_id`,`campaign_id`,`type`,`link_id`,`list_id`),
  KEY `contact_id` (`contact_id`),
  KEY `message_id` (`message_id`),
  KEY `campaign_id` (`campaign_id`),
  KEY `type` (`type`)
) ENGINE=InnoDB DEFAULT CHARSET=utf8mb4 COLLATE=utf8mb4_unicode_ci;

--
-- Dumping data for table `wp_ig_actions`
--

INSERT INTO `wp_ig_actions` VALUES (1,0,0,2,22,0,0,1607655758,1629490847,'','','','','',''),(2,101,2,2,1,0,0,1607656936,1607656936,'','','','','',''),(2,101,2,3,2,0,0,1607657058,1607657079,'52.189.66.31','US','desktop','Internet Explorer','Web Client (Internet Explorer 10)','Windows'),(3,NULL,NULL,1,1,0,1,1607707903,1607707903,'','','','','',''),(3,0,0,2,2,0,0,1607707903,1607711186,'','','','','',''),(2,102,3,2,1,0,0,1607897629,1607897629,'','','','','',''),(3,102,3,2,1,0,0,1607897630,1607897630,'','','','','',''),(3,102,3,3,5,0,0,1607897728,1608064103,'158.135.150.28','US','desktop','Mozilla','Apple Mail','Apple'),(2,103,1,2,1,0,0,1607900707,1607900707,'','','','','',''),(3,103,1,2,1,0,0,1607900707,1607900707,'','','','','',''),(4,NULL,NULL,1,1,0,1,1607901999,1607901999,'','','','','',''),(4,0,0,2,2,0,0,1607901999,1607902017,'','','','','',''),(6,0,0,2,1,0,0,1607908371,1607908371,'','','','','',''),(7,0,0,2,1,0,0,1607908569,1607908569,'','','','','',''),(8,0,0,2,1,0,0,1607908646,1607908646,'','','','','',''),(9,0,0,2,1,0,0,1607908675,1607908675,'','','','','',''),(10,0,0,2,1,0,0,1607908693,1607908693,'','','','','',''),(11,0,0,2,1,0,0,1607908722,1607908722,'','','','','',''),(12,NULL,NULL,1,1,0,1,1607940004,1607940004,'','','','','',''),(12,0,0,2,2,0,0,1607940005,1607951483,'','','','','',''),(2,104,4,2,1,0,0,1608089495,1608089495,'','','','','',''),(3,104,4,2,1,0,0,1608089495,1608089495,'','','','','',''),(4,104,4,2,1,0,0,1608089496,1608089496,'','','','','',''),(6,104,4,2,1,0,0,1608089496,1608089496,'','','','','',''),(7,104,4,2,1,0,0,1608089497,1608089497,'','','','','',''),(8,104,4,2,1,0,0,1608089497,1608089497,'','','','','',''),(9,104,4,2,1,0,0,1608089498,1608089498,'','','','','',''),(10,104,4,2,1,0,0,1608089498,1608089498,'','','','','',''),(11,104,4,2,1,0,0,1608089498,1608089498,'','','','','',''),(12,104,4,2,1,0,0,1608089499,1608089499,'','','','','',''),(3,104,4,3,3,0,0,1608090724,1608135032,'158.135.150.28','US','desktop','Mozilla','Apple Mail','Apple'),(7,104,4,3,1,0,0,1608100182,1608100182,'77.241.136.155','DK','mobile','Chrome','Android','Android'),(4,104,4,3,1,0,0,1608100729,1608100729,'66.102.9.10','CA','desktop','Firefox','Gmail','Windows'),(6,104,4,3,1,0,0,1608110882,1608110882,'80.62.116.126','DK','mobile','Chrome','Android','Android'),(8,104,4,3,2,0,0,1608121132,1608247800,'86.172.28.92','GB','desktop','Chrome','Web Client (Chrome)','Windows'),(11,104,4,3,1,0,0,1608128302,1608128302,'158.135.167.234','US','desktop','Mozilla','Apple Mail','Apple'),(12,104,4,3,1,0,0,1608541454,1608541454,'66.249.81.218','CA','desktop','Firefox','Gmail','Windows'),(2,105,1,2,1,0,0,1608833134,1608833134,'','','','','',''),(3,105,1,2,1,0,0,1608833134,1608833134,'','','','','',''),(4,105,1,2,1,0,0,1608833135,1608833135,'','','','','',''),(6,105,1,2,1,0,0,1608833135,1608833135,'','','','','',''),(7,105,1,2,1,0,0,1608833136,1608833136,'','','','','',''),(8,105,1,2,1,0,0,1608833136,1608833136,'','','','','',''),(9,105,1,2,1,0,0,1608833137,1608833137,'','','','','',''),(10,105,1,2,1,0,0,1608833137,1608833137,'','','','','',''),(11,105,1,2,1,0,0,1608833137,1608833137,'','','','','',''),(12,105,1,2,1,0,0,1608833138,1608833138,'','','','','',''),(8,105,1,3,1,0,0,1608841826,1608841826,'86.172.28.92','GB','desktop','Chrome','Web Client (Chrome)','Windows'),(11,105,1,3,1,0,0,1608912231,1608912231,'12.158.174.10','US','desktop','Mozilla','Apple Mail','Apple'),(13,NULL,NULL,1,1,0,1,1609423372,1609423372,'','','','','',''),(13,0,0,2,2,0,0,1609423373,1609423407,'','','','','',''),(12,105,1,3,1,0,0,1609517918,1609517918,'66.249.81.218','US','desktop','Firefox','Gmail','Windows'),(2,106,5,2,1,0,0,1609642388,1609642388,'','','','','',''),(3,106,5,2,1,0,0,1609642388,1609642388,'','','','','',''),(4,106,5,2,1,0,0,1609642388,1609642388,'','','','','',''),(6,106,5,2,1,0,0,1609642389,1609642389,'','','','','',''),(7,106,5,2,1,0,0,1609642389,1609642389,'','','','','',''),(8,106,5,2,1,0,0,1609642390,1609642390,'','','','','',''),(9,106,5,2,1,0,0,1609642390,1609642390,'','','','','',''),(10,106,5,2,1,0,0,1609642391,1609642391,'','','','','',''),(11,106,5,2,1,0,0,1609642391,1609642391,'','','','','',''),(12,106,5,2,1,0,0,1609642392,1609642392,'','','','','',''),(13,106,5,2,1,0,0,1609642392,1609642392,'','','','','',''),(11,106,5,3,1,0,0,1609647422,1609647422,'12.158.174.10','US','desktop','Mozilla','Apple Mail','Apple'),(13,106,5,3,2,0,0,1609653971,1609664927,'66.102.9.10','US','desktop','Firefox','Gmail','Windows'),(6,106,5,3,2,0,0,1609659883,1609673564,'89.239.194.252','DK','desktop','Mozilla','Thunderbird','Windows'),(4,106,5,3,1,0,0,1609668706,1609668706,'66.102.9.7','US','desktop','Firefox','Gmail','Windows'),(8,106,5,3,6,0,0,1609678706,1609695584,'86.164.251.58','GB','desktop','Chrome','Web Client (Chrome)','Windows'),(3,106,5,3,3,0,0,1609711299,1609733608,'12.158.174.10','US','desktop','Firefox','Web Client (Firefox)','Apple'),(2,107,1,2,1,0,0,1609727728,1609727728,'','','','','',''),(3,107,1,2,1,0,0,1609727728,1609727728,'','','','','',''),(4,107,1,2,1,0,0,1609727729,1609727729,'','','','','',''),(6,107,1,2,1,0,0,1609727729,1609727729,'','','','','',''),(7,107,1,2,1,0,0,1609727730,1609727730,'','','','','',''),(8,107,1,2,1,0,0,1609727731,1609727731,'','','','','',''),(9,107,1,2,1,0,0,1609727731,1609727731,'','','','','',''),(10,107,1,2,1,0,0,1609727731,1609727731,'','','','','',''),(11,107,1,2,1,0,0,1609727732,1609727732,'','','','','',''),(12,107,1,2,1,0,0,1609727732,1609727732,'','','','','',''),(13,107,1,2,1,0,0,1609727733,1609727733,'','','','','',''),(3,107,1,3,3,0,0,1609733582,1609878840,'158.135.150.28','US','desktop','Safari','Web Client (Safari)','Apple'),(3,105,1,3,2,0,0,1609733646,1609855992,'158.135.150.28','US','desktop','Safari','Web Client (Safari)','Apple'),(7,107,1,3,1,0,0,1609734944,1609734944,'77.241.128.37','DK','mobile','Chrome','Android','Android'),(13,107,1,3,2,0,0,1609735109,1609750153,'66.102.9.7','US','desktop','Firefox','Gmail','Windows'),(8,107,1,3,1,0,0,1609783764,1609783764,'86.164.251.58','GB','desktop','Chrome','Web Client (Chrome)','Windows'),(11,107,1,3,1,0,0,1609808333,1609808333,'12.158.174.10','US','desktop','Mozilla','Apple Mail','Apple'),(2,108,1,2,1,0,0,1610241635,1610241635,'','','','','',''),(3,108,1,2,1,0,0,1610241636,1610241636,'','','','','',''),(4,108,1,2,1,0,0,1610241636,1610241636,'','','','','',''),(6,108,1,2,1,0,0,1610241637,1610241637,'','','','','',''),(7,108,1,2,1,0,0,1610241638,1610241638,'','','','','',''),(8,108,1,2,1,0,0,1610241638,1610241638,'','','','','',''),(9,108,1,2,1,0,0,1610241639,1610241639,'','','','','',''),(10,108,1,2,1,0,0,1610241639,1610241639,'','','','','',''),(11,108,1,2,1,0,0,1610241640,1610241640,'','','','','',''),(12,108,1,2,1,0,0,1610241640,1610241640,'','','','','',''),(13,108,1,2,1,0,0,1610241640,1610241640,'','','','','',''),(2,109,1,2,1,0,0,1610242501,1610242501,'','','','','',''),(3,109,1,2,1,0,0,1610242502,1610242502,'','','','','',''),(4,109,1,2,1,0,0,1610242503,1610242503,'','','','','',''),(6,109,1,2,1,0,0,1610242504,1610242504,'','','','','',''),(7,109,1,2,1,0,0,1610242504,1610242504,'','','','','',''),(8,109,1,2,1,0,0,1610242505,1610242505,'','','','','',''),(9,109,1,2,1,0,0,1610242506,1610242506,'','','','','',''),(10,109,1,2,1,0,0,1610242506,1610242506,'','','','','',''),(11,109,1,2,1,0,0,1610242507,1610242507,'','','','','',''),(12,109,1,2,1,0,0,1610242508,1610242508,'','','','','',''),(13,109,1,2,1,0,0,1610242508,1610242508,'','','','','',''),(11,109,1,3,4,0,0,1610242539,1610243658,'12.158.174.10','US','desktop','Mozilla','Apple Mail','Apple'),(11,108,1,3,3,0,0,1610242543,1610247042,'12.158.174.10','US','desktop','Mozilla','Apple Mail','Apple'),(2,110,1,2,1,0,0,1610243439,1610243439,'','','','','',''),(3,110,1,2,1,0,0,1610243440,1610243440,'','','','','',''),(4,110,1,2,1,0,0,1610243440,1610243440,'','','','','',''),(6,110,1,2,1,0,0,1610243441,1610243441,'','','','','',''),(7,110,1,2,1,0,0,1610243441,1610243441,'','','','','',''),(8,110,1,2,1,0,0,1610243442,1610243442,'','','','','',''),(9,110,1,2,1,0,0,1610243442,1610243442,'','','','','',''),(10,110,1,2,1,0,0,1610243443,1610243443,'','','','','',''),(11,110,1,2,1,0,0,1610243443,1610243443,'','','','','',''),(12,110,1,2,1,0,0,1610243443,1610243443,'','','','','',''),(13,110,1,2,1,0,0,1610243444,1610243444,'','','','','',''),(11,110,1,3,4,0,0,1610243658,1610247035,'12.158.174.10','US','desktop','Mozilla','Apple Mail','Apple'),(2,111,1,2,1,0,0,1610244307,1610244307,'','','','','',''),(3,111,1,2,1,0,0,1610244307,1610244307,'','','','','',''),(4,111,1,2,1,0,0,1610244308,1610244308,'','','','','',''),(6,111,1,2,1,0,0,1610244308,1610244308,'','','','','',''),(7,111,1,2,1,0,0,1610244309,1610244309,'','','','','',''),(8,111,1,2,1,0,0,1610244310,1610244310,'','','','','',''),(9,111,1,2,1,0,0,1610244310,1610244310,'','','','','',''),(10,111,1,2,1,0,0,1610244311,1610244311,'','','','','',''),(11,111,1,2,1,0,0,1610244311,1610244311,'','','','','',''),(12,111,1,2,1,0,0,1610244311,1610244311,'','','','','',''),(13,111,1,2,1,0,0,1610244312,1610244312,'','','','','',''),(2,112,1,2,1,0,0,1610245203,1610245203,'','','','','',''),(3,112,1,2,1,0,0,1610245204,1610245204,'','','','','',''),(4,112,1,2,1,0,0,1610245204,1610245204,'','','','','',''),(6,112,1,2,1,0,0,1610245205,1610245205,'','','','','',''),(7,112,1,2,1,0,0,1610245205,1610245205,'','','','','',''),(8,112,1,2,1,0,0,1610245206,1610245206,'','','','','',''),(9,112,1,2,1,0,0,1610245207,1610245207,'','','','','',''),(10,112,1,2,1,0,0,1610245207,1610245207,'','','','','',''),(11,112,1,2,1,0,0,1610245208,1610245208,'','','','','',''),(12,112,1,2,1,0,0,1610245208,1610245208,'','','','','',''),(13,112,1,2,1,0,0,1610245209,1610245209,'','','','','',''),(2,113,1,2,1,0,0,1610246104,1610246104,'','','','','',''),(3,113,1,2,1,0,0,1610246105,1610246105,'','','','','',''),(4,113,1,2,1,0,0,1610246105,1610246105,'','','','','',''),(6,113,1,2,1,0,0,1610246105,1610246105,'','','','','',''),(7,113,1,2,1,0,0,1610246106,1610246106,'','','','','',''),(8,113,1,2,1,0,0,1610246107,1610246107,'','','','','',''),(9,113,1,2,1,0,0,1610246107,1610246107,'','','','','',''),(10,113,1,2,1,0,0,1610246108,1610246108,'','','','','',''),(11,113,1,2,1,0,0,1610246108,1610246108,'','','','','',''),(12,113,1,2,1,0,0,1610246108,1610246108,'','','','','',''),(13,113,1,2,1,0,0,1610246109,1610246109,'','','','','',''),(2,114,1,2,1,0,0,1610247007,1610247007,'','','','','',''),(3,114,1,2,1,0,0,1610247008,1610247008,'','','','','',''),(4,114,1,2,1,0,0,1610247008,1610247008,'','','','','',''),(6,114,1,2,1,0,0,1610247009,1610247009,'','','','','',''),(7,114,1,2,1,0,0,1610247009,1610247009,'','','','','',''),(8,114,1,2,1,0,0,1610247010,1610247010,'','','','','',''),(9,114,1,2,1,0,0,1610247010,1610247010,'','','','','',''),(10,114,1,2,1,0,0,1610247011,1610247011,'','','','','',''),(11,114,1,2,1,0,0,1610247011,1610247011,'','','','','',''),(12,114,1,2,1,0,0,1610247011,1610247011,'','','','','',''),(13,114,1,2,1,0,0,1610247012,1610247012,'','','','','',''),(11,114,1,3,1,0,0,1610247032,1610247032,'12.158.174.10','US','desktop','Mozilla','Apple Mail','Apple'),(11,111,1,3,1,0,0,1610247035,1610247035,'12.158.174.10','US','desktop','Mozilla','Apple Mail','Apple'),(2,115,1,2,1,0,0,1610247968,1610247968,'','','','','',''),(3,115,1,2,1,0,0,1610247969,1610247969,'','','','','',''),(4,115,1,2,1,0,0,1610247969,1610247969,'','','','','',''),(6,115,1,2,1,0,0,1610247970,1610247970,'','','','','',''),(7,115,1,2,1,0,0,1610247971,1610247971,'','','','','',''),(8,115,1,2,1,0,0,1610247971,1610247971,'','','','','',''),(9,115,1,2,1,0,0,1610247972,1610247972,'','','','','',''),(10,115,1,2,1,0,0,1610247972,1610247972,'','','','','',''),(11,115,1,2,1,0,0,1610247973,1610247973,'','','','','',''),(12,115,1,2,1,0,0,1610247973,1610247973,'','','','','',''),(13,115,1,2,1,0,0,1610247973,1610247973,'','','','','',''),(2,116,1,2,1,0,0,1613877540,1613877540,'','','','','',''),(2,117,1,2,1,0,0,1613881104,1613881104,'','','','','',''),(2,118,1,2,1,0,0,1613885127,1613885127,'','','','','',''),(2,119,1,2,1,0,0,1613888432,1613888432,'','','','','',''),(2,120,1,2,1,0,0,1613894512,1613894512,'','','','','',''),(3,116,1,2,1,0,0,1613898242,1613898242,'','','','','',''),(3,117,1,2,1,0,0,1613902154,1613902154,'','','','','',''),(3,118,1,2,1,0,0,1613906576,1613906576,'','','','','',''),(3,119,1,2,1,0,0,1613909154,1613909154,'','','','','',''),(3,120,1,2,1,0,0,1613913313,1613913313,'','','','','',''),(4,116,1,2,1,0,0,1613917031,1613917031,'','','','','',''),(4,116,1,3,1,0,0,1613917037,1613917037,'66.102.9.13','US','desktop','Firefox','Gmail','Windows'),(4,117,1,2,1,0,0,1613920648,1613920648,'','','','','',''),(4,117,1,3,1,0,0,1613920656,1613920656,'66.102.9.7','US','desktop','Firefox','Gmail','Windows'),(4,118,1,2,1,0,0,1613924231,1613924231,'','','','','',''),(4,118,1,3,1,0,0,1613924238,1613924238,'66.102.9.10','US','desktop','Firefox','Gmail','Windows'),(4,119,1,2,1,0,0,1613927782,1613927782,'','','','','',''),(4,119,1,3,1,0,0,1613927788,1613927788,'66.102.9.7','US','desktop','Firefox','Gmail','Windows'),(4,120,1,2,1,0,0,1613931551,1613931551,'','','','','',''),(4,120,1,3,1,0,0,1613931559,1613931559,'66.102.9.13','US','desktop','Firefox','Gmail','Windows'),(6,116,1,2,1,0,0,1629438771,1629438771,'','','','','',''),(7,116,1,2,1,0,0,1629440599,1629440599,'','','','','',''),(8,116,1,2,1,0,0,1629444056,1629444056,'','','','','',''),(9,116,1,2,1,0,0,1629447662,1629447662,'','','','','',''),(10,116,1,2,1,0,0,1629451273,1629451273,'','','','','',''),(11,116,1,2,1,0,0,1629454803,1629454803,'','','','','',''),(11,116,1,3,2,0,0,1629454806,1629475320,'158.135.162.32','US','desktop','Mozilla','Apple Mail','Apple'),(12,116,1,2,1,0,0,1629458669,1629458669,'','','','','',''),(12,116,1,3,1,0,0,1629458672,1629458672,'66.249.90.9','US','desktop','Edge','Web Client (Chrome)','Windows'),(13,116,1,2,1,0,0,1629462138,1629462138,'','','','','',''),(13,116,1,3,5,0,0,1629462141,1629468061,'66.102.9.144','US','desktop','Firefox','Gmail','Windows'),(6,117,1,2,1,0,0,1629465708,1629465708,'','','','','',''),(7,117,1,2,1,0,0,1629469235,1629469235,'','','','','',''),(8,117,1,2,1,0,0,1629473231,1629473231,'','','','','',''),(8,116,1,3,2,0,0,1629474591,1629474750,'86.173.209.145','GB','desktop','Chrome','Web Client (Chrome)','Windows'),(8,117,1,3,1,0,0,1629474636,1629474636,'86.173.209.145','GB','desktop','Chrome','Web Client (Chrome)','Windows'),(9,117,1,2,1,0,0,1629476432,1629476432,'','','','','',''),(10,117,1,2,1,0,0,1629480089,1629480089,'','','','','',''),(11,117,1,2,1,0,0,1629483802,1629483802,'','','','','',''),(6,117,1,3,3,0,0,1629487099,1629487229,'89.239.194.252','DK','mobile','Chrome','Android','Android'),(6,117,1,5,1,0,1,1629487122,1629487122,'','','','','',''),(12,117,1,2,1,0,0,1629487208,1629487208,'','','','','',''),(12,117,1,3,1,0,0,1629487210,1629487210,'66.249.90.9','US','desktop','Edge','Web Client (Chrome)','Windows'),(6,116,1,3,1,0,0,1629487253,1629487253,'89.239.194.252','DK','mobile','Chrome','Android','Android'),(13,117,1,2,1,0,0,1629490847,1629490847,'','','','','','');

--
-- Table structure for table `wp_ig_blocked_emails`
--

CREATE TABLE `wp_ig_blocked_emails` (
  `id` int(10) NOT NULL AUTO_INCREMENT,
  `email` varchar(50) COLLATE utf8mb4_unicode_ci DEFAULT NULL,
  `ip` varchar(45) COLLATE utf8mb4_unicode_ci DEFAULT NULL,
  `created_on` timestamp NOT NULL DEFAULT CURRENT_TIMESTAMP,
  PRIMARY KEY (`id`)
) ENGINE=InnoDB DEFAULT CHARSET=utf8mb4 COLLATE=utf8mb4_unicode_ci;

--
-- Dumping data for table `wp_ig_blocked_emails`
--


--
-- Table structure for table `wp_ig_campaigns`
--

CREATE TABLE `wp_ig_campaigns` (
  `id` int(10) NOT NULL AUTO_INCREMENT,
  `slug` varchar(255) COLLATE utf8mb4_unicode_ci DEFAULT NULL,
  `name` varchar(255) COLLATE utf8mb4_unicode_ci DEFAULT NULL,
  `type` varchar(50) COLLATE utf8mb4_unicode_ci DEFAULT NULL,
  `parent_id` int(10) unsigned DEFAULT NULL,
  `parent_type` varchar(50) COLLATE utf8mb4_unicode_ci DEFAULT NULL,
  `subject` varchar(255) COLLATE utf8mb4_unicode_ci DEFAULT NULL,
  `body` longtext COLLATE utf8mb4_unicode_ci,
  `from_name` varchar(250) COLLATE utf8mb4_unicode_ci DEFAULT NULL,
  `from_email` varchar(150) COLLATE utf8mb4_unicode_ci DEFAULT NULL,
  `reply_to_name` varchar(250) COLLATE utf8mb4_unicode_ci DEFAULT NULL,
  `reply_to_email` varchar(150) COLLATE utf8mb4_unicode_ci DEFAULT NULL,
  `categories` text COLLATE utf8mb4_unicode_ci,
  `list_ids` text COLLATE utf8mb4_unicode_ci NOT NULL,
  `base_template_id` int(10) NOT NULL,
  `status` tinyint(4) NOT NULL,
  `meta` longtext COLLATE utf8mb4_unicode_ci,
  `created_at` datetime DEFAULT NULL,
  `updated_at` datetime DEFAULT NULL,
  `deleted_at` datetime DEFAULT NULL,
  PRIMARY KEY (`id`),
  KEY `type` (`type`),
  KEY `status` (`status`),
  KEY `base_template_id` (`base_template_id`)
) ENGINE=InnoDB DEFAULT CHARSET=utf8mb4 COLLATE=utf8mb4_unicode_ci;

--
-- Dumping data for table `wp_ig_campaigns`
--


--
-- Table structure for table `wp_ig_contact_meta`
--

CREATE TABLE `wp_ig_contact_meta` (
  `id` int(10) NOT NULL AUTO_INCREMENT,
  `contact_id` bigint(10) unsigned NOT NULL,
  `meta_key` varchar(255) COLLATE utf8mb4_unicode_ci DEFAULT NULL,
  `meta_value` longtext COLLATE utf8mb4_unicode_ci,
  PRIMARY KEY (`id`),
  KEY `contact_id` (`contact_id`),
  KEY `meta_ley` (`meta_key`(191))
) ENGINE=InnoDB DEFAULT CHARSET=utf8mb4 COLLATE=utf8mb4_unicode_ci;

--
-- Dumping data for table `wp_ig_contact_meta`
--


--
-- Table structure for table `wp_ig_contactmeta`
--

CREATE TABLE `wp_ig_contactmeta` (
  `meta_id` bigint(20) NOT NULL AUTO_INCREMENT,
  `contact_id` bigint(20) unsigned NOT NULL,
  `meta_key` varchar(255) COLLATE utf8mb4_unicode_ci DEFAULT NULL,
  `meta_value` longtext COLLATE utf8mb4_unicode_ci,
  PRIMARY KEY (`meta_id`),
  KEY `contact_id` (`contact_id`),
  KEY `meta_ley` (`meta_key`(191))
) ENGINE=InnoDB DEFAULT CHARSET=utf8mb4 COLLATE=utf8mb4_unicode_ci;

--
-- Dumping data for table `wp_ig_contactmeta`
--


--
-- Table structure for table `wp_ig_contacts`
--

CREATE TABLE `wp_ig_contacts` (
  `id` int(10) NOT NULL AUTO_INCREMENT,
  `wp_user_id` int(10) NOT NULL DEFAULT '0',
  `first_name` varchar(50) COLLATE utf8mb4_unicode_ci DEFAULT NULL,
  `last_name` varchar(50) COLLATE utf8mb4_unicode_ci DEFAULT NULL,
  `email` varchar(50) COLLATE utf8mb4_unicode_ci NOT NULL,
  `source` varchar(50) COLLATE utf8mb4_unicode_ci DEFAULT NULL,
  `ip_address` varchar(50) COLLATE utf8mb4_unicode_ci DEFAULT NULL,
  `country_code` varchar(50) COLLATE utf8mb4_unicode_ci DEFAULT NULL,
  `form_id` int(10) NOT NULL DEFAULT '0',
  `status` varchar(10) COLLATE utf8mb4_unicode_ci DEFAULT NULL,
  `unsubscribed` tinyint(1) NOT NULL DEFAULT '0',
  `hash` varchar(50) COLLATE utf8mb4_unicode_ci DEFAULT NULL,
  `created_at` datetime DEFAULT NULL,
  `updated_at` datetime DEFAULT NULL,
  `is_verified` tinyint(1) DEFAULT '0',
  `is_disposable` tinyint(1) DEFAULT '0',
  `is_rolebased` tinyint(1) DEFAULT '0',
  `is_webmail` tinyint(1) DEFAULT '0',
  `is_deliverable` tinyint(1) DEFAULT '0',
  `is_sendsafely` tinyint(1) DEFAULT '0',
  `meta` longtext CHARACTER SET utf8,
  PRIMARY KEY (`id`),
  KEY `wp_user_id` (`wp_user_id`),
  KEY `email` (`email`),
  KEY `status` (`status`),
  KEY `form_id` (`form_id`)
) ENGINE=InnoDB AUTO_INCREMENT=14 DEFAULT CHARSET=utf8mb4 COLLATE=utf8mb4_unicode_ci;

--
-- Dumping data for table `wp_ig_contacts`
--

INSERT INTO `wp_ig_contacts` VALUES (1,0,'Bella','Admin','bellaelkjaerflynn@hotmail.com','Migrated',NULL,NULL,0,'verified',0,'obedvj-psydex-bkswvc-zrqpeb-vytncx','2018-04-05 18:57:13','2020-06-13 15:07:39',1,0,0,0,1,1,''),(2,0,'Jack','Flynn','jacktflynn@hotmail.com','admin','',NULL,0,'verified',0,'ivphem-jegvyf-zyiabt-mchysx-wcmhbr','2020-12-11 03:20:51','0000-00-00 00:00:00',1,0,0,0,1,1,''),(3,0,'Izabella','Flynn','ief002@shsu.edu','form','158.135.150.28',NULL,1,'verified',0,'rbpquk-fdbjxi-otpkyv-lhmwbe-eaqxom','2020-12-11 17:31:43',NULL,1,0,0,0,1,1,NULL),(4,0,'Fiemaria','Carlsson','fiemariac@gmail.com','form','62.44.138.249',NULL,1,'verified',0,'lefoyr-feypcr-cbywpe-eyvrxz-lhovuc','2020-12-13 23:26:39',NULL,1,0,0,0,1,1,NULL),(5,0,'Kent','Kjaer','kent@obibion.dk','admin','',NULL,0,'verified',0,'okclth-wrtecl-kapcqj-smqxjy-khnrgx','2020-12-14 01:11:58','0000-00-00 00:00:00',1,0,0,0,1,1,''),(6,0,'Tina','Kjaer','tina@memoryspin.com','admin','',NULL,0,'verified',1,'tyndpz-bxmcud-rygnwa-klgzcn-oskple','2020-12-14 01:12:50','0000-00-00 00:00:00',1,0,0,0,1,1,''),(7,0,'Stephanie','Elkjaer','stephanieelkjaer@hotmail.com','admin','',NULL,0,'verified',0,'hmzael-ybxsur-pdfyog-dqgosw-udnvsz','2020-12-14 01:16:09','0000-00-00 00:00:00',1,0,0,0,1,1,''),(8,0,'Pat','Jensen','jensen712@btinternet.com','admin','',NULL,0,'verified',0,'gudnms-dmksri-wgxcpu-pxiyvb-iaypsz','2020-12-14 01:17:26','0000-00-00 00:00:00',1,0,0,0,1,1,''),(9,0,'Bente','Dall','rannugllad@hotmail.com','admin','',NULL,0,'verified',0,'sliejq-lsbeim-kzgyif-ikoblg-ivqxcf','2020-12-14 01:17:54','0000-00-00 00:00:00',1,0,0,0,1,1,''),(10,0,'Andy','Joyce','andypeterjoyce@hotmail.com','admin','',NULL,0,'verified',0,'xgfbac-mworcv-fagpek-pownrz-gnitoa','2020-12-14 01:18:13','0000-00-00 00:00:00',1,0,0,0,1,1,''),(11,0,'Jack','Flynn','jackflynntx@gmail.com','admin','',NULL,0,'verified',0,'yzloaf-ftgokr-xqtasg-qcwfrt-ngziqa','2020-12-14 01:18:42','0000-00-00 00:00:00',1,0,0,0,1,1,''),(12,0,'Tirsa','','tirsa009@gmail.com','form','86.91.180.215',NULL,1,'verified',0,'muhpks-qntlgd-dqjoia-wxacvd-ywkpod','2020-12-14 10:00:04',NULL,1,0,0,0,1,1,NULL),(13,0,'Iza','Palm','iza.palm88@gmail.com','form','88.206.167.176',NULL,1,'verified',0,'paqwty-fxbdoc-gzhxqk-scrmia-thedqf','2020-12-31 14:02:52',NULL,1,0,0,0,1,1,NULL);

--
-- Table structure for table `wp_ig_contacts_ips`
--

CREATE TABLE `wp_ig_contacts_ips` (
  `ip` varchar(45) COLLATE utf8mb4_unicode_ci NOT NULL,
  `created_on` timestamp NOT NULL DEFAULT CURRENT_TIMESTAMP,
  PRIMARY KEY (`created_on`,`ip`),
  KEY `ip` (`ip`)
) ENGINE=InnoDB DEFAULT CHARSET=utf8mb4 COLLATE=utf8mb4_unicode_ci;

--
-- Dumping data for table `wp_ig_contacts_ips`
--

INSERT INTO `wp_ig_contacts_ips` VALUES ('88.206.167.176','2020-12-31 14:02:52');

--
-- Table structure for table `wp_ig_forms`
--

CREATE TABLE `wp_ig_forms` (
  `id` int(10) NOT NULL AUTO_INCREMENT,
  `name` varchar(255) COLLATE utf8mb4_unicode_ci DEFAULT NULL,
  `body` longtext COLLATE utf8mb4_unicode_ci,
  `settings` longtext COLLATE utf8mb4_unicode_ci,
  `styles` longtext COLLATE utf8mb4_unicode_ci,
  `created_at` datetime DEFAULT NULL,
  `updated_at` datetime DEFAULT NULL,
  `deleted_at` datetime DEFAULT NULL,
  `af_id` int(10) NOT NULL DEFAULT '0',
  PRIMARY KEY (`id`)
) ENGINE=InnoDB AUTO_INCREMENT=2 DEFAULT CHARSET=utf8mb4 COLLATE=utf8mb4_unicode_ci;

--
-- Dumping data for table `wp_ig_forms`
--

INSERT INTO `wp_ig_forms` VALUES (1,'Newsletter','a:4:{i:0;a:5:{s:4:\"type\";s:4:\"text\";s:4:\"name\";s:4:\"Name\";s:2:\"id\";s:4:\"name\";s:6:\"params\";a:4:{s:5:\"label\";s:9:\"Your Name\";s:12:\"place_holder\";s:0:\"\";s:4:\"show\";b:1;s:8:\"required\";b:1;}s:8:\"position\";i:1;}i:1;a:5:{s:4:\"type\";s:4:\"text\";s:4:\"name\";s:5:\"Email\";s:2:\"id\";s:5:\"email\";s:6:\"params\";a:4:{s:5:\"label\";s:18:\"Your Email Address\";s:12:\"place_holder\";s:0:\"\";s:4:\"show\";b:1;s:8:\"required\";b:1;}s:8:\"position\";i:2;}i:2;a:5:{s:4:\"type\";s:8:\"checkbox\";s:4:\"name\";s:5:\"Lists\";s:2:\"id\";s:5:\"lists\";s:6:\"params\";a:4:{s:5:\"label\";s:5:\"Lists\";s:4:\"show\";b:0;s:8:\"required\";b:1;s:6:\"values\";a:1:{i:0;s:1:\"1\";}}s:8:\"position\";i:3;}i:3;a:5:{s:4:\"type\";s:6:\"submit\";s:4:\"name\";s:6:\"submit\";s:2:\"id\";s:6:\"submit\";s:6:\"params\";a:3:{s:5:\"label\";s:26:\"Subscribe to my newsletter\";s:4:\"show\";b:1;s:8:\"required\";b:1;}s:8:\"position\";i:4;}}','a:5:{s:5:\"lists\";a:1:{i:0;s:1:\"1\";}s:4:\"desc\";s:41:\"Subscribe to receive Newsletters from me!\";s:12:\"form_version\";s:3:\"1.0\";s:7:\"captcha\";s:2:\"no\";s:4:\"gdpr\";a:2:{s:7:\"consent\";s:3:\"yes\";s:12:\"consent_text\";s:36:\"Please accept terms &amp; conditions\";}}',NULL,'2020-06-13 15:07:40','2020-12-11 11:49:49',NULL,0);

--
-- Table structure for table `wp_ig_links`
--

CREATE TABLE `wp_ig_links` (
  `id` bigint(20) unsigned NOT NULL AUTO_INCREMENT,
  `message_id` int(10) unsigned NOT NULL,
  `campaign_id` int(10) unsigned NOT NULL,
  `link` varchar(2083) COLLATE utf8mb4_unicode_ci NOT NULL,
  `hash` varchar(20) COLLATE utf8mb4_unicode_ci NOT NULL,
  `i` tinyint(1) unsigned NOT NULL,
  `created_at` datetime DEFAULT NULL,
  PRIMARY KEY (`id`),
  KEY `campaign_id` (`campaign_id`),
  KEY `message_id` (`message_id`),
  KEY `link` (`link`(100))
) ENGINE=InnoDB DEFAULT CHARSET=utf8mb4 COLLATE=utf8mb4_unicode_ci;

--
-- Dumping data for table `wp_ig_links`
--


--
-- Table structure for table `wp_ig_lists`
--

CREATE TABLE `wp_ig_lists` (
  `id` int(10) NOT NULL AUTO_INCREMENT,
  `slug` varchar(255) COLLATE utf8mb4_unicode_ci DEFAULT NULL,
  `name` varchar(255) COLLATE utf8mb4_unicode_ci DEFAULT NULL,
  `hash` varchar(12) COLLATE utf8mb4_unicode_ci DEFAULT NULL,
  `created_at` datetime DEFAULT NULL,
  `updated_at` datetime DEFAULT NULL,
  `deleted_at` datetime DEFAULT NULL,
  PRIMARY KEY (`id`)
) ENGINE=InnoDB AUTO_INCREMENT=2 DEFAULT CHARSET=utf8mb4 COLLATE=utf8mb4_unicode_ci;

--
-- Dumping data for table `wp_ig_lists`
--

INSERT INTO `wp_ig_lists` VALUES (1,'public','Public','1bf10d083b99','2020-06-13 15:07:39',NULL,NULL);

--
-- Table structure for table `wp_ig_lists_contacts`
--

CREATE TABLE `wp_ig_lists_contacts` (
  `id` int(10) NOT NULL AUTO_INCREMENT,
  `list_id` int(10) NOT NULL,
  `contact_id` int(10) NOT NULL,
  `status` varchar(50) COLLATE utf8mb4_unicode_ci NOT NULL,
  `optin_type` tinyint(4) NOT NULL,
  `subscribed_at` datetime DEFAULT NULL,
  `subscribed_ip` varchar(45) COLLATE utf8mb4_unicode_ci DEFAULT NULL,
  `unsubscribed_at` datetime DEFAULT NULL,
  `unsubscribed_ip` varchar(45) COLLATE utf8mb4_unicode_ci DEFAULT NULL,
  PRIMARY KEY (`id`)
) ENGINE=InnoDB AUTO_INCREMENT=13 DEFAULT CHARSET=utf8mb4 COLLATE=utf8mb4_unicode_ci;

--
-- Dumping data for table `wp_ig_lists_contacts`
--

INSERT INTO `wp_ig_lists_contacts` VALUES (1,0,0,'Confirmed',1,'2018-04-05 18:57:13','','0000-00-00 00:00:00',''),(2,1,2,'subscribed',2,'2020-12-11 03:20:52','','0000-00-00 00:00:00',''),(3,1,3,'subscribed',2,'2020-12-11 18:26:25','158.135.150.28',NULL,NULL),(4,1,4,'subscribed',2,'2020-12-13 23:26:56','62.44.138.249',NULL,NULL),(5,1,6,'unsubscribed',2,'2020-12-14 01:12:50','','2021-08-20 19:18:42',''),(6,1,7,'subscribed',2,'2020-12-14 01:16:09','','0000-00-00 00:00:00',''),(7,1,8,'subscribed',2,'2020-12-14 01:17:26','','0000-00-00 00:00:00',''),(8,1,9,'subscribed',2,'2020-12-14 01:17:54','','0000-00-00 00:00:00',''),(9,1,10,'subscribed',2,'2020-12-14 01:18:13','','0000-00-00 00:00:00',''),(10,1,11,'subscribed',2,'2020-12-14 01:18:42','','0000-00-00 00:00:00',''),(11,1,12,'subscribed',2,'2020-12-14 13:11:22','86.91.180.215',NULL,NULL),(12,1,13,'subscribed',2,'2020-12-31 14:03:26','88.206.167.176',NULL,NULL);

--
-- Table structure for table `wp_ig_mailing_queue`
--

CREATE TABLE `wp_ig_mailing_queue` (
  `id` int(10) NOT NULL AUTO_INCREMENT,
  `hash` varchar(50) COLLATE utf8mb4_unicode_ci NOT NULL,
  `campaign_id` int(10) NOT NULL DEFAULT '0',
  `subject` text COLLATE utf8mb4_unicode_ci,
  `body` longtext COLLATE utf8mb4_unicode_ci,
  `count` int(10) unsigned NOT NULL DEFAULT '0',
  `status` varchar(10) COLLATE utf8mb4_unicode_ci NOT NULL,
  `start_at` datetime DEFAULT NULL,
  `finish_at` datetime DEFAULT NULL,
  `meta` longtext COLLATE utf8mb4_unicode_ci,
  `created_at` datetime DEFAULT NULL,
  `updated_at` datetime DEFAULT NULL,
  PRIMARY KEY (`id`),
  KEY `campaign_id` (`campaign_id`)
) ENGINE=InnoDB AUTO_INCREMENT=121 DEFAULT CHARSET=utf8mb4 COLLATE=utf8mb4_unicode_ci;

--
-- Dumping data for table `wp_ig_mailing_queue`
--

INSERT INTO `wp_ig_mailing_queue` VALUES (1,'zxfiae-qxtpeo-radekn-aqezkx-cidsxw',0,'New Post Published - the discouragement of being','Hello {{NAME}},<br /><br />We have published a new blog article on our website : the discouragement of being<br /><br /><br />You can view it from this link : <a href=\'https://www.bellaeflynn.com/index.php/2018/04/09/the-discouragement-of-being/\' target=\'_blank\'>https://www.bellaeflynn.com/index.php/2018/04/09/the-discouragement-of-being/</a><br /><br />Thanks & Regards,<br />Admin<br /><br />You received this email because in the past you have provided us your email address : {{EMAIL}} to receive notifications when new updates are posted.',2,'Sent','2018-04-09 21:08:00','2018-04-09 21:08:00','','2018-04-09 21:08:00','0000-00-00 00:00:00'),(2,'wufdmo-opksfy-ebozxh-xuzltp-jnevcr',0,'New Post Published - rest in pieces and run me poor','Hello {{NAME}},<br /><br />We have published a new blog article on our website : rest in pieces and run me poor<br /><br /><br />You can view it from this link : <a href=\'https://www.bellaeflynn.com/index.php/2018/04/16/rest-in-pieces-and-run-me-poor/\' target=\'_blank\'>https://www.bellaeflynn.com/index.php/2018/04/16/rest-in-pieces-and-run-me-poor/</a><br /><br />Thanks & Regards,<br />Admin<br /><br />You received this email because in the past you have provided us your email address : {{EMAIL}} to receive notifications when new updates are posted.',2,'Sent','2018-04-16 20:11:43','2018-04-16 20:11:44','','2018-04-16 20:11:43','0000-00-00 00:00:00'),(3,'edqakt-sdvufz-tpxcmf-ksblxt-mlvasc',0,'New Post Published - baby, this is texas','Hello {{NAME}},<br /><br />We have published a new blog article on our website : baby, this is texas<br /><br /><br />You can view it from this link : <a href=\'https://www.bellaeflynn.com/index.php/2018/04/17/baby-this-is-texas/\' target=\'_blank\'>https://www.bellaeflynn.com/index.php/2018/04/17/baby-this-is-texas/</a><br /><br />Thanks & Regards,<br />Admin<br /><br />You received this email because in the past you have provided us your email address : {{EMAIL}} to receive notifications when new updates are posted.',2,'Sent','2018-04-17 04:48:40','2018-04-17 04:48:41','','2018-04-17 04:48:40','0000-00-00 00:00:00'),(4,'zbynij-devmkw-qyktpv-ecgast-qxdzul',0,'New Post Published - baby, this is texas','Hello {{NAME}},<br /><br />We have published a new blog article on our website : baby, this is texas<br /><br /><br />You can view it from this link : <a href=\'https://www.bellaeflynn.com/index.php/2018/04/17/baby-this-is-texas/\' target=\'_blank\'>https://www.bellaeflynn.com/index.php/2018/04/17/baby-this-is-texas/</a><br /><br />Thanks & Regards,<br />Admin<br /><br />You received this email because in the past you have provided us your email address : {{EMAIL}} to receive notifications when new updates are posted.',2,'Sent','2018-04-17 09:03:43','2018-04-17 09:03:45','','2018-04-17 09:03:43','0000-00-00 00:00:00'),(5,'whlsiv-nburga-bjuqsc-qnftxk-gjsnvz',0,'New Post Published - south east texas','Hello {{NAME}},<br /><br />We have published a new blog article on our website : south east texas<br /><br /><br />You can view it from this link : <a href=\'https://www.bellaeflynn.com/index.php/2018/04/18/south-east-texas/\' target=\'_blank\'>https://www.bellaeflynn.com/index.php/2018/04/18/south-east-texas/</a><br /><br />Thanks & Regards,<br />Admin<br /><br />You received this email because in the past you have provided us your email address : {{EMAIL}} to receive notifications when new updates are posted.',2,'Sent','2018-04-18 00:54:40','2018-04-18 00:54:41','','2018-04-18 00:54:40','0000-00-00 00:00:00'),(6,'qleouh-hpxjtg-wasuxc-clvmhf-kwptvf',0,'New Post Published - to see the sun','Hello {{NAME}},<br /><br />We have published a new blog article on our website : to see the sun<br /><br /><br />You can view it from this link : <a href=\'https://www.bellaeflynn.com/index.php/2018/04/22/1294/\' target=\'_blank\'>https://www.bellaeflynn.com/index.php/2018/04/22/1294/</a><br /><br />Thanks & Regards,<br />Admin<br /><br />You received this email because in the past you have provided us your email address : {{EMAIL}} to receive notifications when new updates are posted.',2,'Sent','2018-04-22 15:47:56','2018-04-22 15:47:56','','2018-04-22 15:47:56','0000-00-00 00:00:00'),(7,'yckaxe-uzewto-neygkc-rhglop-ljsbpq',0,'New Post Published - old man beagle','Hello {{NAME}},<br /><br />We have published a new blog article on our website : old man beagle<br /><br /><br />You can view it from this link : <a href=\'https://www.bellaeflynn.com/index.php/2018/04/23/old-man-beagle/\' target=\'_blank\'>https://www.bellaeflynn.com/index.php/2018/04/23/old-man-beagle/</a><br /><br />Thanks & Regards,<br />Admin<br /><br />You received this email because in the past you have provided us your email address : {{EMAIL}} to receive notifications when new updates are posted.',2,'Sent','2018-04-23 07:34:35','2018-04-23 07:34:35','','2018-04-23 07:34:35','0000-00-00 00:00:00'),(8,'josrmn-khlvsa-oqjkmx-mqtypr-behkiu',0,'New Post Published - sound of the birds','Hello {{NAME}},<br /><br />We have published a new blog article on our website : sound of the birds<br /><br /><br />You can view it from this link : <a href=\'https://www.bellaeflynn.com/index.php/2018/04/24/sound-of-the-birds/\' target=\'_blank\'>https://www.bellaeflynn.com/index.php/2018/04/24/sound-of-the-birds/</a><br /><br />Thanks & Regards,<br />Admin<br /><br />You received this email because in the past you have provided us your email address : {{EMAIL}} to receive notifications when new updates are posted.',2,'Sent','2018-04-25 02:30:29','2018-04-25 02:30:30','','2018-04-25 02:30:29','0000-00-00 00:00:00'),(9,'cfoeby-fnmlgb-rwvdqo-kpauew-kogjyl',0,'New Post Published - sound of the birds','Hello {{NAME}},<br /><br />We have published a new blog article on our website : sound of the birds<br /><br /><br />You can view it from this link : <a href=\'https://www.bellaeflynn.com/index.php/2018/04/24/sound-of-the-birds/\' target=\'_blank\'>https://www.bellaeflynn.com/index.php/2018/04/24/sound-of-the-birds/</a><br /><br />Thanks & Regards,<br />Admin<br /><br />You received this email because in the past you have provided us your email address : {{EMAIL}} to receive notifications when new updates are posted.',2,'Sent','2018-04-25 02:47:49','2018-04-25 02:47:53','','2018-04-25 02:47:49','0000-00-00 00:00:00'),(10,'zgjkno-gcayol-vxjkbh-jpukfz-udfahx',0,'New Post Published - winds of spring','Hello {{NAME}},<br /><br />We have published a new blog article on our website : winds of spring<br /><br /><br />You can view it from this link : <a href=\'https://www.bellaeflynn.com/index.php/2018/04/29/winds-of-spring/\' target=\'_blank\'>https://www.bellaeflynn.com/index.php/2018/04/29/winds-of-spring/</a><br /><br />Thanks & Regards,<br />Admin<br /><br />You received this email because in the past you have provided us your email address : {{EMAIL}} to receive notifications when new updates are posted.',1,'Sent','2018-04-30 03:17:28','2018-04-30 03:17:29','','2018-04-30 03:17:28','0000-00-00 00:00:00'),(11,'xanegl-lewjcm-xvymhr-nwbdog-uwbrfe',0,'New Post Published - bristles and blue','Hello {{NAME}},<br /><br />We have published a new blog article on our website : bristles and blue<br /><br /><br />You can view it from this link : <a href=\'https://www.bellaeflynn.com/index.php/2018/05/04/bristles-and-blue/\' target=\'_blank\'>https://www.bellaeflynn.com/index.php/2018/05/04/bristles-and-blue/</a><br /><br />Thanks & Regards,<br />Admin<br /><br />You received this email because in the past you have provided us your email address : {{EMAIL}} to receive notifications when new updates are posted.',1,'Sent','2018-05-04 13:06:29','2018-05-04 13:06:30','','2018-05-04 13:06:29','0000-00-00 00:00:00'),(12,'khabtv-tsudjf-yzvdnp-ndfyqg-nxjqak',0,'New Post Published - oh, pawtuckaway','Hello {{NAME}},<br /><br />We have published a new blog article on our website : oh, pawtuckaway<br /><br /><br />You can view it from this link : <a href=\'https://www.bellaeflynn.com/index.php/2018/05/07/oh-pawtuckaway/\' target=\'_blank\'>https://www.bellaeflynn.com/index.php/2018/05/07/oh-pawtuckaway/</a><br /><br />Thanks & Regards,<br />Admin<br /><br />You received this email because in the past you have provided us your email address : {{EMAIL}} to receive notifications when new updates are posted.',1,'Sent','2018-05-07 18:46:11','2018-05-07 18:46:12','','2018-05-07 18:46:11','0000-00-00 00:00:00'),(13,'oyjsvz-dawfyg-vokpzw-xrjwbq-vpjabo',0,'New Post Published - everything i ever had','Hello {{NAME}},<br /><br />We have published a new blog article on our website : everything i ever had<br /><br /><br />You can view it from this link : <a href=\'https://www.bellaeflynn.com/index.php/2018/05/09/everything-i-ever-had/\' target=\'_blank\'>https://www.bellaeflynn.com/index.php/2018/05/09/everything-i-ever-had/</a><br /><br />Thanks & Regards,<br />Admin<br /><br />You received this email because in the past you have provided us your email address : {{EMAIL}} to receive notifications when new updates are posted.',1,'Sent','2018-05-09 20:32:45','2018-05-09 20:32:46','','2018-05-09 20:32:45','0000-00-00 00:00:00'),(14,'jpcyqu-xfvaoe-mjrlki-enhgix-aymlkx',0,'New Post Published - where a cowboy is king','Hello {{NAME}},<br /><br />We have published a new blog article on our website : where a cowboy is king<br /><br /><br />You can view it from this link : <a href=\'https://www.bellaeflynn.com/index.php/2018/05/21/where-cowboys-are-king/\' target=\'_blank\'>https://www.bellaeflynn.com/index.php/2018/05/21/where-cowboys-are-king/</a><br /><br />Thanks & Regards,<br />Admin<br /><br />You received this email because in the past you have provided us your email address : {{EMAIL}} to receive notifications when new updates are posted.',1,'Sent','2018-05-21 18:15:16','2018-05-21 18:15:17','','2018-05-21 18:15:16','0000-00-00 00:00:00'),(15,'zhtwre-sctghm-liqeym-urbtkc-jreqcs',0,'New Post Published - crystal beaches & one hundred pelicans','Hello {{NAME}},<br /><br />We have published a new blog article on our website : crystal beaches & one hundred pelicans<br /><br /><br />You can view it from this link : <a href=\'https://www.bellaeflynn.com/index.php/2018/06/04/crystal-beaches-one-hundred-pelicans/\' target=\'_blank\'>https://www.bellaeflynn.com/index.php/2018/06/04/crystal-beaches-one-hundred-pelicans/</a><br /><br />Thanks & Regards,<br />Admin<br /><br />You received this email because in the past you have provided us your email address : {{EMAIL}} to receive notifications when new updates are posted.',1,'Sent','2018-06-04 22:47:23','2018-06-04 22:47:26','','2018-06-04 22:47:23','0000-00-00 00:00:00'),(16,'balcvg-bygatm-dypuvw-mxuaej-wilyzf',0,'New Post Published - Eliza Lee and a mast to match','Hello {{NAME}},<br /><br />We have published a new blog article on our website : Eliza Lee and a mast to match<br /><br /><br />You can view it from this link : <a href=\'https://www.bellaeflynn.com/index.php/2018/06/29/eliza-lee-and-a-mast-to-match/\' target=\'_blank\'>https://www.bellaeflynn.com/index.php/2018/06/29/eliza-lee-and-a-mast-to-match/</a><br /><br />Thanks & Regards,<br />Admin<br /><br />You received this email because in the past you have provided us your email address : {{EMAIL}} to receive notifications when new updates are posted.',1,'Sent','2018-06-30 01:10:36','2018-06-30 01:10:38','','2018-06-30 01:10:36','0000-00-00 00:00:00'),(17,'ujeroi-meicfn-zjrpog-rbcsdg-ilyxre',0,'New Post Published - jumpin’ jumpers and bamboo','Hello {{NAME}},<br /><br />We have published a new blog article on our website : jumpin’ jumpers and bamboo<br /><br /><br />You can view it from this link : <a href=\'https://www.bellaeflynn.com/index.php/2018/07/05/jumpin-jumpers-and-bamboo/\' target=\'_blank\'>https://www.bellaeflynn.com/index.php/2018/07/05/jumpin-jumpers-and-bamboo/</a><br /><br />Thanks & Regards,<br />Admin<br /><br />You received this email because in the past you have provided us your email address : {{EMAIL}} to receive notifications when new updates are posted.',1,'Sent','2018-07-05 21:52:53','2018-07-05 21:52:54','','2018-07-05 21:52:53','0000-00-00 00:00:00'),(18,'qxdnch-hargyb-iwqkst-ndgjfh-eijynf',0,'New Post Published - post come a’knocking','Hello {{NAME}},<br /><br />We have published a new blog article on our website : post come a’knocking<br /><br /><br />You can view it from this link : <a href=\'https://www.bellaeflynn.com/index.php/2018/07/18/post-come-aknocking/\' target=\'_blank\'>https://www.bellaeflynn.com/index.php/2018/07/18/post-come-aknocking/</a><br /><br />Thanks & Regards,<br />Admin<br /><br />You received this email because in the past you have provided us your email address : {{EMAIL}} to receive notifications when new updates are posted.',1,'Sent','2018-07-18 14:37:09','2018-07-18 14:37:09','','2018-07-18 14:37:09','0000-00-00 00:00:00'),(19,'indvfo-abwtxs-xfnmie-fexvyn-bkvojw',0,'New Post Published - hooves n’ hammers','Hello {{NAME}},<br /><br />We have published a new blog article on our website : hooves n’ hammers<br /><br /><br />You can view it from this link : <a href=\'https://www.bellaeflynn.com/index.php/2018/07/19/hooves-and-hammers/\' target=\'_blank\'>https://www.bellaeflynn.com/index.php/2018/07/19/hooves-and-hammers/</a><br /><br />Thanks & Regards,<br />Admin<br /><br />You received this email because in the past you have provided us your email address : {{EMAIL}} to receive notifications when new updates are posted.',1,'Sent','2018-07-19 13:44:06','2018-07-19 13:44:08','','2018-07-19 13:44:06','0000-00-00 00:00:00'),(20,'auwmge-czepry-vyxdmg-zgmfpa-roydph',0,'New Post Published - studyin’ by a window-pane','Hello {{NAME}},<br /><br />We have published a new blog article on our website : studyin’ by a window-pane<br /><br /><br />You can view it from this link : <a href=\'https://www.bellaeflynn.com/index.php/2018/07/23/studyin-by-a-window-pane/\' target=\'_blank\'>https://www.bellaeflynn.com/index.php/2018/07/23/studyin-by-a-window-pane/</a><br /><br />Thanks & Regards,<br />Admin<br /><br />You received this email because in the past you have provided us your email address : {{EMAIL}} to receive notifications when new updates are posted.',1,'Sent','2018-07-23 18:57:32','2018-07-23 18:57:32','','2018-07-23 18:57:32','0000-00-00 00:00:00'),(21,'utzjgn-fodxzn-kiprwz-bljvex-oytcpv',0,'New Post Published - The 411 Of Being An Expat','Hello {{NAME}},<br /><br />We have published a new blog article on our website : The 411 Of Being An Expat<br /><br /><br />You can view it from this link : <a href=\'https://www.bellaeflynn.com/index.php/2018/07/24/the-411-of-being-an-expat/\' target=\'_blank\'>https://www.bellaeflynn.com/index.php/2018/07/24/the-411-of-being-an-expat/</a><br /><br />Thanks & Regards,<br />Admin<br /><br />You received this email because in the past you have provided us your email address : {{EMAIL}} to receive notifications when new updates are posted.',1,'Sent','2018-07-24 12:47:08','2018-07-24 12:47:08','','2018-07-24 12:47:08','0000-00-00 00:00:00'),(22,'ryshgc-dabyhl-tmkgqb-zibmpw-jumvwe',0,'New Post Published - ships in my tea cup','Hello {{NAME}},<br /><br />We have published a new blog article on our website : ships in my tea cup<br /><br /><br />You can view it from this link : <a href=\'https://www.bellaeflynn.com/index.php/2018/07/29/ships-in-the-coffee-mug/\' target=\'_blank\'>https://www.bellaeflynn.com/index.php/2018/07/29/ships-in-the-coffee-mug/</a><br /><br />Thanks & Regards,<br />Admin<br /><br />You received this email because in the past you have provided us your email address : {{EMAIL}} to receive notifications when new updates are posted.',1,'Sent','2018-07-30 03:35:31','2018-07-30 03:35:34','','2018-07-30 03:35:31','0000-00-00 00:00:00'),(23,'ibdrse-khfbzn-zblsjn-wbydeh-zwqhla',0,'New Post Published - hyggjaa hytten','Hello {{NAME}},<br /><br />We have published a new blog article on our website : hyggjaa hytten<br /><br /><br />You can view it from this link : <a href=\'https://www.bellaeflynn.com/index.php/2018/07/30/hyggjaa-hytten/\' target=\'_blank\'>https://www.bellaeflynn.com/index.php/2018/07/30/hyggjaa-hytten/</a><br /><br />Thanks & Regards,<br />Admin<br /><br />You received this email because in the past you have provided us your email address : {{EMAIL}} to receive notifications when new updates are posted.',1,'Sent','2018-07-31 01:39:05','2018-07-31 01:39:06','','2018-07-31 01:39:05','0000-00-00 00:00:00'),(24,'gsxqjw-akwsgm-jszwvo-slzank-kcbzyi',0,'New Post Published - hestegården','Hello {{NAME}},<br /><br />We have published a new blog article on our website : hestegården<br /><br /><br />You can view it from this link : <a href=\'https://www.bellaeflynn.com/index.php/2018/08/02/hestegarden/\' target=\'_blank\'>https://www.bellaeflynn.com/index.php/2018/08/02/hestegarden/</a><br /><br />Thanks & Regards,<br />Admin<br /><br />You received this email because in the past you have provided us your email address : {{EMAIL}} to receive notifications when new updates are posted.',1,'Sent','2018-08-02 15:54:13','2018-08-02 15:54:14','','2018-08-02 15:54:13','0000-00-00 00:00:00'),(25,'aslcrx-wxrcfh-xciqde-fwmnqg-utjkch',0,'New Post Published - a new video','Hello {{NAME}},<br /><br />We have published a new blog article on our website : a new video<br /><br /><br />You can view it from this link : <a href=\'https://www.bellaeflynn.com/index.php/2018/08/04/a-new-video/\' target=\'_blank\'>https://www.bellaeflynn.com/index.php/2018/08/04/a-new-video/</a><br /><br />Thanks & Regards,<br />Admin<br /><br />You received this email because in the past you have provided us your email address : {{EMAIL}} to receive notifications when new updates are posted.',1,'Sent','2018-08-04 19:51:22','2018-08-04 19:51:23','','2018-08-04 19:51:22','0000-00-00 00:00:00'),(26,'vlyans-ndgzhv-ojmuwf-fojzps-ahjmqs',0,'New Post Published - bury my heart between these pages and never let me go','Hello {{NAME}},<br /><br />We have published a new blog article on our website : bury my heart between these pages and never let me go<br /><br /><br />You can view it from this link : <a href=\'https://www.bellaeflynn.com/index.php/2018/08/04/bury-my-heart-between-these-pages-and-never-let-me-go/\' target=\'_blank\'>https://www.bellaeflynn.com/index.php/2018/08/04/bury-my-heart-between-these-pages-and-never-let-me-go/</a><br /><br />Thanks & Regards,<br />Admin<br /><br />You received this email because in the past you have provided us your email address : {{EMAIL}} to receive notifications when new updates are posted.',1,'Sent','2018-08-04 20:33:41','2018-08-04 20:33:42','','2018-08-04 20:33:41','0000-00-00 00:00:00'),(27,'biyxtk-vhaqyd-pwltnh-zydexq-ovsaen',0,'New Post Published - the interview','Hello {{NAME}},<br /><br />We have published a new blog article on our website : the interview<br /><br /><br />You can view it from this link : <a href=\'https://www.bellaeflynn.com/index.php/2018/08/07/the-interview/\' target=\'_blank\'>https://www.bellaeflynn.com/index.php/2018/08/07/the-interview/</a><br /><br />Thanks & Regards,<br />Admin<br /><br />You received this email because in the past you have provided us your email address : {{EMAIL}} to receive notifications when new updates are posted.',1,'Sent','2018-08-08 01:14:23','2018-08-08 01:14:23','','2018-08-08 01:14:23','0000-00-00 00:00:00'),(28,'mpgzxt-ydlcrh-ofkewj-xsnaiy-drzfyo',0,'New Post Published - the interview, a get out feeling and a bear in the call centre','Hello {{NAME}},<br /><br />We have published a new blog article on our website : the interview, a get out feeling and a bear in the call centre<br /><br /><br />You can view it from this link : <a href=\'https://www.bellaeflynn.com/index.php/2018/08/07/the-interview/\' target=\'_blank\'>https://www.bellaeflynn.com/index.php/2018/08/07/the-interview/</a><br /><br />Thanks & Regards,<br />Admin<br /><br />You received this email because in the past you have provided us your email address : {{EMAIL}} to receive notifications when new updates are posted.',1,'Sent','2018-08-08 18:56:33','2018-08-08 18:56:34','','2018-08-08 18:56:33','0000-00-00 00:00:00'),(29,'piteqr-aigkhr-ocrqxy-tvrwux-wjkplr',0,'New Post Published - a quiet thought of homesickness','Hello {{NAME}},<br /><br />We have published a new blog article on our website : a quiet thought of homesickness<br /><br /><br />You can view it from this link : <a href=\'https://www.bellaeflynn.com/index.php/2018/08/09/a-quiet-thought-of-homesickness/\' target=\'_blank\'>https://www.bellaeflynn.com/index.php/2018/08/09/a-quiet-thought-of-homesickness/</a><br /><br />Thanks & Regards,<br />Admin<br /><br />You received this email because in the past you have provided us your email address : {{EMAIL}} to receive notifications when new updates are posted.',1,'Sent','2018-08-10 00:20:33','2018-08-10 00:20:35','','2018-08-10 00:20:33','0000-00-00 00:00:00'),(30,'qagdmo-mknxfl-leojqp-rinzog-gklitp',0,'New Post Published - expat blogger of the month','Hello {{NAME}},<br /><br />We have published a new blog article on our website : expat blogger of the month<br /><br /><br />You can view it from this link : <a href=\'https://www.bellaeflynn.com/index.php/2018/08/14/blogger-of-the-month/\' target=\'_blank\'>https://www.bellaeflynn.com/index.php/2018/08/14/blogger-of-the-month/</a><br /><br />Thanks & Regards,<br />Admin<br /><br />You received this email because in the past you have provided us your email address : {{EMAIL}} to receive notifications when new updates are posted.',1,'Sent','2018-08-14 12:50:20','2018-08-14 12:50:21','','2018-08-14 12:50:20','0000-00-00 00:00:00'),(31,'qwrlxv-zidsog-axbgeh-zaqljn-dosect',0,'New Post Published - four books for travelling girls','Hello {{NAME}},<br /><br />We have published a new blog article on our website : four books for travelling girls<br /><br /><br />You can view it from this link : <a href=\'https://www.bellaeflynn.com/index.php/2018/08/16/four-books-for-travelling-girls/\' target=\'_blank\'>https://www.bellaeflynn.com/index.php/2018/08/16/four-books-for-travelling-girls/</a><br /><br />Thanks & Regards,<br />Admin<br /><br />You received this email because in the past you have provided us your email address : {{EMAIL}} to receive notifications when new updates are posted.',1,'Sent','2018-08-16 20:07:44','2018-08-16 20:07:44','','2018-08-16 20:07:44','0000-00-00 00:00:00'),(32,'hbrjli-fnigtb-beltpw-gswmbk-hiteoq',0,'New Post Published - spontaneous filming','Hello {{NAME}},<br /><br />We have published a new blog article on our website : spontaneous filming<br /><br /><br />You can view it from this link : <a href=\'https://www.bellaeflynn.com/index.php/2018/08/22/spontaneous-filming/\' target=\'_blank\'>https://www.bellaeflynn.com/index.php/2018/08/22/spontaneous-filming/</a><br /><br />Thanks & Regards,<br />Admin<br /><br />You received this email because in the past you have provided us your email address : {{EMAIL}} to receive notifications when new updates are posted.',1,'Sent','2018-08-22 13:19:06','2018-08-22 13:19:07','','2018-08-22 13:19:06','0000-00-00 00:00:00'),(33,'xonvgq-ztgdcu-zxlvwr-epwvfa-pnexja',0,'New Post Published - my new camera','Hello {{NAME}},<br /><br />We have published a new blog article on our website : my new camera<br /><br /><br />You can view it from this link : <a href=\'https://www.bellaeflynn.com/index.php/2018/08/23/my-new-camera/\' target=\'_blank\'>https://www.bellaeflynn.com/index.php/2018/08/23/my-new-camera/</a><br /><br />Thanks & Regards,<br />Admin<br /><br />You received this email because in the past you have provided us your email address : {{EMAIL}} to receive notifications when new updates are posted.',1,'Sent','2018-08-23 20:24:21','2018-08-23 20:24:24','','2018-08-23 20:24:21','0000-00-00 00:00:00'),(34,'zeitrb-hlrkvy-khpzuo-ixwgzd-jmzvsx',0,'New Post Published - the monster in the dark','Hello {{NAME}},<br /><br />We have published a new blog article on our website : the monster in the dark<br /><br /><br />You can view it from this link : <a href=\'https://www.bellaeflynn.com/index.php/2018/08/26/the-monster-in-the-dark/\' target=\'_blank\'>https://www.bellaeflynn.com/index.php/2018/08/26/the-monster-in-the-dark/</a><br /><br />Thanks & Regards,<br />Admin<br /><br />You received this email because in the past you have provided us your email address : {{EMAIL}} to receive notifications when new updates are posted.',1,'Sent','2018-08-26 22:26:54','2018-08-26 22:26:55','','2018-08-26 22:26:54','0000-00-00 00:00:00'),(35,'dtxmnq-xgtplf-zguciw-teyoas-lpdayx',0,'New Post Published - trolls across the pond','Hello {{NAME}},<br /><br />We have published a new blog article on our website : trolls across the pond<br /><br /><br />You can view it from this link : <a href=\'https://www.bellaeflynn.com/index.php/2018/09/13/trolls-across-the-pond/\' target=\'_blank\'>https://www.bellaeflynn.com/index.php/2018/09/13/trolls-across-the-pond/</a><br /><br />Thanks & Regards,<br />Admin<br /><br />You received this email because in the past you have provided us your email address : {{EMAIL}} to receive notifications when new updates are posted.',1,'Sent','2018-09-14 00:05:35','2018-09-14 00:05:36','','2018-09-14 00:05:35','0000-00-00 00:00:00'),(36,'zwmqvt-dgiroq-iqrvsd-zgmrbw-dwxquk',0,'New Post Published - i’m not dead — just dormant.','Hello {{NAME}},<br /><br />We have published a new blog article on our website : i’m not dead — just dormant.<br /><br /><br />You can view it from this link : <a href=\'https://www.bellaeflynn.com/index.php/2018/09/24/im-not-dead-just-dormant/\' target=\'_blank\'>https://www.bellaeflynn.com/index.php/2018/09/24/im-not-dead-just-dormant/</a><br /><br />Thanks & Regards,<br />Admin<br /><br />You received this email because in the past you have provided us your email address : {{EMAIL}} to receive notifications when new updates are posted.',1,'Sent','2018-09-25 01:43:09','2018-09-25 01:43:11','','2018-09-25 01:43:09','0000-00-00 00:00:00'),(37,'pkmitq-azsgpy-thcfbu-gtinxe-rapwyh',0,'New Post Published - our little Texas son','Hello {{NAME}},<br /><br />We have published a new blog article on our website : our little Texas son<br /><br /><br />You can view it from this link : <a href=\'https://www.bellaeflynn.com/index.php/2018/10/08/our-little-texas-son/\' target=\'_blank\'>https://www.bellaeflynn.com/index.php/2018/10/08/our-little-texas-son/</a><br /><br />Thanks & Regards,<br />Admin<br /><br />You received this email because in the past you have provided us your email address : {{EMAIL}} to receive notifications when new updates are posted.',1,'Sent','2018-10-08 23:25:49','2018-10-08 23:25:52','','2018-10-08 23:25:49','0000-00-00 00:00:00'),(38,'cbfroq-ejwaup-auyemf-pkmuov-hfkncl',0,'New Post Published - pulling a Captain Call','Hello {{NAME}},<br /><br />We have published a new blog article on our website : pulling a Captain Call<br /><br /><br />You can view it from this link : <a href=\'https://www.bellaeflynn.com/index.php/2018/10/12/pulling-a-captain-call/\' target=\'_blank\'>https://www.bellaeflynn.com/index.php/2018/10/12/pulling-a-captain-call/</a><br /><br />Thanks & Regards,<br />Admin<br /><br />You received this email because in the past you have provided us your email address : {{EMAIL}} to receive notifications when new updates are posted.',1,'Sent','2018-10-12 16:45:19','2018-10-12 16:45:19','','2018-10-12 16:45:19','0000-00-00 00:00:00'),(39,'facijs-pdyfxa-jshgfy-uewcag-yirvzo',0,'New Post Published - ah’maze’ing','Hello {{NAME}},<br /><br />We have published a new blog article on our website : ah’maze’ing<br /><br /><br />You can view it from this link : <a href=\'https://www.bellaeflynn.com/index.php/2018/10/28/ahmazeing/\' target=\'_blank\'>https://www.bellaeflynn.com/index.php/2018/10/28/ahmazeing/</a><br /><br />Thanks & Regards,<br />Admin<br /><br />You received this email because in the past you have provided us your email address : {{EMAIL}} to receive notifications when new updates are posted.',1,'Sent','2018-10-29 00:02:26','2018-10-29 00:02:26','','2018-10-29 00:02:26','0000-00-00 00:00:00'),(40,'ftskzg-hscfza-smxtuz-bwclrm-arxzly',0,'New Post Published - semi-tender age of 26','Hello {{NAME}},<br /><br />We have published a new blog article on our website : semi-tender age of 26<br /><br /><br />You can view it from this link : <a href=\'https://www.bellaeflynn.com/index.php/2018/10/30/semi-tender-age-of-26/\' target=\'_blank\'>https://www.bellaeflynn.com/index.php/2018/10/30/semi-tender-age-of-26/</a><br /><br />Thanks & Regards,<br />Admin<br /><br />You received this email because in the past you have provided us your email address : {{EMAIL}} to receive notifications when new updates are posted.',1,'Sent','2018-10-30 21:17:20','2018-10-30 21:17:21','','2018-10-30 21:17:20','0000-00-00 00:00:00'),(41,'uhtdza-lmaqvu-oywkbn-ekhdxg-nycavl',0,'New Post Published - the haunted wood','Hello {{NAME}},<br /><br />We have published a new blog article on our website : the haunted wood<br /><br /><br />You can view it from this link : <a href=\'https://www.bellaeflynn.com/index.php/2018/11/05/the-haunted-wood/\' target=\'_blank\'>https://www.bellaeflynn.com/index.php/2018/11/05/the-haunted-wood/</a><br /><br />Thanks & Regards,<br />Admin<br /><br />You received this email because in the past you have provided us your email address : {{EMAIL}} to receive notifications when new updates are posted.',1,'Sent','2018-11-06 01:04:50','2018-11-06 01:04:52','','2018-11-06 01:04:50','0000-00-00 00:00:00'),(42,'whxjob-ovlwjm-bidgcx-tpbmsa-owjyva',0,'New Post Published - a beautiful night sky','Hello {{NAME}},<br /><br />We have published a new blog article on our website : a beautiful night sky<br /><br /><br />You can view it from this link : <a href=\'https://www.bellaeflynn.com/index.php/2018/11/10/a-beautiful-night-sky/\' target=\'_blank\'>https://www.bellaeflynn.com/index.php/2018/11/10/a-beautiful-night-sky/</a><br /><br />Thanks & Regards,<br />Admin<br /><br />You received this email because in the past you have provided us your email address : {{EMAIL}} to receive notifications when new updates are posted.',1,'Sent','2018-11-11 00:13:19','2018-11-11 00:13:21','','2018-11-11 00:13:19','0000-00-00 00:00:00'),(43,'nfdjxw-aijhel-yeuson-gpmvxa-brgvoz',0,'New Post Published - the outlaw and the ranger','Hello {{NAME}},<br /><br />We have published a new blog article on our website : the outlaw and the ranger<br /><br /><br />You can view it from this link : <a href=\'https://www.bellaeflynn.com/index.php/2018/11/20/the-outlaw-and-the-ranger/\' target=\'_blank\'>https://www.bellaeflynn.com/index.php/2018/11/20/the-outlaw-and-the-ranger/</a><br /><br />Thanks & Regards,<br />Admin<br /><br />You received this email because in the past you have provided us your email address : {{EMAIL}} to receive notifications when new updates are posted.',1,'Sent','2018-11-21 03:45:23','2018-11-21 03:45:30','','2018-11-21 03:45:23','0000-00-00 00:00:00'),(44,'vzxulg-lqgtrc-mzpjnq-ixtlsb-tdrvux',0,'New Post Published - find yourself amongst the stones','Hello {{NAME}},<br /><br />We have published a new blog article on our website : find yourself amongst the stones<br /><br /><br />You can view it from this link : <a href=\'https://www.bellaeflynn.com/index.php/2018/11/25/find-yourself-amongst-the-stones/\' target=\'_blank\'>https://www.bellaeflynn.com/index.php/2018/11/25/find-yourself-amongst-the-stones/</a><br /><br />Thanks & Regards,<br />Admin<br /><br />You received this email because in the past you have provided us your email address : {{EMAIL}} to receive notifications when new updates are posted.',1,'Sent','2018-11-25 15:53:24','2018-11-25 15:53:25','','2018-11-25 15:53:24','0000-00-00 00:00:00'),(45,'nemapg-qhdtle-azlsqi-oqzbre-skoipt',0,'New Post Published - we’re filming a western !','Hello {{NAME}},<br /><br />We have published a new blog article on our website : we’re filming a western !<br /><br /><br />You can view it from this link : <a href=\'https://www.bellaeflynn.com/index.php/2018/11/29/were-filming-a-western/\' target=\'_blank\'>https://www.bellaeflynn.com/index.php/2018/11/29/were-filming-a-western/</a><br /><br />Thanks & Regards,<br />Admin<br /><br />You received this email because in the past you have provided us your email address : {{EMAIL}} to receive notifications when new updates are posted.',1,'Sent','2018-11-30 04:09:03','2018-11-30 04:09:05','','2018-11-30 04:09:03','0000-00-00 00:00:00'),(46,'rejzxg-qbrvux-fybljt-revkcb-zsmqnp',0,'New Post Published - MY FIRST VLOG','Hello {{NAME}},<br /><br />We have published a new blog article on our website : MY FIRST VLOG<br /><br /><br />You can view it from this link : <a href=\'https://www.bellaeflynn.com/index.php/2018/11/30/my-first-vlog/\' target=\'_blank\'>https://www.bellaeflynn.com/index.php/2018/11/30/my-first-vlog/</a><br /><br />Thanks & Regards,<br />Admin<br /><br />You received this email because in the past you have provided us your email address : {{EMAIL}} to receive notifications when new updates are posted.',1,'Sent','2018-11-30 16:19:59','2018-11-30 16:20:01','','2018-11-30 16:19:59','0000-00-00 00:00:00'),(47,'lgmfcu-gtvmfx-rjecok-iownxg-yenlhi',0,'New Post Published - a regular calamity jane #1','Hello {{NAME}},<br /><br />We have published a new blog article on our website : a regular calamity jane #1<br /><br /><br />You can view it from this link : <a href=\'https://www.bellaeflynn.com/index.php/2018/12/08/a-regular-calamity-jane/\' target=\'_blank\'>https://www.bellaeflynn.com/index.php/2018/12/08/a-regular-calamity-jane/</a><br /><br />Thanks & Regards,<br />Admin<br /><br />You received this email because in the past you have provided us your email address : {{EMAIL}} to receive notifications when new updates are posted.',1,'Sent','2018-12-09 03:37:39','2018-12-09 03:37:40','','2018-12-09 03:37:39','0000-00-00 00:00:00'),(48,'cxksgy-lteijn-fmiloj-uobgkw-iwvrkj',0,'New Post Published - novels, 100 subscribers & future plans','Hello {{NAME}},<br /><br />We have published a new blog article on our website : novels, 100 subscribers & future plans<br /><br /><br />You can view it from this link : <a href=\'https://www.bellaeflynn.com/index.php/2018/12/09/novels-100-subscribers-future-plans/\' target=\'_blank\'>https://www.bellaeflynn.com/index.php/2018/12/09/novels-100-subscribers-future-plans/</a><br /><br />Thanks & Regards,<br />Admin<br /><br />You received this email because in the past you have provided us your email address : {{EMAIL}} to receive notifications when new updates are posted.',1,'Sent','2018-12-09 17:37:42','2018-12-09 17:37:42','','2018-12-09 17:37:42','0000-00-00 00:00:00'),(49,'fyicwz-udrzjl-jtxfps-rubslo-jweozn',0,'New Post Published - a penny for your thoughts 1#','Hello {{NAME}},<br /><br />We have published a new blog article on our website : a penny for your thoughts 1#<br /><br /><br />You can view it from this link : <a href=\'https://www.bellaeflynn.com/index.php/2018/12/13/a-penny-for-your-thoughts-1/\' target=\'_blank\'>https://www.bellaeflynn.com/index.php/2018/12/13/a-penny-for-your-thoughts-1/</a><br /><br />Thanks & Regards,<br />Admin<br /><br />You received this email because in the past you have provided us your email address : {{EMAIL}} to receive notifications when new updates are posted.',1,'Sent','2018-12-13 18:29:33','2018-12-13 18:29:33','','2018-12-13 18:29:33','0000-00-00 00:00:00'),(50,'irczku-tgnaur-axzpls-fyurtg-zfmkcy',0,'New Post Published - my out of budget ultimate wishlist, my Danish-Texan dream','Hello {{NAME}},<br /><br />We have published a new blog article on our website : my out of budget ultimate wishlist, my Danish-Texan dream<br /><br /><br />You can view it from this link : <a href=\'https://www.bellaeflynn.com/index.php/2018/12/18/my-out-of-budget-ultimate-wishlist-my-danish-texan-dream/\' target=\'_blank\'>https://www.bellaeflynn.com/index.php/2018/12/18/my-out-of-budget-ultimate-wishlist-my-danish-texan-dream/</a><br /><br />Thanks & Regards,<br />Admin<br /><br />You received this email because in the past you have provided us your email address : {{EMAIL}} to receive notifications when new updates are posted.',1,'Sent','2018-12-18 17:14:24','2018-12-18 17:14:25','','2018-12-18 17:14:24','0000-00-00 00:00:00'),(51,'vtbnlh-emykpg-logmsb-zgesaw-hiwoag',0,'New Post Published - klokken lort om natten','Hello {{NAME}},<br /><br />We have published a new blog article on our website : klokken lort om natten<br /><br /><br />You can view it from this link : <a href=\'https://www.bellaeflynn.com/index.php/2018/12/24/klokken-lort-om-natten/\' target=\'_blank\'>https://www.bellaeflynn.com/index.php/2018/12/24/klokken-lort-om-natten/</a><br /><br />Thanks & Regards,<br />Admin<br /><br />You received this email because in the past you have provided us your email address : {{EMAIL}} to receive notifications when new updates are posted.',1,'Sent','2018-12-24 18:39:17','2018-12-24 18:39:17','','2018-12-24 18:39:17','0000-00-00 00:00:00'),(52,'pbovxf-vjfebq-lyvkue-xcihpu-pywhmx',0,'New Post Published - a regular calamity jane #2','Hello {{NAME}},<br /><br />We have published a new blog article on our website : a regular calamity jane #2<br /><br /><br />You can view it from this link : <a href=\'https://www.bellaeflynn.com/index.php/2018/12/27/a-regular-calamity-jane-2/\' target=\'_blank\'>https://www.bellaeflynn.com/index.php/2018/12/27/a-regular-calamity-jane-2/</a><br /><br />Thanks & Regards,<br />Admin<br /><br />You received this email because in the past you have provided us your email address : {{EMAIL}} to receive notifications when new updates are posted.',1,'Sent','2018-12-27 16:32:45','2018-12-27 16:32:45','','2018-12-27 16:32:45','0000-00-00 00:00:00'),(53,'gvukdb-jkdcpw-rkcwld-zkupgt-ahdcue',0,'New Post Published - Coming to America','Hello {{NAME}},<br /><br />We have published a new blog article on our website : Coming to America<br /><br /><br />You can view it from this link : <a href=\'https://www.bellaeflynn.com/index.php/2019/01/15/coming-to-america/\' target=\'_blank\'>https://www.bellaeflynn.com/index.php/2019/01/15/coming-to-america/</a><br /><br />Thanks & Regards,<br />Admin<br /><br />You received this email because in the past you have provided us your email address : {{EMAIL}} to receive notifications when new updates are posted.',1,'Sent','2019-01-16 02:52:08','2019-01-16 02:52:09','','2019-01-16 02:52:08','0000-00-00 00:00:00'),(54,'ipmtve-sgwfnr-xwmeig-trqsmj-apvqdo',0,'New Post Published - my sweater','Hello {{NAME}},<br /><br />We have published a new blog article on our website : my sweater<br /><br /><br />You can view it from this link : <a href=\'https://www.bellaeflynn.com/index.php/2019/02/02/my-sweater/\' target=\'_blank\'>https://www.bellaeflynn.com/index.php/2019/02/02/my-sweater/</a><br /><br />Thanks & Regards,<br />Admin<br /><br />You received this email because in the past you have provided us your email address : {{EMAIL}} to receive notifications when new updates are posted.',1,'Sent','2019-02-02 17:06:06','2019-02-02 17:06:07','','2019-02-02 17:06:06','0000-00-00 00:00:00'),(55,'nspryk-gmetov-qzcklp-lbcpxk-gtzhab',0,'New Post Published - my spirit','Hello {{NAME}},<br /><br />We have published a new blog article on our website : my spirit<br /><br /><br />You can view it from this link : <a href=\'https://www.bellaeflynn.com/index.php/2019/02/03/my-spirit/\' target=\'_blank\'>https://www.bellaeflynn.com/index.php/2019/02/03/my-spirit/</a><br /><br />Thanks & Regards,<br />Admin<br /><br />You received this email because in the past you have provided us your email address : {{EMAIL}} to receive notifications when new updates are posted.',1,'Sent','2019-02-04 00:40:55','2019-02-04 00:40:56','','2019-02-04 00:40:55','0000-00-00 00:00:00'),(56,'pmebzc-whicrx-duozvw-uiqrxp-ozyhav',0,'New Post Published - hide paintings','Hello {{NAME}},<br /><br />We have published a new blog article on our website : hide paintings<br /><br /><br />You can view it from this link : <a href=\'https://www.bellaeflynn.com/index.php/2019/02/04/hidepaintings/\' target=\'_blank\'>https://www.bellaeflynn.com/index.php/2019/02/04/hidepaintings/</a><br /><br />Thanks & Regards,<br />Admin<br /><br />You received this email because in the past you have provided us your email address : {{EMAIL}} to receive notifications when new updates are posted.',1,'Sent','2019-02-05 02:20:41','2019-02-05 02:20:43','','2019-02-05 02:20:41','0000-00-00 00:00:00'),(57,'ftkqev-nszixa-qlkzim-emgliy-kwfhul',0,'New Post Published - slow thursdays','Hello {{NAME}},<br /><br />We have published a new blog article on our website : slow thursdays<br /><br /><br />You can view it from this link : <a href=\'https://www.bellaeflynn.com/index.php/2019/02/07/slow-thursdays/\' target=\'_blank\'>https://www.bellaeflynn.com/index.php/2019/02/07/slow-thursdays/</a><br /><br />Thanks & Regards,<br />Admin<br /><br />You received this email because in the past you have provided us your email address : {{EMAIL}} to receive notifications when new updates are posted.',1,'Sent','2019-02-08 00:41:35','2019-02-08 00:41:37','','2019-02-08 00:41:35','0000-00-00 00:00:00'),(58,'maovgd-cqigpu-mdybxw-fadukn-byprkt',0,'New Post Published - vlog 3','Hello {{NAME}},<br /><br />We have published a new blog article on our website : vlog 3<br /><br /><br />You can view it from this link : <a href=\'https://www.bellaeflynn.com/index.php/2019/02/12/vlog-3/\' target=\'_blank\'>https://www.bellaeflynn.com/index.php/2019/02/12/vlog-3/</a><br /><br />Thanks & Regards,<br />Admin<br /><br />You received this email because in the past you have provided us your email address : {{EMAIL}} to receive notifications when new updates are posted.',1,'Sent','2019-02-12 20:21:27','2019-02-12 20:21:28','','2019-02-12 20:21:27','0000-00-00 00:00:00'),(59,'izwpud-qiclhs-gzawsd-obygpu-cvzorx',0,'New Post Published - my sad old thoughts','Hello {{NAME}},<br /><br />We have published a new blog article on our website : my sad old thoughts<br /><br /><br />You can view it from this link : <a href=\'https://www.bellaeflynn.com/index.php/2019/02/17/my-sad-old-thoughts/\' target=\'_blank\'>https://www.bellaeflynn.com/index.php/2019/02/17/my-sad-old-thoughts/</a><br /><br />Thanks & Regards,<br />Admin<br /><br />You received this email because in the past you have provided us your email address : {{EMAIL}} to receive notifications when new updates are posted.',1,'Sent','2019-02-18 02:12:38','2019-02-18 02:12:40','','2019-02-18 02:12:38','0000-00-00 00:00:00'),(60,'kqmelc-joerql-lvahiw-pkyvmg-uektho',0,'New Post Published - i took a detour','Hello {{NAME}},<br /><br />We have published a new blog article on our website : i took a detour<br /><br /><br />You can view it from this link : <a href=\'https://www.bellaeflynn.com/index.php/2019/02/23/i-took-a-detour/\' target=\'_blank\'>https://www.bellaeflynn.com/index.php/2019/02/23/i-took-a-detour/</a><br /><br />Thanks & Regards,<br />Admin<br /><br />You received this email because in the past you have provided us your email address : {{EMAIL}} to receive notifications when new updates are posted.',1,'Sent','2019-02-23 23:19:49','2019-02-23 23:19:50','','2019-02-23 23:19:49','0000-00-00 00:00:00'),(61,'nawhdq-bmdequ-lgkqja-nhgwuo-ukmyvo',0,'New Post Published - memories riding me west','Hello {{NAME}},<br /><br />We have published a new blog article on our website : memories riding me west<br /><br /><br />You can view it from this link : <a href=\'https://www.bellaeflynn.com/index.php/2019/02/27/memories-riding-me-west/\' target=\'_blank\'>https://www.bellaeflynn.com/index.php/2019/02/27/memories-riding-me-west/</a><br /><br />Thanks & Regards,<br />Admin<br /><br />You received this email because in the past you have provided us your email address : {{EMAIL}} to receive notifications when new updates are posted.',1,'Sent','2019-02-27 20:41:59','2019-02-27 20:42:00','','2019-02-27 20:41:59','0000-00-00 00:00:00'),(62,'ynhaol-pufykj-lrxehf-ubzdai-ztielk',0,'New Post Published - new horizons','Hello {{NAME}},<br /><br />We have published a new blog article on our website : new horizons<br /><br /><br />You can view it from this link : <a href=\'https://www.bellaeflynn.com/index.php/2019/03/11/new-horizons/\' target=\'_blank\'>https://www.bellaeflynn.com/index.php/2019/03/11/new-horizons/</a><br /><br />Thanks & Regards,<br />Admin<br /><br />You received this email because in the past you have provided us your email address : {{EMAIL}} to receive notifications when new updates are posted.',1,'Sent','2019-03-12 02:14:03','2019-03-12 02:14:04','','2019-03-12 02:14:03','0000-00-00 00:00:00'),(63,'gqmawl-gibrwj-slbuzx-sgxwao-vszxbq',0,'New Post Published - another day','Hello {{NAME}},<br /><br />We have published a new blog article on our website : another day<br /><br /><br />You can view it from this link : <a href=\'https://www.bellaeflynn.com/index.php/2019/03/15/another-day/\' target=\'_blank\'>https://www.bellaeflynn.com/index.php/2019/03/15/another-day/</a><br /><br />Thanks & Regards,<br />Admin<br /><br />You received this email because in the past you have provided us your email address : {{EMAIL}} to receive notifications when new updates are posted.',1,'Sent','2019-03-16 01:10:57','2019-03-16 01:11:00','','2019-03-16 01:10:57','0000-00-00 00:00:00'),(64,'bwkvxc-nxozcy-vfhkqs-tmjdlw-nrkdpw',0,'New Post Published - something you’d rather be doing','Hello {{NAME}},<br /><br />We have published a new blog article on our website : something you’d rather be doing<br /><br /><br />You can view it from this link : <a href=\'https://www.bellaeflynn.com/index.php/2019/04/08/something-youd-rather-be-doing/\' target=\'_blank\'>https://www.bellaeflynn.com/index.php/2019/04/08/something-youd-rather-be-doing/</a><br /><br />Thanks & Regards,<br />Admin<br /><br />You received this email because in the past you have provided us your email address : {{EMAIL}} to receive notifications when new updates are posted.',1,'Sent','2019-04-08 18:36:19','2019-04-08 18:36:20','','2019-04-08 18:36:19','0000-00-00 00:00:00'),(65,'wxdusl-xqpmla-kpyzex-dhlifq-oibrxe',0,'New Post Published - amarillo by morning','Hello {{NAME}},<br /><br />We have published a new blog article on our website : amarillo by morning<br /><br /><br />You can view it from this link : <a href=\'https://www.bellaeflynn.com/index.php/2019/04/10/amarillo-by-morning/\' target=\'_blank\'>https://www.bellaeflynn.com/index.php/2019/04/10/amarillo-by-morning/</a><br /><br />Thanks & Regards,<br />Admin<br /><br />You received this email because in the past you have provided us your email address : {{EMAIL}} to receive notifications when new updates are posted.',1,'Sent','2019-04-10 22:35:38','2019-04-10 22:35:39','','2019-04-10 22:35:38','0000-00-00 00:00:00'),(66,'wokple-kbcepz-kunycb-mrkvaj-qxyjft',0,'New Post Published - happy #nationalpetday !','Hello {{NAME}},<br /><br />We have published a new blog article on our website : happy #nationalpetday !<br /><br /><br />You can view it from this link : <a href=\'https://www.bellaeflynn.com/index.php/2019/04/12/happy-nationalpetday/\' target=\'_blank\'>https://www.bellaeflynn.com/index.php/2019/04/12/happy-nationalpetday/</a><br /><br />Thanks & Regards,<br />Admin<br /><br />You received this email because in the past you have provided us your email address : {{EMAIL}} to receive notifications when new updates are posted.',1,'Sent','2019-04-12 20:29:55','2019-04-12 20:29:56','','2019-04-12 20:29:55','0000-00-00 00:00:00'),(67,'fourcw-uxljiy-laqpon-fcpqhb-qwdxjc',0,'New Post Published - the grønland sweater','Hello {{NAME}},<br /><br />We have published a new blog article on our website : the grønland sweater<br /><br /><br />You can view it from this link : <a href=\'https://www.bellaeflynn.com/index.php/2019/04/13/the-gronland-sweater/\' target=\'_blank\'>https://www.bellaeflynn.com/index.php/2019/04/13/the-gronland-sweater/</a><br /><br />Thanks & Regards,<br />Admin<br /><br />You received this email because in the past you have provided us your email address : {{EMAIL}} to receive notifications when new updates are posted.',1,'Sent','2019-04-13 16:50:48','2019-04-13 16:50:51','','2019-04-13 16:50:48','0000-00-00 00:00:00'),(68,'gjyace-zkrhnc-ijuqxz-xtrngu-whdmlk',0,'New Post Published - marriage counselling','Hello {{NAME}},<br /><br />We have published a new blog article on our website : marriage counselling<br /><br /><br />You can view it from this link : <a href=\'https://www.bellaeflynn.com/index.php/2019/05/11/marriage-counselling/\' target=\'_blank\'>https://www.bellaeflynn.com/index.php/2019/05/11/marriage-counselling/</a><br /><br />Thanks & Regards,<br />Admin<br /><br />You received this email because in the past you have provided us your email address : {{EMAIL}} to receive notifications when new updates are posted.',1,'Sent','2019-05-11 22:16:20','2019-05-11 22:16:21','','2019-05-11 22:16:20','0000-00-00 00:00:00'),(69,'yzuinp-tsearv-wipftz-gfycqm-bpdies',0,'New Post Published - a few minutes of healing','Hello {{NAME}},<br /><br />We have published a new blog article on our website : a few minutes of healing<br /><br /><br />You can view it from this link : <a href=\'https://www.bellaeflynn.com/index.php/2019/05/15/a-few-minutes-of-healing/\' target=\'_blank\'>https://www.bellaeflynn.com/index.php/2019/05/15/a-few-minutes-of-healing/</a><br /><br />Thanks & Regards,<br />Admin<br /><br />You received this email because in the past you have provided us your email address : {{EMAIL}} to receive notifications when new updates are posted.',1,'Sent','2019-05-16 00:20:00','2019-05-16 00:20:05','','2019-05-16 00:20:00','0000-00-00 00:00:00'),(70,'oxyvnq-dxwoka-bnaqoy-astreo-nxcpak',0,'New Post Published - Thats all we have to play with really isn’t it?','Hello {{NAME}},<br /><br />We have published a new blog article on our website : Thats all we have to play with really isn’t it?<br /><br /><br />You can view it from this link : <a href=\'https://www.bellaeflynn.com/index.php/2019/06/05/thats-all-we-have-to-play-with-really-isnt-it/\' target=\'_blank\'>https://www.bellaeflynn.com/index.php/2019/06/05/thats-all-we-have-to-play-with-really-isnt-it/</a><br /><br />Thanks & Regards,<br />Admin<br /><br />You received this email because in the past you have provided us your email address : {{EMAIL}} to receive notifications when new updates are posted.',1,'Sent','2019-06-05 22:06:20','2019-06-05 22:06:21','','2019-06-05 22:06:20','0000-00-00 00:00:00'),(71,'cmzxwq-istgyq-cduhvs-ogvred-iszcwy',0,'New Post Published - bumblee whiskey','Hello {{NAME}},<br /><br />We have published a new blog article on our website : bumblee whiskey<br /><br /><br />You can view it from this link : <a href=\'https://www.bellaeflynn.com/index.php/2019/06/06/bumblee-whiskey/\' target=\'_blank\'>https://www.bellaeflynn.com/index.php/2019/06/06/bumblee-whiskey/</a><br /><br />Thanks & Regards,<br />Admin<br /><br />You received this email because in the past you have provided us your email address : {{EMAIL}} to receive notifications when new updates are posted.',1,'Sent','2019-06-07 02:24:33','2019-06-07 02:24:34','','2019-06-07 02:24:33','0000-00-00 00:00:00'),(72,'xmptda-wbmngh-opacmz-capoyk-lrxpmo',0,'New Post Published - the peter pan','Hello {{NAME}},<br /><br />We have published a new blog article on our website : the peter pan<br /><br /><br />You can view it from this link : <a href=\'https://www.bellaeflynn.com/index.php/2019/06/20/the-peter-pan/\' target=\'_blank\'>https://www.bellaeflynn.com/index.php/2019/06/20/the-peter-pan/</a><br /><br />Thanks & Regards,<br />Admin<br /><br />You received this email because in the past you have provided us your email address : {{EMAIL}} to receive notifications when new updates are posted.',1,'Sent','2019-06-20 23:10:18','2019-06-20 23:10:19','','2019-06-20 23:10:18','0000-00-00 00:00:00'),(73,'buptch-txbvwq-hspjov-kwoybv-nbilxu',0,'New Post Published - born of stones','Hello {{NAME}},<br /><br />We have published a new blog article on our website : born of stones<br /><br /><br />You can view it from this link : <a href=\'https://www.bellaeflynn.com/index.php/2019/07/02/born-of-stones/\' target=\'_blank\'>https://www.bellaeflynn.com/index.php/2019/07/02/born-of-stones/</a><br /><br />Thanks & Regards,<br />Admin<br /><br />You received this email because in the past you have provided us your email address : {{EMAIL}} to receive notifications when new updates are posted.',1,'Sent','2019-07-03 01:20:56','2019-07-03 01:20:58','','2019-07-03 01:20:56','0000-00-00 00:00:00'),(74,'cdtohe-eduynz-vqonhm-nxmjul-kjhogq',0,'New Post Published - those 10 things i miss about merry old england','Hello {{NAME}},<br /><br />We have published a new blog article on our website : those 10 things i miss about merry old england<br /><br /><br />You can view it from this link : <a href=\'https://www.bellaeflynn.com/index.php/2019/07/06/those-10-things-i-miss-about-merry-old-england/\' target=\'_blank\'>https://www.bellaeflynn.com/index.php/2019/07/06/those-10-things-i-miss-about-merry-old-england/</a><br /><br />Thanks & Regards,<br />Admin<br /><br />You received this email because in the past you have provided us your email address : {{EMAIL}} to receive notifications when new updates are posted.',1,'Sent','2019-07-07 00:39:05','2019-07-07 00:39:06','','2019-07-07 00:39:05','0000-00-00 00:00:00'),(75,'dcqrbn-gnfajl-nmszgj-agdylq-lzyoxw',0,'New Post Published - A new challenge and trading with a friend','Hello {{NAME}},<br /><br />We have published a new blog article on our website : A new challenge and trading with a friend<br /><br /><br />You can view it from this link : <a href=\'https://www.bellaeflynn.com/index.php/2019/07/07/a-new-challenge-and-trading-with-a-friend/\' target=\'_blank\'>https://www.bellaeflynn.com/index.php/2019/07/07/a-new-challenge-and-trading-with-a-friend/</a><br /><br />Thanks & Regards,<br />Admin<br /><br />You received this email because in the past you have provided us your email address : {{EMAIL}} to receive notifications when new updates are posted.',1,'Sent','2019-07-08 01:54:11','2019-07-08 01:54:13','','2019-07-08 01:54:11','0000-00-00 00:00:00'),(76,'xukoqb-mhwnsg-fyowvb-cxqvwp-xnpfrs',0,'New Post Published - prospectin’','Hello {{NAME}},<br /><br />We have published a new blog article on our website : prospectin’<br /><br /><br />You can view it from this link : <a href=\'https://www.bellaeflynn.com/index.php/2019/07/11/prospectin/\' target=\'_blank\'>https://www.bellaeflynn.com/index.php/2019/07/11/prospectin/</a><br /><br />Thanks & Regards,<br />Admin<br /><br />You received this email because in the past you have provided us your email address : {{EMAIL}} to receive notifications when new updates are posted.',1,'Sent','2019-07-11 17:28:11','2019-07-11 17:28:12','','2019-07-11 17:28:11','0000-00-00 00:00:00'),(77,'conrgj-lxokph-tbhngi-lhexro-sjutpq',0,'New Post Published - the walking sweater and floppy ears','Hello {{NAME}},<br /><br />We have published a new blog article on our website : the walking sweater and floppy ears<br /><br /><br />You can view it from this link : <a href=\'https://www.bellaeflynn.com/index.php/2019/07/14/the-walking-sweater-and-floppy-ears/\' target=\'_blank\'>https://www.bellaeflynn.com/index.php/2019/07/14/the-walking-sweater-and-floppy-ears/</a><br /><br />Thanks & Regards,<br />Admin<br /><br />You received this email because in the past you have provided us your email address : {{EMAIL}} to receive notifications when new updates are posted.',1,'Sent','2019-07-15 00:39:46','2019-07-15 00:39:47','','2019-07-15 00:39:46','0000-00-00 00:00:00'),(78,'bmrjpy-uqvhjk-taugen-rygvpf-somzhv',0,'New Post Published - the day i met Crazy Horse’ Elder, Wopila !','Hello {{NAME}},<br /><br />We have published a new blog article on our website : the day i met Crazy Horse’ Elder, Wopila !<br /><br /><br />You can view it from this link : <a href=\'https://www.bellaeflynn.com/index.php/2019/07/18/the-day-i-met-crazy-horse-elder-wopila/\' target=\'_blank\'>https://www.bellaeflynn.com/index.php/2019/07/18/the-day-i-met-crazy-horse-elder-wopila/</a><br /><br />Thanks & Regards,<br />Admin<br /><br />You received this email because in the past you have provided us your email address : {{EMAIL}} to receive notifications when new updates are posted.',1,'Sent','2019-07-18 23:01:59','2019-07-18 23:02:00','','2019-07-18 23:01:59','0000-00-00 00:00:00'),(79,'agboiz-tshbpd-cwhxzm-xtcize-rwjhgc',0,'New Post Published - a little update','Hello {{NAME}},<br /><br />We have published a new blog article on our website : a little update<br /><br /><br />You can view it from this link : <a href=\'https://www.bellaeflynn.com/index.php/2019/08/24/a-little-update/\' target=\'_blank\'>https://www.bellaeflynn.com/index.php/2019/08/24/a-little-update/</a><br /><br />Thanks & Regards,<br />Admin<br /><br />You received this email because in the past you have provided us your email address : {{EMAIL}} to receive notifications when new updates are posted.',1,'Sent','2019-08-24 15:41:41','2019-08-24 15:41:41','','2019-08-24 15:41:41','0000-00-00 00:00:00'),(80,'wtqexi-ctpjiy-swaidz-asrckp-uzkanl',0,'New Post Published - a trip to medicine bow','Hello {{NAME}},<br /><br />We have published a new blog article on our website : a trip to medicine bow<br /><br /><br />You can view it from this link : <a href=\'https://www.bellaeflynn.com/index.php/2019/08/25/a-trip-to-medicine-bow/\' target=\'_blank\'>https://www.bellaeflynn.com/index.php/2019/08/25/a-trip-to-medicine-bow/</a><br /><br />Thanks & Regards,<br />Admin<br /><br />You received this email because in the past you have provided us your email address : {{EMAIL}} to receive notifications when new updates are posted.',1,'Sent','2019-08-26 00:30:47','2019-08-26 00:30:48','','2019-08-26 00:30:47','0000-00-00 00:00:00'),(81,'pqvhdc-jtgnqc-kqdgun-cpwtfo-boxsvh',0,'New Post Published - all trails lead to laramie','Hello {{NAME}},<br /><br />We have published a new blog article on our website : all trails lead to laramie<br /><br /><br />You can view it from this link : <a href=\'https://www.bellaeflynn.com/index.php/2019/08/27/all-trails-lead-to-laramie/\' target=\'_blank\'>https://www.bellaeflynn.com/index.php/2019/08/27/all-trails-lead-to-laramie/</a><br /><br />Thanks & Regards,<br />Admin<br /><br />You received this email because in the past you have provided us your email address : {{EMAIL}} to receive notifications when new updates are posted.',1,'Sent','2019-08-27 15:06:39','2019-08-27 15:06:39','','2019-08-27 15:06:39','0000-00-00 00:00:00'),(82,'lmoedu-dflwqz-pbcwkt-ilecnr-drljeh',0,'New Post Published - goodnight laramie','Hello {{NAME}},<br /><br />We have published a new blog article on our website : goodnight laramie<br /><br /><br />You can view it from this link : <a href=\'https://www.bellaeflynn.com/index.php/2019/09/01/goodnight-laramie/\' target=\'_blank\'>https://www.bellaeflynn.com/index.php/2019/09/01/goodnight-laramie/</a><br /><br />Thanks & Regards,<br />Admin<br /><br />You received this email because in the past you have provided us your email address : {{EMAIL}} to receive notifications when new updates are posted.',1,'Sent','2019-09-01 05:17:32','2019-09-01 05:17:33','','2019-09-01 05:17:32','0000-00-00 00:00:00'),(83,'wtmoiz-ascxqr-ktxdyo-paekqm-atolse',0,'New Post Published - the things i’ll do','Hello {{NAME}},<br /><br />We have published a new blog article on our website : the things i’ll do<br /><br /><br />You can view it from this link : <a href=\'https://www.bellaeflynn.com/index.php/2019/09/03/things-ill-do-in-laramie/\' target=\'_blank\'>https://www.bellaeflynn.com/index.php/2019/09/03/things-ill-do-in-laramie/</a><br /><br />Thanks & Regards,<br />Admin<br /><br />You received this email because in the past you have provided us your email address : {{EMAIL}} to receive notifications when new updates are posted.',1,'Sent','2019-09-03 12:46:17','2019-09-03 12:46:17','','2019-09-03 12:46:17','0000-00-00 00:00:00'),(84,'tewshk-pjovcy-bpknmc-kulmtz-chtuae',0,'New Post Published - All Trails Lead to Laramie **vlog**','Hello {{NAME}},<br /><br />We have published a new blog article on our website : All Trails Lead to Laramie **vlog**<br /><br /><br />You can view it from this link : <a href=\'https://www.bellaeflynn.com/index.php/2019/09/05/all-trails-lead-to-laramie-vlog/\' target=\'_blank\'>https://www.bellaeflynn.com/index.php/2019/09/05/all-trails-lead-to-laramie-vlog/</a><br /><br />Thanks & Regards,<br />Admin<br /><br />You received this email because in the past you have provided us your email address : {{EMAIL}} to receive notifications when new updates are posted.',1,'Sent','2019-09-05 23:59:57','2019-09-05 23:59:57','','2019-09-05 23:59:57','0000-00-00 00:00:00'),(85,'kmryob-hftzmj-haektp-itqypd-oxqhiv',0,'New Post Published - chasing the american mustang *take one*','Hello {{NAME}},<br /><br />We have published a new blog article on our website : chasing the american mustang *take one*<br /><br /><br />You can view it from this link : <a href=\'https://www.bellaeflynn.com/index.php/2019/09/18/chasing-the-american-mustang-take-one/\' target=\'_blank\'>https://www.bellaeflynn.com/index.php/2019/09/18/chasing-the-american-mustang-take-one/</a><br /><br />Thanks & Regards,<br />Admin<br /><br />You received this email because in the past you have provided us your email address : {{EMAIL}} to receive notifications when new updates are posted.',1,'Sent','2019-09-18 23:26:39','2019-09-18 23:26:40','','2019-09-18 23:26:39','0000-00-00 00:00:00'),(86,'ubrmos-mgxhjo-ouvgyr-igqehv-oqiemt',0,'New Post Published - whats coming to etsy…','Hello {{NAME}},<br /><br />We have published a new blog article on our website : whats coming to etsy…<br /><br /><br />You can view it from this link : <a href=\'https://www.bellaeflynn.com/index.php/2019/09/22/whats-coming-to-etsy/\' target=\'_blank\'>https://www.bellaeflynn.com/index.php/2019/09/22/whats-coming-to-etsy/</a><br /><br />Thanks & Regards,<br />Admin<br /><br />You received this email because in the past you have provided us your email address : {{EMAIL}} to receive notifications when new updates are posted.',1,'Sent','2019-09-22 22:03:29','2019-09-22 22:03:30','','2019-09-22 22:03:29','0000-00-00 00:00:00'),(87,'yepang-vgckiw-ygkumw-qulreg-mujdqg',0,'New Post Published - old bow leg','Hello {{NAME}},<br /><br />We have published a new blog article on our website : old bow leg<br /><br /><br />You can view it from this link : <a href=\'https://www.bellaeflynn.com/index.php/2019/09/25/old-bow-leg/\' target=\'_blank\'>https://www.bellaeflynn.com/index.php/2019/09/25/old-bow-leg/</a><br /><br />Thanks & Regards,<br />Admin<br /><br />You received this email because in the past you have provided us your email address : {{EMAIL}} to receive notifications when new updates are posted.',1,'Sent','2019-09-25 17:04:28','2019-09-25 17:04:28','','2019-09-25 17:04:28','0000-00-00 00:00:00'),(88,'wgyhms-uwqgst-zmeurk-bkfxya-citfwl',0,'New Post Published - our first month','Hello {{NAME}},<br /><br />We have published a new blog article on our website : our first month<br /><br /><br />You can view it from this link : <a href=\'https://www.bellaeflynn.com/index.php/2019/09/29/our-first-month/\' target=\'_blank\'>https://www.bellaeflynn.com/index.php/2019/09/29/our-first-month/</a><br /><br />Thanks & Regards,<br />Admin<br /><br />You received this email because in the past you have provided us your email address : {{EMAIL}} to receive notifications when new updates are posted.',1,'Sent','2019-09-30 00:24:33','2019-09-30 00:24:34','','2019-09-30 00:24:33','0000-00-00 00:00:00'),(89,'ayzgqd-laydsw-vwcush-nvikhd-owmvls',0,'New Post Published - live on etsy as of today !','Hello {{NAME}},<br /><br />We have published a new blog article on our website : live on etsy as of today !<br /><br /><br />You can view it from this link : <a href=\'https://www.bellaeflynn.com/index.php/2019/10/05/live-on-etsy-as-of-today/\' target=\'_blank\'>https://www.bellaeflynn.com/index.php/2019/10/05/live-on-etsy-as-of-today/</a><br /><br />Thanks & Regards,<br />Admin<br /><br />You received this email because in the past you have provided us your email address : {{EMAIL}} to receive notifications when new updates are posted.',1,'Sent','2019-10-06 00:31:59','2019-10-06 00:32:03','','2019-10-06 00:31:59','0000-00-00 00:00:00'),(90,'szqtxn-wsxzfm-rnwvsl-kdpcuw-ghjkma',0,'New Post Published - a little post and an update','Hello {{NAME}},<br /><br />We have published a new blog article on our website : a little post and an update<br /><br /><br />You can view it from this link : <a href=\'https://www.bellaeflynn.com/index.php/2019/10/11/a-little-post-and-an-update/\' target=\'_blank\'>https://www.bellaeflynn.com/index.php/2019/10/11/a-little-post-and-an-update/</a><br /><br />Thanks & Regards,<br />Admin<br /><br />You received this email because in the past you have provided us your email address : {{EMAIL}} to receive notifications when new updates are posted.',1,'Sent','2019-10-12 02:08:53','2019-10-12 02:08:55','','2019-10-12 02:08:53','0000-00-00 00:00:00'),(91,'vcpuxi-xmokyb-waujzh-ijfpsh-fltzyi',0,'New Post Published - side tracked','Hello {{NAME}},<br /><br />We have published a new blog article on our website : side tracked<br /><br /><br />You can view it from this link : <a href=\'https://www.bellaeflynn.com/index.php/2019/11/11/side-tracked/\' target=\'_blank\'>https://www.bellaeflynn.com/index.php/2019/11/11/side-tracked/</a><br /><br />Thanks & Regards,<br />Admin<br /><br />You received this email because in the past you have provided us your email address : {{EMAIL}} to receive notifications when new updates are posted.',1,'Sent','2019-11-11 19:05:16','2019-11-11 19:05:17','','2019-11-11 19:05:16','0000-00-00 00:00:00'),(92,'tclkmi-fqtcad-pyakmg-wxpvlh-nofvlj',0,'New Post Published - novel idea','Hello {{NAME}},<br /><br />We have published a new blog article on our website : novel idea<br /><br /><br />You can view it from this link : <a href=\'https://www.bellaeflynn.com/index.php/2019/11/14/2604/\' target=\'_blank\'>https://www.bellaeflynn.com/index.php/2019/11/14/2604/</a><br /><br />Thanks & Regards,<br />Admin<br /><br />You received this email because in the past you have provided us your email address : {{EMAIL}} to receive notifications when new updates are posted.',1,'Sent','2019-11-14 19:02:16','2019-11-14 19:02:17','','2019-11-14 19:02:16','0000-00-00 00:00:00'),(93,'mphgxf-nfjayz-tujbqs-eskvty-qvkzfc',0,'New Post Published - torsdag','Hello {{NAME}},<br /><br />We have published a new blog article on our website : torsdag<br /><br /><br />You can view it from this link : <a href=\'https://www.bellaeflynn.com/index.php/2019/11/14/torsdag/\' target=\'_blank\'>https://www.bellaeflynn.com/index.php/2019/11/14/torsdag/</a><br /><br />Thanks & Regards,<br />Admin<br /><br />You received this email because in the past you have provided us your email address : {{EMAIL}} to receive notifications when new updates are posted.',1,'Sent','2019-11-15 03:45:12','2019-11-15 03:45:14','','2019-11-15 03:45:12','0000-00-00 00:00:00'),(94,'gemtvh-fqntmi-ywsblx-aldhkv-gmvsxu',0,'New Post Published - a day in the life of a lowly semi-published writer','Hello {{NAME}},<br /><br />We have published a new blog article on our website : a day in the life of a lowly semi-published writer<br /><br /><br />You can view it from this link : <a href=\'https://www.bellaeflynn.com/index.php/2019/11/15/a-day-in-the-life-of-a-lowly-semi-published-writer/\' target=\'_blank\'>https://www.bellaeflynn.com/index.php/2019/11/15/a-day-in-the-life-of-a-lowly-semi-published-writer/</a><br /><br />Thanks & Regards,<br />Admin<br /><br />You received this email because in the past you have provided us your email address : {{EMAIL}} to receive notifications when new updates are posted.',1,'Sent','2019-11-16 03:25:58','2019-11-16 03:25:59','','2019-11-16 03:25:58','0000-00-00 00:00:00'),(95,'psheju-qztdfu-kcmfap-jmktcz-oinchl',0,'New Post Published - what i do when i disappear','Hello {{NAME}},<br /><br />We have published a new blog article on our website : what i do when i disappear<br /><br /><br />You can view it from this link : <a href=\'https://www.bellaeflynn.com/index.php/2019/11/24/what-i-do-when-i-disappear/\' target=\'_blank\'>https://www.bellaeflynn.com/index.php/2019/11/24/what-i-do-when-i-disappear/</a><br /><br />Thanks & Regards,<br />Admin<br /><br />You received this email because in the past you have provided us your email address : {{EMAIL}} to receive notifications when new updates are posted.',1,'Sent','2019-11-25 02:45:43','2019-11-25 02:45:44','','2019-11-25 02:45:43','0000-00-00 00:00:00'),(96,'qilgwb-qhupjz-yfzgxm-matnhb-sgxalw',0,'New Post Published - pigeon Sandford','Hello {{NAME}},<br /><br />We have published a new blog article on our website : pigeon Sandford<br /><br /><br />You can view it from this link : <a href=\'https://www.bellaeflynn.com/index.php/2019/11/26/pigeon-sandford/\' target=\'_blank\'>https://www.bellaeflynn.com/index.php/2019/11/26/pigeon-sandford/</a><br /><br />Thanks & Regards,<br />Admin<br /><br />You received this email because in the past you have provided us your email address : {{EMAIL}} to receive notifications when new updates are posted.',1,'Sent','2019-11-26 22:21:20','2019-11-26 22:21:24','','2019-11-26 22:21:20','0000-00-00 00:00:00'),(97,'zaovdr-kxhqry-anozmj-ovkwzg-exibra',0,'New Post Published - Happy First of December! ','Hello {{NAME}},<br /><br />We have published a new blog article on our website : Happy First of December! <br /><br /><br />You can view it from this link : <a href=\'https://www.bellaeflynn.com/index.php/2019/12/01/happy-first-of-december/\' target=\'_blank\'>https://www.bellaeflynn.com/index.php/2019/12/01/happy-first-of-december/</a><br /><br />Thanks & Regards,<br />Admin<br /><br />You received this email because in the past you have provided us your email address : {{EMAIL}} to receive notifications when new updates are posted.',1,'Sent','2019-12-02 01:40:21','2019-12-02 01:40:28','','2019-12-02 01:40:21','0000-00-00 00:00:00'),(98,'vpcuko-jnzimc-gtplvo-xcorph-vkophx',0,'New Post Published - my new camera and a ride around town','Hello {{NAME}},<br /><br />We have published a new blog article on our website : my new camera and a ride around town<br /><br /><br />You can view it from this link : <a href=\'https://www.bellaeflynn.com/index.php/2019/12/07/new-camera/\' target=\'_blank\'>https://www.bellaeflynn.com/index.php/2019/12/07/new-camera/</a><br /><br />Thanks & Regards,<br />Admin<br /><br />You received this email because in the past you have provided us your email address : {{EMAIL}} to receive notifications when new updates are posted.',1,'Sent','2019-12-08 06:50:51','2019-12-08 06:50:52','','2019-12-08 06:50:51','0000-00-00 00:00:00'),(99,'fmqyal-zxuvpn-rnhtxf-cbgwnl-gshofd',0,'New Post Published - exciting news','Hello {{NAME}},<br /><br />We have published a new blog article on our website : exciting news<br /><br /><br />You can view it from this link : <a href=\'https://www.bellaeflynn.com/index.php/2019/12/09/exciting-news/\' target=\'_blank\'>https://www.bellaeflynn.com/index.php/2019/12/09/exciting-news/</a><br /><br />Thanks & Regards,<br />Admin<br /><br />You received this email because in the past you have provided us your email address : {{EMAIL}} to receive notifications when new updates are posted.',1,'Sent','2019-12-10 02:27:43','2019-12-10 02:27:43','','2019-12-10 02:27:43','0000-00-00 00:00:00'),(100,'mepnrg-cybhmu-nxduqh-cnhgwr-ajicnl',0,'New Post Published - home for christmas','Hello {{NAME}},<br /><br />We have published a new blog article on our website : home for christmas<br /><br /><br />You can view it from this link : <a href=\'https://www.bellaeflynn.com/index.php/2019/12/20/home-for-christmas/\' target=\'_blank\'>https://www.bellaeflynn.com/index.php/2019/12/20/home-for-christmas/</a><br /><br />Thanks & Regards,<br />Admin<br /><br />You received this email because in the past you have provided us your email address : {{EMAIL}} to receive notifications when new updates are posted.',1,'Sent','2019-12-20 16:34:29','2019-12-20 16:34:30','','2019-12-20 16:34:29','0000-00-00 00:00:00'),(101,'hdotpy-ozvqhb-cdlzro-aviwcy-pwoxte',2,'test 2020','<p><img class=\"alignnone size-full wp-image-4326\" src=\"https://www.bellaeflynn.com/wp-content/uploads/2020/12/bellaeflynn-newsletter-December.png\" alt=\"\" width=\"750\" height=\"994\" /> <img class=\"alignnone size-full wp-image-4325\" src=\"https://www.bellaeflynn.com/wp-content/uploads/2020/12/bellaeflynn-newsletter-December-2.png\" alt=\"\" width=\"750\" height=\"994\" /></p>\n',1,'Sent','2020-12-11 03:22:15','2020-12-11 03:22:16','a:1:{s:4:\"type\";s:10:\"newsletter\";}','2020-12-11 03:22:11','2020-12-11 03:22:11'),(102,'tnqaro-dmxjfc-fekzgv-amebkf-izydvu',3,'test email 2','<p><img class=\" wp-image-4326 aligncenter\" src=\"https://www.bellaeflynn.com/wp-content/uploads/2020/12/bellaeflynn-newsletter-December.png\" alt=\"\" width=\"420\" height=\"556\" /> <img class=\" wp-image-4325 aligncenter\" src=\"https://www.bellaeflynn.com/wp-content/uploads/2020/12/bellaeflynn-newsletter-December-2.png\" alt=\"\" width=\"422\" height=\"559\" /></p>\n',2,'Sent','2020-12-13 22:13:49','2020-12-13 22:13:50','a:1:{s:4:\"type\";s:10:\"newsletter\";}','2020-12-13 22:13:45','2020-12-13 22:13:45'),(103,'okjemp-tczypb-bsampd-gxslnk-nvkhby',1,'New Post Published - Can you change a rescue horses name?','<p>Hello {{NAME}},</p>\n<p>We have published a new blog article on our website : Can you change a rescue horses name?</p>\n<p>You can view it from this link : <a href=\'https://www.bellaeflynn.com/?p=4343\' target=\'_blank\'>https://www.bellaeflynn.com/?p=4343</a></p>\n<p>Thanks &#038; Regards,<br />\nAdmin</p>\n<p>You received this email because in the past you have provided us your email address : {{EMAIL}} to receive notifications when new updates are posted.</p>\n',2,'Sent','2020-12-13 23:05:06','2020-12-13 23:05:07','a:2:{s:7:\"post_id\";i:4343;s:4:\"type\";s:17:\"post_notification\";}','2020-12-13 22:54:47','2020-12-13 22:54:47'),(104,'flzsnm-whmbld-wyrsoe-tpnykz-erchbp',4,'WELCOME NEW SUBSCRIBERS!','<p><img class=\"wp-image-4389 aligncenter\" src=\"https://www.bellaeflynn.com/wp-content/uploads/2020/12/Welcome.jpg\" alt=\"\" width=\"696\" height=\"497\" /></p>\n',10,'Sent','2020-12-16 03:31:34','2020-12-16 03:31:39','a:1:{s:4:\"type\";s:10:\"newsletter\";}','2020-12-16 03:31:30','2020-12-16 03:31:30'),(105,'gqtlru-otapqc-orktud-mkiyac-ocagij',1,'New Post Published - Satans Armpit','<p>Hello {{NAME}},</p>\n<p>We have published a new blog article on our website : Satans Armpit</p>\n<p>You can view it from this link : <a href=\'https://www.bellaeflynn.com/?p=4391\' target=\'_blank\'>https://www.bellaeflynn.com/?p=4391</a></p>\n<p>Thanks &#038; Regards,<br />\nAdmin</p>\n<p>You received this email because in the past you have provided us your email address : {{EMAIL}} to receive notifications when new updates are posted.</p>\n',10,'Sent','2020-12-24 18:05:33','2020-12-24 18:05:38','a:2:{s:7:\"post_id\";i:4391;s:4:\"type\";s:17:\"post_notification\";}','2020-12-24 17:53:13','2020-12-24 17:53:13'),(106,'rtiyjo-outwrl-zigkea-nrhmok-qobhdy',5,'Happy New Year!','<p><img class=\"alignnone size-full wp-image-4413\" src=\"https://www.bellaeflynn.com/wp-content/uploads/2021/01/January-1-newsletter.png\" alt=\"\" width=\"1545\" height=\"2000\" /> <img class=\"alignnone size-full wp-image-4414\" src=\"https://www.bellaeflynn.com/wp-content/uploads/2021/01/January-1-newsletter-2.png\" alt=\"\" width=\"1545\" height=\"2000\" /></p>\n',11,'Sent','2021-01-03 02:53:07','2021-01-03 02:53:12','a:1:{s:4:\"type\";s:10:\"newsletter\";}','2021-01-03 02:53:03','2021-01-03 02:53:03'),(107,'knuzjd-mgcsto-iqkxsr-avusir-csxjmd',1,'New Post Published - The Shootist','<p>Hello {{NAME}},</p>\n<p>We have published a new blog article on our website : The Shootist</p>\n<p>You can view it from this link : <a href=\'https://www.bellaeflynn.com/?p=4420\' target=\'_blank\'>https://www.bellaeflynn.com/?p=4420</a></p>\n<p>Thanks &#038; Regards,<br />\nAdmin</p>\n<p>You received this email because in the past you have provided us your email address : {{EMAIL}} to receive notifications when new updates are posted.</p>\n',11,'Sent','2021-01-04 02:35:27','2021-01-04 02:35:33','a:2:{s:7:\"post_id\";i:4420;s:4:\"type\";s:17:\"post_notification\";}','2021-01-04 02:20:30','2021-01-04 02:20:30'),(108,'zfigyl-ipqmxl-mnrczv-yzbngv-wolpfm',1,'New Post Published - Can you change a rescue horses name?','<p>Hello {{NAME}},</p>\n<p>We have published a new blog article on our website : Can you change a rescue horses name?</p>\n<p>You can view it from this link : <a href=\'https://www.bellaeflynn.com/?p=4343\' target=\'_blank\'>https://www.bellaeflynn.com/?p=4343</a></p>\n<p>Thanks &#038; Regards,<br />\nAdmin</p>\n<p>You received this email because in the past you have provided us your email address : {{EMAIL}} to receive notifications when new updates are posted.</p>\n',11,'Sent','2021-01-10 01:20:34','2021-01-10 01:20:40','a:2:{s:7:\"post_id\";i:4343;s:4:\"type\";s:17:\"post_notification\";}','2021-01-10 01:06:00','2021-01-10 01:06:00'),(109,'vmyebp-omwkbi-zkwfmc-pijdca-uclnjg',1,'New Post Published - Ameera wont move out','<p>Hello {{NAME}},</p>\n<p>We have published a new blog article on our website : Ameera wont move out</p>\n<p>You can view it from this link : <a href=\'https://www.bellaeflynn.com/?p=3935\' target=\'_blank\'>https://www.bellaeflynn.com/?p=3935</a></p>\n<p>Thanks &#038; Regards,<br />\nAdmin</p>\n<p>You received this email because in the past you have provided us your email address : {{EMAIL}} to receive notifications when new updates are posted.</p>\n',11,'Sent','2021-01-10 01:35:01','2021-01-10 01:35:08','a:2:{s:7:\"post_id\";i:3935;s:4:\"type\";s:17:\"post_notification\";}','2021-01-10 01:06:02','2021-01-10 01:06:02'),(110,'yuxdbs-ruivfl-bspgoi-iyebvd-cduoal',1,'New Post Published - big dog LeDoux','<p>Hello {{NAME}},</p>\n<p>We have published a new blog article on our website : big dog LeDoux</p>\n<p>You can view it from this link : <a href=\'https://www.bellaeflynn.com/?p=3746\' target=\'_blank\'>https://www.bellaeflynn.com/?p=3746</a></p>\n<p>Thanks &#038; Regards,<br />\nAdmin</p>\n<p>You received this email because in the past you have provided us your email address : {{EMAIL}} to receive notifications when new updates are posted.</p>\n',11,'Sent','2021-01-10 01:50:39','2021-01-10 01:50:44','a:2:{s:7:\"post_id\";i:3746;s:4:\"type\";s:17:\"post_notification\";}','2021-01-10 01:06:03','2021-01-10 01:06:03'),(111,'idvtlf-gkpbhz-qclbgj-yzailf-bkfhct',1,'New Post Published - Deadwood Gulch, Dakota Territory','<p>Hello {{NAME}},</p>\n<p>We have published a new blog article on our website : Deadwood Gulch, Dakota Territory</p>\n<p>You can view it from this link : <a href=\'https://www.bellaeflynn.com/?p=3722\' target=\'_blank\'>https://www.bellaeflynn.com/?p=3722</a></p>\n<p>Thanks &#038; Regards,<br />\nAdmin</p>\n<p>You received this email because in the past you have provided us your email address : {{EMAIL}} to receive notifications when new updates are posted.</p>\n',11,'Sent','2021-01-10 02:05:05','2021-01-10 02:05:12','a:2:{s:7:\"post_id\";i:3722;s:4:\"type\";s:17:\"post_notification\";}','2021-01-10 01:06:04','2021-01-10 01:06:04'),(112,'rwgfad-mewjyi-msulyw-bucrnl-pqubyv',1,'New Post Published - Basil\'s gift & saving LeDoux // our rescue story','<p>Hello {{NAME}},</p>\n<p>We have published a new blog article on our website : Basil&#8217;s gift &#038; saving LeDoux // our rescue story</p>\n<p>You can view it from this link : <a href=\'https://www.bellaeflynn.com/?p=3451\' target=\'_blank\'>https://www.bellaeflynn.com/?p=3451</a></p>\n<p>Thanks &#038; Regards,<br />\nAdmin</p>\n<p>You received this email because in the past you have provided us your email address : {{EMAIL}} to receive notifications when new updates are posted.</p>\n',11,'Sent','2021-01-10 02:20:02','2021-01-10 02:20:09','a:2:{s:7:\"post_id\";i:3451;s:4:\"type\";s:17:\"post_notification\";}','2021-01-10 01:06:05','2021-01-10 01:06:05'),(113,'qryvdz-oxilcn-ngexkp-klxzdi-xcpqdg',1,'New Post Published - could you close your flap so i don\'t fore go my boiled eggs?','<p>Hello {{NAME}},</p>\n<p>We have published a new blog article on our website : could you close your flap so i don&#8217;t fore go my boiled eggs?</p>\n<p>You can view it from this link : <a href=\'https://www.bellaeflynn.com/?p=3099\' target=\'_blank\'>https://www.bellaeflynn.com/?p=3099</a></p>\n<p>Thanks &#038; Regards,<br />\nAdmin</p>\n<p>You received this email because in the past you have provided us your email address : {{EMAIL}} to receive notifications when new updates are posted.</p>\n',11,'Sent','2021-01-10 02:35:03','2021-01-10 02:35:09','a:2:{s:7:\"post_id\";i:3099;s:4:\"type\";s:17:\"post_notification\";}','2021-01-10 01:06:42','2021-01-10 01:06:42'),(114,'axwbev-cvason-lckpov-lphveu-bpvwhz',1,'New Post Published - where the wild horses go','<p>Hello {{NAME}},</p>\n<p>We have published a new blog article on our website : where the wild horses go</p>\n<p>You can view it from this link : <a href=\'https://www.bellaeflynn.com/?p=3070\' target=\'_blank\'>https://www.bellaeflynn.com/?p=3070</a></p>\n<p>Thanks &#038; Regards,<br />\nAdmin</p>\n<p>You received this email because in the past you have provided us your email address : {{EMAIL}} to receive notifications when new updates are posted.</p>\n',11,'Sent','2021-01-10 02:50:07','2021-01-10 02:50:12','a:2:{s:7:\"post_id\";i:3070;s:4:\"type\";s:17:\"post_notification\";}','2021-01-10 01:07:22','2021-01-10 01:07:22'),(115,'thqsig-zunetb-qcwtnb-dycovw-ygnusm',1,'New Post Published - riding and the bone clinic','<p>Hello {{NAME}},</p>\n<p>We have published a new blog article on our website : riding and the bone clinic</p>\n<p>You can view it from this link : <a href=\'https://www.bellaeflynn.com/?p=3081\' target=\'_blank\'>https://www.bellaeflynn.com/?p=3081</a></p>\n<p>Thanks &#038; Regards,<br />\nAdmin</p>\n<p>You received this email because in the past you have provided us your email address : {{EMAIL}} to receive notifications when new updates are posted.</p>\n',11,'Sent','2021-01-10 03:06:08','2021-01-10 03:06:13','a:2:{s:7:\"post_id\";i:3081;s:4:\"type\";s:17:\"post_notification\";}','2021-01-10 01:07:23','2021-01-10 01:07:23'),(116,'phebrs-ockajz-cgxzdm-fjrlbz-fhlnui',1,'New Post Published - the denver horse expo','<p>Hello {{NAME}},</p>\\n<p>We have published a new blog article on our website : the denver horse expo</p>\\n<p>You can view it from this link : <a href=\\\'https://www.bellaeflynn.com/?p=3059\\\' target=\\\'_blank\\\'>https://www.bellaeflynn.com/?p=3059</a></p>\\n<p>Thanks &#038; Regards,<br />\\nAdmin</p>\\n<p>You received this email because in the past you have provided us your email address : {{EMAIL}} to receive notifications when new updates are posted.</p>\\n',11,'Sent','2021-02-21 14:17:10','2021-08-20 12:22:18','a:2:{s:7:\"post_id\";i:3059;s:4:\"type\";s:17:\"post_notification\";}','2021-01-10 01:07:25','2021-01-10 01:07:25'),(117,'xsmwor-vuqesb-fwohba-btauvd-kxshqo',1,'New Post Published - ','<p>Hello {{NAME}},</p>\\\\\\\\n<p>We have published a new blog article on our website : </p>\\\\\\\\n<p>You can view it from this link : </p>\\\\\\\\n<p>Thanks &#038; Regards,<br />\\\\\\\\nAdmin</p>\\\\\\\\n<p>You received this email because in the past you have provided us your email address : {{EMAIL}} to receive notifications when new updates are posted.</p>\\\\\\\\n',11,'Sent','2021-02-21 15:17:27','2021-08-20 20:20:47','a:2:{s:7:\"post_id\";i:3075;s:4:\"type\";s:17:\"post_notification\";}','2021-01-10 01:07:26','2021-01-10 01:07:26'),(118,'ywmkcr-mxspbr-wlzdxa-gcpmlk-gtvbsu',1,'New Post Published - an adoption video for annie','<p>Hello {{NAME}},</p>\n<p>We have published a new blog article on our website : an adoption video for annie</p>\n<p>You can view it from this link : <a href=\'https://www.bellaeflynn.com/?p=3068\' target=\'_blank\'>https://www.bellaeflynn.com/?p=3068</a></p>\n<p>Thanks &#038; Regards,<br />\nAdmin</p>\n<p>You received this email because in the past you have provided us your email address : {{EMAIL}} to receive notifications when new updates are posted.</p>\n',11,'Sending','2021-02-21 16:17:10','0000-00-00 00:00:00','a:2:{s:7:\"post_id\";i:3068;s:4:\"type\";s:17:\"post_notification\";}','2021-01-10 01:07:28','2021-01-10 01:07:28'),(119,'odciwv-zsarqt-hbyiql-wjdgfi-whykxr',1,'New Post Published - goodnight bird','<p>Hello {{NAME}},</p>\n<p>We have published a new blog article on our website : goodnight bird</p>\n<p>You can view it from this link : <a href=\'https://www.bellaeflynn.com/?p=3042\' target=\'_blank\'>https://www.bellaeflynn.com/?p=3042</a></p>\n<p>Thanks &#038; Regards,<br />\nAdmin</p>\n<p>You received this email because in the past you have provided us your email address : {{EMAIL}} to receive notifications when new updates are posted.</p>\n',11,'Sending','2021-02-21 17:16:21','0000-00-00 00:00:00','a:2:{s:7:\"post_id\";i:3042;s:4:\"type\";s:17:\"post_notification\";}','2021-01-10 01:07:29','2021-01-10 01:07:29'),(120,'nsbyak-hftozy-rduknt-oytsxe-hoejpc',1,'New Post Published - ','<p>Hello {{NAME}},</p>\n<p>We have published a new blog article on our website : </p>\n<p>You can view it from this link : </p>\n<p>Thanks &#038; Regards,<br />\nAdmin</p>\n<p>You received this email because in the past you have provided us your email address : {{EMAIL}} to receive notifications when new updates are posted.</p>\n',11,'Sending','2021-02-21 18:19:10','0000-00-00 00:00:00','a:2:{s:7:\"post_id\";i:1317;s:4:\"type\";s:17:\"post_notification\";}','2021-01-10 01:07:31','2021-01-10 01:07:31');

--
-- Table structure for table `wp_ig_queue`
--

CREATE TABLE `wp_ig_queue` (
  `contact_id` bigint(20) unsigned NOT NULL DEFAULT '0',
  `campaign_id` bigint(20) unsigned NOT NULL DEFAULT '0',
  `requeued` tinyint(1) unsigned NOT NULL DEFAULT '0',
  `added` int(11) unsigned NOT NULL DEFAULT '0',
  `timestamp` int(11) unsigned NOT NULL DEFAULT '0',
  `sent_at` int(11) unsigned NOT NULL DEFAULT '0',
  `priority` tinyint(1) unsigned NOT NULL DEFAULT '0',
  `count` tinyint(1) unsigned NOT NULL DEFAULT '0',
  `error` tinyint(1) unsigned NOT NULL DEFAULT '0',
  `ignore_status` tinyint(1) unsigned NOT NULL DEFAULT '0',
  `options` varchar(191) COLLATE utf8mb4_unicode_ci NOT NULL DEFAULT '',
  `tags` longtext COLLATE utf8mb4_unicode_ci NOT NULL,
  UNIQUE KEY `id` (`contact_id`,`campaign_id`,`requeued`,`options`),
  KEY `contact_id` (`contact_id`),
  KEY `campaign_id` (`campaign_id`),
  KEY `requeued` (`requeued`),
  KEY `timestamp` (`timestamp`),
  KEY `priority` (`priority`),
  KEY `count` (`count`),
  KEY `error` (`error`),
  KEY `ignore_status` (`ignore_status`)
) ENGINE=InnoDB DEFAULT CHARSET=utf8mb4 COLLATE=utf8mb4_unicode_ci;

--
-- Dumping data for table `wp_ig_queue`
--


--
-- Table structure for table `wp_ig_sending_queue`
--

CREATE TABLE `wp_ig_sending_queue` (
  `id` int(10) NOT NULL AUTO_INCREMENT,
  `mailing_queue_id` int(10) NOT NULL DEFAULT '0',
  `mailing_queue_hash` varchar(50) COLLATE utf8mb4_unicode_ci DEFAULT NULL,
  `campaign_id` int(10) NOT NULL DEFAULT '0',
  `contact_id` int(10) NOT NULL DEFAULT '0',
  `contact_hash` varchar(255) COLLATE utf8mb4_unicode_ci DEFAULT NULL,
  `email` varchar(50) COLLATE utf8mb4_unicode_ci DEFAULT NULL,
  `status` varchar(50) COLLATE utf8mb4_unicode_ci DEFAULT NULL,
  `links` longtext COLLATE utf8mb4_unicode_ci,
  `opened` int(1) DEFAULT NULL,
  `sent_at` datetime DEFAULT NULL,
  `opened_at` datetime DEFAULT NULL,
  PRIMARY KEY (`id`)
) ENGINE=InnoDB AUTO_INCREMENT=191 DEFAULT CHARSET=utf8mb4 COLLATE=utf8mb4_unicode_ci;

--
-- Dumping data for table `wp_ig_sending_queue`
--

INSERT INTO `wp_ig_sending_queue` VALUES (1,101,'hdotpy-ozvqhb-cdlzro-aviwcy-pwoxte',2,2,'ivphem-jegvyf-zyiabt-mchysx-wcmhbr','jacktflynn@hotmail.com','Sent','',1,'2020-12-11 03:22:16','2020-12-11 03:24:39'),(2,102,'tnqaro-dmxjfc-fekzgv-amebkf-izydvu',3,2,'ivphem-jegvyf-zyiabt-mchysx-wcmhbr','jacktflynn@hotmail.com','Sent','',0,'2020-12-13 22:13:49','0000-00-00 00:00:00'),(3,102,'tnqaro-dmxjfc-fekzgv-amebkf-izydvu',3,3,'rbpquk-fdbjxi-otpkyv-lhmwbe-eaqxom','ief002@shsu.edu','Sent','',1,'2020-12-13 22:13:50','2020-12-15 20:28:23'),(4,103,'okjemp-tczypb-bsampd-gxslnk-nvkhby',1,2,'ivphem-jegvyf-zyiabt-mchysx-wcmhbr','jacktflynn@hotmail.com','Sent','',0,'2020-12-13 23:05:07','0000-00-00 00:00:00'),(5,103,'okjemp-tczypb-bsampd-gxslnk-nvkhby',1,3,'rbpquk-fdbjxi-otpkyv-lhmwbe-eaqxom','ief002@shsu.edu','Sent','',0,'2020-12-13 23:05:07','0000-00-00 00:00:00'),(6,104,'flzsnm-whmbld-wyrsoe-tpnykz-erchbp',4,2,'ivphem-jegvyf-zyiabt-mchysx-wcmhbr','jacktflynn@hotmail.com','Sent','',0,'2020-12-16 03:31:35','0000-00-00 00:00:00'),(7,104,'flzsnm-whmbld-wyrsoe-tpnykz-erchbp',4,3,'rbpquk-fdbjxi-otpkyv-lhmwbe-eaqxom','ief002@shsu.edu','Sent','',1,'2020-12-16 03:31:35','2020-12-16 16:10:32'),(8,104,'flzsnm-whmbld-wyrsoe-tpnykz-erchbp',4,4,'lefoyr-feypcr-cbywpe-eyvrxz-lhovuc','fiemariac@gmail.com','Sent','',1,'2020-12-16 03:31:36','2020-12-16 06:38:49'),(9,104,'flzsnm-whmbld-wyrsoe-tpnykz-erchbp',4,6,'tyndpz-bxmcud-rygnwa-klgzcn-oskple','tina@memoryspin.com','Sent','',1,'2020-12-16 03:31:36','2020-12-16 09:28:02'),(10,104,'flzsnm-whmbld-wyrsoe-tpnykz-erchbp',4,7,'hmzael-ybxsur-pdfyog-dqgosw-udnvsz','stephanieelkjaer@hotmail.com','Sent','',1,'2020-12-16 03:31:37','2020-12-16 06:29:41'),(11,104,'flzsnm-whmbld-wyrsoe-tpnykz-erchbp',4,8,'gudnms-dmksri-wgxcpu-pxiyvb-iaypsz','jensen712@btinternet.com','Sent','',1,'2020-12-16 03:31:37','2020-12-17 23:30:00'),(12,104,'flzsnm-whmbld-wyrsoe-tpnykz-erchbp',4,9,'sliejq-lsbeim-kzgyif-ikoblg-ivqxcf','rannugllad@hotmail.com','Sent','',0,'2020-12-16 03:31:38','0000-00-00 00:00:00'),(13,104,'flzsnm-whmbld-wyrsoe-tpnykz-erchbp',4,10,'xgfbac-mworcv-fagpek-pownrz-gnitoa','andypeterjoyce@hotmail.com','Sent','',0,'2020-12-16 03:31:38','0000-00-00 00:00:00'),(14,104,'flzsnm-whmbld-wyrsoe-tpnykz-erchbp',4,11,'yzloaf-ftgokr-xqtasg-qcwfrt-ngziqa','jackflynntx@gmail.com','Sent','',1,'2020-12-16 03:31:38','2020-12-16 14:18:22'),(15,104,'flzsnm-whmbld-wyrsoe-tpnykz-erchbp',4,12,'muhpks-qntlgd-dqjoia-wxacvd-ywkpod','tirsa009@gmail.com','Sent','',1,'2020-12-16 03:31:39','2020-12-21 09:04:14'),(16,105,'gqtlru-otapqc-orktud-mkiyac-ocagij',1,2,'ivphem-jegvyf-zyiabt-mchysx-wcmhbr','jacktflynn@hotmail.com','Sent','',0,'2020-12-24 18:05:34','0000-00-00 00:00:00'),(17,105,'gqtlru-otapqc-orktud-mkiyac-ocagij',1,3,'rbpquk-fdbjxi-otpkyv-lhmwbe-eaqxom','ief002@shsu.edu','Sent','',1,'2020-12-24 18:05:34','2021-01-05 14:13:12'),(18,105,'gqtlru-otapqc-orktud-mkiyac-ocagij',1,4,'lefoyr-feypcr-cbywpe-eyvrxz-lhovuc','fiemariac@gmail.com','Sent','',0,'2020-12-24 18:05:35','0000-00-00 00:00:00'),(19,105,'gqtlru-otapqc-orktud-mkiyac-ocagij',1,6,'tyndpz-bxmcud-rygnwa-klgzcn-oskple','tina@memoryspin.com','Sent','',0,'2020-12-24 18:05:35','0000-00-00 00:00:00'),(20,105,'gqtlru-otapqc-orktud-mkiyac-ocagij',1,7,'hmzael-ybxsur-pdfyog-dqgosw-udnvsz','stephanieelkjaer@hotmail.com','Sent','',0,'2020-12-24 18:05:36','0000-00-00 00:00:00'),(21,105,'gqtlru-otapqc-orktud-mkiyac-ocagij',1,8,'gudnms-dmksri-wgxcpu-pxiyvb-iaypsz','jensen712@btinternet.com','Sent','',1,'2020-12-24 18:05:36','2020-12-24 20:30:26'),(22,105,'gqtlru-otapqc-orktud-mkiyac-ocagij',1,9,'sliejq-lsbeim-kzgyif-ikoblg-ivqxcf','rannugllad@hotmail.com','Sent','',0,'2020-12-24 18:05:36','0000-00-00 00:00:00'),(23,105,'gqtlru-otapqc-orktud-mkiyac-ocagij',1,10,'xgfbac-mworcv-fagpek-pownrz-gnitoa','andypeterjoyce@hotmail.com','Sent','',0,'2020-12-24 18:05:37','0000-00-00 00:00:00'),(24,105,'gqtlru-otapqc-orktud-mkiyac-ocagij',1,11,'yzloaf-ftgokr-xqtasg-qcwfrt-ngziqa','jackflynntx@gmail.com','Sent','',1,'2020-12-24 18:05:37','2020-12-25 16:03:51'),(25,105,'gqtlru-otapqc-orktud-mkiyac-ocagij',1,12,'muhpks-qntlgd-dqjoia-wxacvd-ywkpod','tirsa009@gmail.com','Sent','',1,'2020-12-24 18:05:38','2021-01-01 16:18:38'),(26,106,'rtiyjo-outwrl-zigkea-nrhmok-qobhdy',5,2,'ivphem-jegvyf-zyiabt-mchysx-wcmhbr','jacktflynn@hotmail.com','Sent','',0,'2021-01-03 02:53:08','0000-00-00 00:00:00'),(27,106,'rtiyjo-outwrl-zigkea-nrhmok-qobhdy',5,3,'rbpquk-fdbjxi-otpkyv-lhmwbe-eaqxom','ief002@shsu.edu','Sent','',1,'2021-01-03 02:53:08','2021-01-04 04:13:28'),(28,106,'rtiyjo-outwrl-zigkea-nrhmok-qobhdy',5,4,'lefoyr-feypcr-cbywpe-eyvrxz-lhovuc','fiemariac@gmail.com','Sent','',1,'2021-01-03 02:53:08','2021-01-03 10:11:46'),(29,106,'rtiyjo-outwrl-zigkea-nrhmok-qobhdy',5,6,'tyndpz-bxmcud-rygnwa-klgzcn-oskple','tina@memoryspin.com','Sent','',1,'2021-01-03 02:53:09','2021-01-03 11:32:44'),(30,106,'rtiyjo-outwrl-zigkea-nrhmok-qobhdy',5,7,'hmzael-ybxsur-pdfyog-dqgosw-udnvsz','stephanieelkjaer@hotmail.com','Sent','',0,'2021-01-03 02:53:09','0000-00-00 00:00:00'),(31,106,'rtiyjo-outwrl-zigkea-nrhmok-qobhdy',5,8,'gudnms-dmksri-wgxcpu-pxiyvb-iaypsz','jensen712@btinternet.com','Sent','',1,'2021-01-03 02:53:10','2021-01-03 17:39:44'),(32,106,'rtiyjo-outwrl-zigkea-nrhmok-qobhdy',5,9,'sliejq-lsbeim-kzgyif-ikoblg-ivqxcf','rannugllad@hotmail.com','Sent','',0,'2021-01-03 02:53:10','0000-00-00 00:00:00'),(33,106,'rtiyjo-outwrl-zigkea-nrhmok-qobhdy',5,10,'xgfbac-mworcv-fagpek-pownrz-gnitoa','andypeterjoyce@hotmail.com','Sent','',0,'2021-01-03 02:53:11','0000-00-00 00:00:00'),(34,106,'rtiyjo-outwrl-zigkea-nrhmok-qobhdy',5,11,'yzloaf-ftgokr-xqtasg-qcwfrt-ngziqa','jackflynntx@gmail.com','Sent','',1,'2021-01-03 02:53:11','2021-01-03 04:17:02'),(35,106,'rtiyjo-outwrl-zigkea-nrhmok-qobhdy',5,12,'muhpks-qntlgd-dqjoia-wxacvd-ywkpod','tirsa009@gmail.com','Sent','',0,'2021-01-03 02:53:11','0000-00-00 00:00:00'),(36,106,'rtiyjo-outwrl-zigkea-nrhmok-qobhdy',5,13,'paqwty-fxbdoc-gzhxqk-scrmia-thedqf','iza.palm88@gmail.com','Sent','',1,'2021-01-03 02:53:12','2021-01-03 09:08:47'),(37,107,'knuzjd-mgcsto-iqkxsr-avusir-csxjmd',1,2,'ivphem-jegvyf-zyiabt-mchysx-wcmhbr','jacktflynn@hotmail.com','Sent','',0,'2021-01-04 02:35:28','0000-00-00 00:00:00'),(38,107,'knuzjd-mgcsto-iqkxsr-avusir-csxjmd',1,3,'rbpquk-fdbjxi-otpkyv-lhmwbe-eaqxom','ief002@shsu.edu','Sent','',1,'2021-01-04 02:35:28','2021-01-05 20:34:00'),(39,107,'knuzjd-mgcsto-iqkxsr-avusir-csxjmd',1,4,'lefoyr-feypcr-cbywpe-eyvrxz-lhovuc','fiemariac@gmail.com','Sent','',0,'2021-01-04 02:35:29','0000-00-00 00:00:00'),(40,107,'knuzjd-mgcsto-iqkxsr-avusir-csxjmd',1,6,'tyndpz-bxmcud-rygnwa-klgzcn-oskple','tina@memoryspin.com','Sent','',0,'2021-01-04 02:35:29','0000-00-00 00:00:00'),(41,107,'knuzjd-mgcsto-iqkxsr-avusir-csxjmd',1,7,'hmzael-ybxsur-pdfyog-dqgosw-udnvsz','stephanieelkjaer@hotmail.com','Sent','',1,'2021-01-04 02:35:30','2021-01-04 04:35:43'),(42,107,'knuzjd-mgcsto-iqkxsr-avusir-csxjmd',1,8,'gudnms-dmksri-wgxcpu-pxiyvb-iaypsz','jensen712@btinternet.com','Sent','',1,'2021-01-04 02:35:31','2021-01-04 18:09:24'),(43,107,'knuzjd-mgcsto-iqkxsr-avusir-csxjmd',1,9,'sliejq-lsbeim-kzgyif-ikoblg-ivqxcf','rannugllad@hotmail.com','Sent','',0,'2021-01-04 02:35:31','0000-00-00 00:00:00'),(44,107,'knuzjd-mgcsto-iqkxsr-avusir-csxjmd',1,10,'xgfbac-mworcv-fagpek-pownrz-gnitoa','andypeterjoyce@hotmail.com','Sent','',0,'2021-01-04 02:35:31','0000-00-00 00:00:00'),(45,107,'knuzjd-mgcsto-iqkxsr-avusir-csxjmd',1,11,'yzloaf-ftgokr-xqtasg-qcwfrt-ngziqa','jackflynntx@gmail.com','Sent','',1,'2021-01-04 02:35:32','2021-01-05 00:58:53'),(46,107,'knuzjd-mgcsto-iqkxsr-avusir-csxjmd',1,12,'muhpks-qntlgd-dqjoia-wxacvd-ywkpod','tirsa009@gmail.com','Sent','',0,'2021-01-04 02:35:32','0000-00-00 00:00:00'),(47,107,'knuzjd-mgcsto-iqkxsr-avusir-csxjmd',1,13,'paqwty-fxbdoc-gzhxqk-scrmia-thedqf','iza.palm88@gmail.com','Sent','',1,'2021-01-04 02:35:33','2021-01-04 08:49:13'),(48,108,'zfigyl-ipqmxl-mnrczv-yzbngv-wolpfm',1,2,'ivphem-jegvyf-zyiabt-mchysx-wcmhbr','jacktflynn@hotmail.com','Sent','',0,'2021-01-10 01:20:35','0000-00-00 00:00:00'),(49,108,'zfigyl-ipqmxl-mnrczv-yzbngv-wolpfm',1,3,'rbpquk-fdbjxi-otpkyv-lhmwbe-eaqxom','ief002@shsu.edu','Sent','',0,'2021-01-10 01:20:36','0000-00-00 00:00:00'),(50,108,'zfigyl-ipqmxl-mnrczv-yzbngv-wolpfm',1,4,'lefoyr-feypcr-cbywpe-eyvrxz-lhovuc','fiemariac@gmail.com','Sent','',0,'2021-01-10 01:20:36','0000-00-00 00:00:00'),(51,108,'zfigyl-ipqmxl-mnrczv-yzbngv-wolpfm',1,6,'tyndpz-bxmcud-rygnwa-klgzcn-oskple','tina@memoryspin.com','Sent','',0,'2021-01-10 01:20:37','0000-00-00 00:00:00'),(52,108,'zfigyl-ipqmxl-mnrczv-yzbngv-wolpfm',1,7,'hmzael-ybxsur-pdfyog-dqgosw-udnvsz','stephanieelkjaer@hotmail.com','Sent','',0,'2021-01-10 01:20:37','0000-00-00 00:00:00'),(53,108,'zfigyl-ipqmxl-mnrczv-yzbngv-wolpfm',1,8,'gudnms-dmksri-wgxcpu-pxiyvb-iaypsz','jensen712@btinternet.com','Sent','',0,'2021-01-10 01:20:38','0000-00-00 00:00:00'),(54,108,'zfigyl-ipqmxl-mnrczv-yzbngv-wolpfm',1,9,'sliejq-lsbeim-kzgyif-ikoblg-ivqxcf','rannugllad@hotmail.com','Sent','',0,'2021-01-10 01:20:39','0000-00-00 00:00:00'),(55,108,'zfigyl-ipqmxl-mnrczv-yzbngv-wolpfm',1,10,'xgfbac-mworcv-fagpek-pownrz-gnitoa','andypeterjoyce@hotmail.com','Sent','',0,'2021-01-10 01:20:39','0000-00-00 00:00:00'),(56,108,'zfigyl-ipqmxl-mnrczv-yzbngv-wolpfm',1,11,'yzloaf-ftgokr-xqtasg-qcwfrt-ngziqa','jackflynntx@gmail.com','Sent','',1,'2021-01-10 01:20:40','2021-01-10 02:50:42'),(57,108,'zfigyl-ipqmxl-mnrczv-yzbngv-wolpfm',1,12,'muhpks-qntlgd-dqjoia-wxacvd-ywkpod','tirsa009@gmail.com','Sent','',0,'2021-01-10 01:20:40','0000-00-00 00:00:00'),(58,108,'zfigyl-ipqmxl-mnrczv-yzbngv-wolpfm',1,13,'paqwty-fxbdoc-gzhxqk-scrmia-thedqf','iza.palm88@gmail.com','Sent','',0,'2021-01-10 01:20:40','0000-00-00 00:00:00'),(59,109,'vmyebp-omwkbi-zkwfmc-pijdca-uclnjg',1,2,'ivphem-jegvyf-zyiabt-mchysx-wcmhbr','jacktflynn@hotmail.com','Sent','',0,'2021-01-10 01:35:01','0000-00-00 00:00:00'),(60,109,'vmyebp-omwkbi-zkwfmc-pijdca-uclnjg',1,3,'rbpquk-fdbjxi-otpkyv-lhmwbe-eaqxom','ief002@shsu.edu','Sent','',0,'2021-01-10 01:35:02','0000-00-00 00:00:00'),(61,109,'vmyebp-omwkbi-zkwfmc-pijdca-uclnjg',1,4,'lefoyr-feypcr-cbywpe-eyvrxz-lhovuc','fiemariac@gmail.com','Sent','',0,'2021-01-10 01:35:03','0000-00-00 00:00:00'),(62,109,'vmyebp-omwkbi-zkwfmc-pijdca-uclnjg',1,6,'tyndpz-bxmcud-rygnwa-klgzcn-oskple','tina@memoryspin.com','Sent','',0,'2021-01-10 01:35:04','0000-00-00 00:00:00'),(63,109,'vmyebp-omwkbi-zkwfmc-pijdca-uclnjg',1,7,'hmzael-ybxsur-pdfyog-dqgosw-udnvsz','stephanieelkjaer@hotmail.com','Sent','',0,'2021-01-10 01:35:04','0000-00-00 00:00:00'),(64,109,'vmyebp-omwkbi-zkwfmc-pijdca-uclnjg',1,8,'gudnms-dmksri-wgxcpu-pxiyvb-iaypsz','jensen712@btinternet.com','Sent','',0,'2021-01-10 01:35:05','0000-00-00 00:00:00'),(65,109,'vmyebp-omwkbi-zkwfmc-pijdca-uclnjg',1,9,'sliejq-lsbeim-kzgyif-ikoblg-ivqxcf','rannugllad@hotmail.com','Sent','',0,'2021-01-10 01:35:06','0000-00-00 00:00:00'),(66,109,'vmyebp-omwkbi-zkwfmc-pijdca-uclnjg',1,10,'xgfbac-mworcv-fagpek-pownrz-gnitoa','andypeterjoyce@hotmail.com','Sent','',0,'2021-01-10 01:35:06','0000-00-00 00:00:00'),(67,109,'vmyebp-omwkbi-zkwfmc-pijdca-uclnjg',1,11,'yzloaf-ftgokr-xqtasg-qcwfrt-ngziqa','jackflynntx@gmail.com','Sent','',1,'2021-01-10 01:35:07','2021-01-10 01:54:18'),(68,109,'vmyebp-omwkbi-zkwfmc-pijdca-uclnjg',1,12,'muhpks-qntlgd-dqjoia-wxacvd-ywkpod','tirsa009@gmail.com','Sent','',0,'2021-01-10 01:35:08','0000-00-00 00:00:00'),(69,109,'vmyebp-omwkbi-zkwfmc-pijdca-uclnjg',1,13,'paqwty-fxbdoc-gzhxqk-scrmia-thedqf','iza.palm88@gmail.com','Sent','',0,'2021-01-10 01:35:08','0000-00-00 00:00:00'),(70,110,'yuxdbs-ruivfl-bspgoi-iyebvd-cduoal',1,2,'ivphem-jegvyf-zyiabt-mchysx-wcmhbr','jacktflynn@hotmail.com','Sent','',0,'2021-01-10 01:50:39','0000-00-00 00:00:00'),(71,110,'yuxdbs-ruivfl-bspgoi-iyebvd-cduoal',1,3,'rbpquk-fdbjxi-otpkyv-lhmwbe-eaqxom','ief002@shsu.edu','Sent','',0,'2021-01-10 01:50:40','0000-00-00 00:00:00'),(72,110,'yuxdbs-ruivfl-bspgoi-iyebvd-cduoal',1,4,'lefoyr-feypcr-cbywpe-eyvrxz-lhovuc','fiemariac@gmail.com','Sent','',0,'2021-01-10 01:50:40','0000-00-00 00:00:00'),(73,110,'yuxdbs-ruivfl-bspgoi-iyebvd-cduoal',1,6,'tyndpz-bxmcud-rygnwa-klgzcn-oskple','tina@memoryspin.com','Sent','',0,'2021-01-10 01:50:41','0000-00-00 00:00:00'),(74,110,'yuxdbs-ruivfl-bspgoi-iyebvd-cduoal',1,7,'hmzael-ybxsur-pdfyog-dqgosw-udnvsz','stephanieelkjaer@hotmail.com','Sent','',0,'2021-01-10 01:50:41','0000-00-00 00:00:00'),(75,110,'yuxdbs-ruivfl-bspgoi-iyebvd-cduoal',1,8,'gudnms-dmksri-wgxcpu-pxiyvb-iaypsz','jensen712@btinternet.com','Sent','',0,'2021-01-10 01:50:42','0000-00-00 00:00:00'),(76,110,'yuxdbs-ruivfl-bspgoi-iyebvd-cduoal',1,9,'sliejq-lsbeim-kzgyif-ikoblg-ivqxcf','rannugllad@hotmail.com','Sent','',0,'2021-01-10 01:50:42','0000-00-00 00:00:00'),(77,110,'yuxdbs-ruivfl-bspgoi-iyebvd-cduoal',1,10,'xgfbac-mworcv-fagpek-pownrz-gnitoa','andypeterjoyce@hotmail.com','Sent','',0,'2021-01-10 01:50:43','0000-00-00 00:00:00'),(78,110,'yuxdbs-ruivfl-bspgoi-iyebvd-cduoal',1,11,'yzloaf-ftgokr-xqtasg-qcwfrt-ngziqa','jackflynntx@gmail.com','Sent','',1,'2021-01-10 01:50:43','2021-01-10 02:50:35'),(79,110,'yuxdbs-ruivfl-bspgoi-iyebvd-cduoal',1,12,'muhpks-qntlgd-dqjoia-wxacvd-ywkpod','tirsa009@gmail.com','Sent','',0,'2021-01-10 01:50:43','0000-00-00 00:00:00'),(80,110,'yuxdbs-ruivfl-bspgoi-iyebvd-cduoal',1,13,'paqwty-fxbdoc-gzhxqk-scrmia-thedqf','iza.palm88@gmail.com','Sent','',0,'2021-01-10 01:50:44','0000-00-00 00:00:00'),(81,111,'idvtlf-gkpbhz-qclbgj-yzailf-bkfhct',1,2,'ivphem-jegvyf-zyiabt-mchysx-wcmhbr','jacktflynn@hotmail.com','Sent','',0,'2021-01-10 02:05:07','0000-00-00 00:00:00'),(82,111,'idvtlf-gkpbhz-qclbgj-yzailf-bkfhct',1,3,'rbpquk-fdbjxi-otpkyv-lhmwbe-eaqxom','ief002@shsu.edu','Sent','',0,'2021-01-10 02:05:07','0000-00-00 00:00:00'),(83,111,'idvtlf-gkpbhz-qclbgj-yzailf-bkfhct',1,4,'lefoyr-feypcr-cbywpe-eyvrxz-lhovuc','fiemariac@gmail.com','Sent','',0,'2021-01-10 02:05:08','0000-00-00 00:00:00'),(84,111,'idvtlf-gkpbhz-qclbgj-yzailf-bkfhct',1,6,'tyndpz-bxmcud-rygnwa-klgzcn-oskple','tina@memoryspin.com','Sent','',0,'2021-01-10 02:05:08','0000-00-00 00:00:00'),(85,111,'idvtlf-gkpbhz-qclbgj-yzailf-bkfhct',1,7,'hmzael-ybxsur-pdfyog-dqgosw-udnvsz','stephanieelkjaer@hotmail.com','Sent','',0,'2021-01-10 02:05:09','0000-00-00 00:00:00'),(86,111,'idvtlf-gkpbhz-qclbgj-yzailf-bkfhct',1,8,'gudnms-dmksri-wgxcpu-pxiyvb-iaypsz','jensen712@btinternet.com','Sent','',0,'2021-01-10 02:05:10','0000-00-00 00:00:00'),(87,111,'idvtlf-gkpbhz-qclbgj-yzailf-bkfhct',1,9,'sliejq-lsbeim-kzgyif-ikoblg-ivqxcf','rannugllad@hotmail.com','Sent','',0,'2021-01-10 02:05:10','0000-00-00 00:00:00'),(88,111,'idvtlf-gkpbhz-qclbgj-yzailf-bkfhct',1,10,'xgfbac-mworcv-fagpek-pownrz-gnitoa','andypeterjoyce@hotmail.com','Sent','',0,'2021-01-10 02:05:11','0000-00-00 00:00:00'),(89,111,'idvtlf-gkpbhz-qclbgj-yzailf-bkfhct',1,11,'yzloaf-ftgokr-xqtasg-qcwfrt-ngziqa','jackflynntx@gmail.com','Sent','',1,'2021-01-10 02:05:11','2021-01-10 02:50:35'),(90,111,'idvtlf-gkpbhz-qclbgj-yzailf-bkfhct',1,12,'muhpks-qntlgd-dqjoia-wxacvd-ywkpod','tirsa009@gmail.com','Sent','',0,'2021-01-10 02:05:11','0000-00-00 00:00:00'),(91,111,'idvtlf-gkpbhz-qclbgj-yzailf-bkfhct',1,13,'paqwty-fxbdoc-gzhxqk-scrmia-thedqf','iza.palm88@gmail.com','Sent','',0,'2021-01-10 02:05:12','0000-00-00 00:00:00'),(92,112,'rwgfad-mewjyi-msulyw-bucrnl-pqubyv',1,2,'ivphem-jegvyf-zyiabt-mchysx-wcmhbr','jacktflynn@hotmail.com','Sent','',0,'2021-01-10 02:20:03','0000-00-00 00:00:00'),(93,112,'rwgfad-mewjyi-msulyw-bucrnl-pqubyv',1,3,'rbpquk-fdbjxi-otpkyv-lhmwbe-eaqxom','ief002@shsu.edu','Sent','',0,'2021-01-10 02:20:03','0000-00-00 00:00:00'),(94,112,'rwgfad-mewjyi-msulyw-bucrnl-pqubyv',1,4,'lefoyr-feypcr-cbywpe-eyvrxz-lhovuc','fiemariac@gmail.com','Sent','',0,'2021-01-10 02:20:04','0000-00-00 00:00:00'),(95,112,'rwgfad-mewjyi-msulyw-bucrnl-pqubyv',1,6,'tyndpz-bxmcud-rygnwa-klgzcn-oskple','tina@memoryspin.com','Sent','',0,'2021-01-10 02:20:05','0000-00-00 00:00:00'),(96,112,'rwgfad-mewjyi-msulyw-bucrnl-pqubyv',1,7,'hmzael-ybxsur-pdfyog-dqgosw-udnvsz','stephanieelkjaer@hotmail.com','Sent','',0,'2021-01-10 02:20:05','0000-00-00 00:00:00'),(97,112,'rwgfad-mewjyi-msulyw-bucrnl-pqubyv',1,8,'gudnms-dmksri-wgxcpu-pxiyvb-iaypsz','jensen712@btinternet.com','Sent','',0,'2021-01-10 02:20:06','0000-00-00 00:00:00'),(98,112,'rwgfad-mewjyi-msulyw-bucrnl-pqubyv',1,9,'sliejq-lsbeim-kzgyif-ikoblg-ivqxcf','rannugllad@hotmail.com','Sent','',0,'2021-01-10 02:20:07','0000-00-00 00:00:00'),(99,112,'rwgfad-mewjyi-msulyw-bucrnl-pqubyv',1,10,'xgfbac-mworcv-fagpek-pownrz-gnitoa','andypeterjoyce@hotmail.com','Sent','',0,'2021-01-10 02:20:07','0000-00-00 00:00:00'),(100,112,'rwgfad-mewjyi-msulyw-bucrnl-pqubyv',1,11,'yzloaf-ftgokr-xqtasg-qcwfrt-ngziqa','jackflynntx@gmail.com','Sent','',0,'2021-01-10 02:20:08','0000-00-00 00:00:00'),(101,112,'rwgfad-mewjyi-msulyw-bucrnl-pqubyv',1,12,'muhpks-qntlgd-dqjoia-wxacvd-ywkpod','tirsa009@gmail.com','Sent','',0,'2021-01-10 02:20:08','0000-00-00 00:00:00'),(102,112,'rwgfad-mewjyi-msulyw-bucrnl-pqubyv',1,13,'paqwty-fxbdoc-gzhxqk-scrmia-thedqf','iza.palm88@gmail.com','Sent','',0,'2021-01-10 02:20:08','0000-00-00 00:00:00'),(103,113,'qryvdz-oxilcn-ngexkp-klxzdi-xcpqdg',1,2,'ivphem-jegvyf-zyiabt-mchysx-wcmhbr','jacktflynn@hotmail.com','Sent','',0,'2021-01-10 02:35:04','0000-00-00 00:00:00'),(104,113,'qryvdz-oxilcn-ngexkp-klxzdi-xcpqdg',1,3,'rbpquk-fdbjxi-otpkyv-lhmwbe-eaqxom','ief002@shsu.edu','Sent','',0,'2021-01-10 02:35:05','0000-00-00 00:00:00'),(105,113,'qryvdz-oxilcn-ngexkp-klxzdi-xcpqdg',1,4,'lefoyr-feypcr-cbywpe-eyvrxz-lhovuc','fiemariac@gmail.com','Sent','',0,'2021-01-10 02:35:05','0000-00-00 00:00:00'),(106,113,'qryvdz-oxilcn-ngexkp-klxzdi-xcpqdg',1,6,'tyndpz-bxmcud-rygnwa-klgzcn-oskple','tina@memoryspin.com','Sent','',0,'2021-01-10 02:35:05','0000-00-00 00:00:00'),(107,113,'qryvdz-oxilcn-ngexkp-klxzdi-xcpqdg',1,7,'hmzael-ybxsur-pdfyog-dqgosw-udnvsz','stephanieelkjaer@hotmail.com','Sent','',0,'2021-01-10 02:35:06','0000-00-00 00:00:00'),(108,113,'qryvdz-oxilcn-ngexkp-klxzdi-xcpqdg',1,8,'gudnms-dmksri-wgxcpu-pxiyvb-iaypsz','jensen712@btinternet.com','Sent','',0,'2021-01-10 02:35:07','0000-00-00 00:00:00'),(109,113,'qryvdz-oxilcn-ngexkp-klxzdi-xcpqdg',1,9,'sliejq-lsbeim-kzgyif-ikoblg-ivqxcf','rannugllad@hotmail.com','Sent','',0,'2021-01-10 02:35:07','0000-00-00 00:00:00'),(110,113,'qryvdz-oxilcn-ngexkp-klxzdi-xcpqdg',1,10,'xgfbac-mworcv-fagpek-pownrz-gnitoa','andypeterjoyce@hotmail.com','Sent','',0,'2021-01-10 02:35:08','0000-00-00 00:00:00'),(111,113,'qryvdz-oxilcn-ngexkp-klxzdi-xcpqdg',1,11,'yzloaf-ftgokr-xqtasg-qcwfrt-ngziqa','jackflynntx@gmail.com','Sent','',0,'2021-01-10 02:35:08','0000-00-00 00:00:00'),(112,113,'qryvdz-oxilcn-ngexkp-klxzdi-xcpqdg',1,12,'muhpks-qntlgd-dqjoia-wxacvd-ywkpod','tirsa009@gmail.com','Sent','',0,'2021-01-10 02:35:08','0000-00-00 00:00:00'),(113,113,'qryvdz-oxilcn-ngexkp-klxzdi-xcpqdg',1,13,'paqwty-fxbdoc-gzhxqk-scrmia-thedqf','iza.palm88@gmail.com','Sent','',0,'2021-01-10 02:35:09','0000-00-00 00:00:00'),(114,114,'axwbev-cvason-lckpov-lphveu-bpvwhz',1,2,'ivphem-jegvyf-zyiabt-mchysx-wcmhbr','jacktflynn@hotmail.com','Sent','',0,'2021-01-10 02:50:07','0000-00-00 00:00:00'),(115,114,'axwbev-cvason-lckpov-lphveu-bpvwhz',1,3,'rbpquk-fdbjxi-otpkyv-lhmwbe-eaqxom','ief002@shsu.edu','Sent','',0,'2021-01-10 02:50:08','0000-00-00 00:00:00'),(116,114,'axwbev-cvason-lckpov-lphveu-bpvwhz',1,4,'lefoyr-feypcr-cbywpe-eyvrxz-lhovuc','fiemariac@gmail.com','Sent','',0,'2021-01-10 02:50:08','0000-00-00 00:00:00'),(117,114,'axwbev-cvason-lckpov-lphveu-bpvwhz',1,6,'tyndpz-bxmcud-rygnwa-klgzcn-oskple','tina@memoryspin.com','Sent','',0,'2021-01-10 02:50:09','0000-00-00 00:00:00'),(118,114,'axwbev-cvason-lckpov-lphveu-bpvwhz',1,7,'hmzael-ybxsur-pdfyog-dqgosw-udnvsz','stephanieelkjaer@hotmail.com','Sent','',0,'2021-01-10 02:50:09','0000-00-00 00:00:00'),(119,114,'axwbev-cvason-lckpov-lphveu-bpvwhz',1,8,'gudnms-dmksri-wgxcpu-pxiyvb-iaypsz','jensen712@btinternet.com','Sent','',0,'2021-01-10 02:50:10','0000-00-00 00:00:00'),(120,114,'axwbev-cvason-lckpov-lphveu-bpvwhz',1,9,'sliejq-lsbeim-kzgyif-ikoblg-ivqxcf','rannugllad@hotmail.com','Sent','',0,'2021-01-10 02:50:10','0000-00-00 00:00:00'),(121,114,'axwbev-cvason-lckpov-lphveu-bpvwhz',1,10,'xgfbac-mworcv-fagpek-pownrz-gnitoa','andypeterjoyce@hotmail.com','Sent','',0,'2021-01-10 02:50:11','0000-00-00 00:00:00'),(122,114,'axwbev-cvason-lckpov-lphveu-bpvwhz',1,11,'yzloaf-ftgokr-xqtasg-qcwfrt-ngziqa','jackflynntx@gmail.com','Sent','',1,'2021-01-10 02:50:11','2021-01-10 02:50:32'),(123,114,'axwbev-cvason-lckpov-lphveu-bpvwhz',1,12,'muhpks-qntlgd-dqjoia-wxacvd-ywkpod','tirsa009@gmail.com','Sent','',0,'2021-01-10 02:50:11','0000-00-00 00:00:00'),(124,114,'axwbev-cvason-lckpov-lphveu-bpvwhz',1,13,'paqwty-fxbdoc-gzhxqk-scrmia-thedqf','iza.palm88@gmail.com','Sent','',0,'2021-01-10 02:50:12','0000-00-00 00:00:00'),(125,115,'thqsig-zunetb-qcwtnb-dycovw-ygnusm',1,2,'ivphem-jegvyf-zyiabt-mchysx-wcmhbr','jacktflynn@hotmail.com','Sent','',0,'2021-01-10 03:06:08','0000-00-00 00:00:00'),(126,115,'thqsig-zunetb-qcwtnb-dycovw-ygnusm',1,3,'rbpquk-fdbjxi-otpkyv-lhmwbe-eaqxom','ief002@shsu.edu','Sent','',0,'2021-01-10 03:06:09','0000-00-00 00:00:00'),(127,115,'thqsig-zunetb-qcwtnb-dycovw-ygnusm',1,4,'lefoyr-feypcr-cbywpe-eyvrxz-lhovuc','fiemariac@gmail.com','Sent','',0,'2021-01-10 03:06:09','0000-00-00 00:00:00'),(128,115,'thqsig-zunetb-qcwtnb-dycovw-ygnusm',1,6,'tyndpz-bxmcud-rygnwa-klgzcn-oskple','tina@memoryspin.com','Sent','',0,'2021-01-10 03:06:10','0000-00-00 00:00:00'),(129,115,'thqsig-zunetb-qcwtnb-dycovw-ygnusm',1,7,'hmzael-ybxsur-pdfyog-dqgosw-udnvsz','stephanieelkjaer@hotmail.com','Sent','',0,'2021-01-10 03:06:11','0000-00-00 00:00:00'),(130,115,'thqsig-zunetb-qcwtnb-dycovw-ygnusm',1,8,'gudnms-dmksri-wgxcpu-pxiyvb-iaypsz','jensen712@btinternet.com','Sent','',0,'2021-01-10 03:06:11','0000-00-00 00:00:00'),(131,115,'thqsig-zunetb-qcwtnb-dycovw-ygnusm',1,9,'sliejq-lsbeim-kzgyif-ikoblg-ivqxcf','rannugllad@hotmail.com','Sent','',0,'2021-01-10 03:06:12','0000-00-00 00:00:00'),(132,115,'thqsig-zunetb-qcwtnb-dycovw-ygnusm',1,10,'xgfbac-mworcv-fagpek-pownrz-gnitoa','andypeterjoyce@hotmail.com','Sent','',0,'2021-01-10 03:06:12','0000-00-00 00:00:00'),(133,115,'thqsig-zunetb-qcwtnb-dycovw-ygnusm',1,11,'yzloaf-ftgokr-xqtasg-qcwfrt-ngziqa','jackflynntx@gmail.com','Sent','',0,'2021-01-10 03:06:13','0000-00-00 00:00:00'),(134,115,'thqsig-zunetb-qcwtnb-dycovw-ygnusm',1,12,'muhpks-qntlgd-dqjoia-wxacvd-ywkpod','tirsa009@gmail.com','Sent','',0,'2021-01-10 03:06:13','0000-00-00 00:00:00'),(135,115,'thqsig-zunetb-qcwtnb-dycovw-ygnusm',1,13,'paqwty-fxbdoc-gzhxqk-scrmia-thedqf','iza.palm88@gmail.com','Sent','',0,'2021-01-10 03:06:13','0000-00-00 00:00:00'),(136,116,'phebrs-ockajz-cgxzdm-fjrlbz-fhlnui',1,2,'ivphem-jegvyf-zyiabt-mchysx-wcmhbr','jacktflynn@hotmail.com','Sent','',0,'2021-02-21 03:19:00','0000-00-00 00:00:00'),(137,116,'phebrs-ockajz-cgxzdm-fjrlbz-fhlnui',1,3,'rbpquk-fdbjxi-otpkyv-lhmwbe-eaqxom','ief002@shsu.edu','Sent','',0,'2021-02-21 09:04:02','0000-00-00 00:00:00'),(138,116,'phebrs-ockajz-cgxzdm-fjrlbz-fhlnui',1,4,'lefoyr-feypcr-cbywpe-eyvrxz-lhovuc','fiemariac@gmail.com','Sent','',1,'2021-02-21 14:17:11','2021-02-21 14:17:17'),(139,116,'phebrs-ockajz-cgxzdm-fjrlbz-fhlnui',1,6,'tyndpz-bxmcud-rygnwa-klgzcn-oskple','tina@memoryspin.com','Sent','',0,'2021-08-20 05:52:51','0000-00-00 00:00:00'),(140,116,'phebrs-ockajz-cgxzdm-fjrlbz-fhlnui',1,7,'hmzael-ybxsur-pdfyog-dqgosw-udnvsz','stephanieelkjaer@hotmail.com','Sent','',0,'2021-08-20 06:23:19','0000-00-00 00:00:00'),(141,116,'phebrs-ockajz-cgxzdm-fjrlbz-fhlnui',1,8,'gudnms-dmksri-wgxcpu-pxiyvb-iaypsz','jensen712@btinternet.com','Sent','',0,'2021-08-20 07:20:56','0000-00-00 00:00:00'),(142,116,'phebrs-ockajz-cgxzdm-fjrlbz-fhlnui',1,9,'sliejq-lsbeim-kzgyif-ikoblg-ivqxcf','rannugllad@hotmail.com','Sent','',0,'2021-08-20 08:21:02','0000-00-00 00:00:00'),(143,116,'phebrs-ockajz-cgxzdm-fjrlbz-fhlnui',1,10,'xgfbac-mworcv-fagpek-pownrz-gnitoa','andypeterjoyce@hotmail.com','Sent','',0,'2021-08-20 09:21:13','0000-00-00 00:00:00'),(144,116,'phebrs-ockajz-cgxzdm-fjrlbz-fhlnui',1,11,'yzloaf-ftgokr-xqtasg-qcwfrt-ngziqa','jackflynntx@gmail.com','Sent','',0,'2021-08-20 10:20:03','0000-00-00 00:00:00'),(145,116,'phebrs-ockajz-cgxzdm-fjrlbz-fhlnui',1,12,'muhpks-qntlgd-dqjoia-wxacvd-ywkpod','tirsa009@gmail.com','Sent','',0,'2021-08-20 11:24:29','0000-00-00 00:00:00'),(146,116,'phebrs-ockajz-cgxzdm-fjrlbz-fhlnui',1,13,'paqwty-fxbdoc-gzhxqk-scrmia-thedqf','iza.palm88@gmail.com','Sent','',0,'2021-08-20 12:22:18','0000-00-00 00:00:00'),(147,117,'xsmwor-vuqesb-fwohba-btauvd-kxshqo',1,2,'ivphem-jegvyf-zyiabt-mchysx-wcmhbr','jacktflynn@hotmail.com','Sent','',0,'2021-02-21 04:18:24','0000-00-00 00:00:00'),(148,117,'xsmwor-vuqesb-fwohba-btauvd-kxshqo',1,3,'rbpquk-fdbjxi-otpkyv-lhmwbe-eaqxom','ief002@shsu.edu','Sent','',0,'2021-02-21 10:09:14','0000-00-00 00:00:00'),(149,117,'xsmwor-vuqesb-fwohba-btauvd-kxshqo',1,4,'lefoyr-feypcr-cbywpe-eyvrxz-lhovuc','fiemariac@gmail.com','Sent','',1,'2021-02-21 15:17:28','2021-02-21 15:17:36'),(150,117,'xsmwor-vuqesb-fwohba-btauvd-kxshqo',1,6,'tyndpz-bxmcud-rygnwa-klgzcn-oskple','tina@memoryspin.com','Sent','',0,'2021-08-20 13:21:48','0000-00-00 00:00:00'),(151,117,'xsmwor-vuqesb-fwohba-btauvd-kxshqo',1,7,'hmzael-ybxsur-pdfyog-dqgosw-udnvsz','stephanieelkjaer@hotmail.com','Sent','',0,'2021-08-20 14:20:35','0000-00-00 00:00:00'),(152,117,'xsmwor-vuqesb-fwohba-btauvd-kxshqo',1,8,'gudnms-dmksri-wgxcpu-pxiyvb-iaypsz','jensen712@btinternet.com','Sent','',0,'2021-08-20 15:27:11','0000-00-00 00:00:00'),(153,117,'xsmwor-vuqesb-fwohba-btauvd-kxshqo',1,9,'sliejq-lsbeim-kzgyif-ikoblg-ivqxcf','rannugllad@hotmail.com','Sent','',0,'2021-08-20 16:20:32','0000-00-00 00:00:00'),(154,117,'xsmwor-vuqesb-fwohba-btauvd-kxshqo',1,10,'xgfbac-mworcv-fagpek-pownrz-gnitoa','andypeterjoyce@hotmail.com','Sent','',0,'2021-08-20 17:21:29','0000-00-00 00:00:00'),(155,117,'xsmwor-vuqesb-fwohba-btauvd-kxshqo',1,11,'yzloaf-ftgokr-xqtasg-qcwfrt-ngziqa','jackflynntx@gmail.com','Sent','',0,'2021-08-20 18:23:22','0000-00-00 00:00:00'),(156,117,'xsmwor-vuqesb-fwohba-btauvd-kxshqo',1,12,'muhpks-qntlgd-dqjoia-wxacvd-ywkpod','tirsa009@gmail.com','Sent','',0,'2021-08-20 19:20:08','0000-00-00 00:00:00'),(157,117,'xsmwor-vuqesb-fwohba-btauvd-kxshqo',1,13,'paqwty-fxbdoc-gzhxqk-scrmia-thedqf','iza.palm88@gmail.com','Sent','',0,'2021-08-20 20:20:47','0000-00-00 00:00:00'),(158,118,'ywmkcr-mxspbr-wlzdxa-gcpmlk-gtvbsu',1,2,'ivphem-jegvyf-zyiabt-mchysx-wcmhbr','jacktflynn@hotmail.com','Sent','',0,'2021-02-21 05:25:27','0000-00-00 00:00:00'),(159,118,'ywmkcr-mxspbr-wlzdxa-gcpmlk-gtvbsu',1,3,'rbpquk-fdbjxi-otpkyv-lhmwbe-eaqxom','ief002@shsu.edu','Sent','',0,'2021-02-21 11:22:56','0000-00-00 00:00:00'),(160,118,'ywmkcr-mxspbr-wlzdxa-gcpmlk-gtvbsu',1,4,'lefoyr-feypcr-cbywpe-eyvrxz-lhovuc','fiemariac@gmail.com','Sent','',1,'2021-02-21 16:17:11','2021-02-21 16:17:18'),(161,118,'ywmkcr-mxspbr-wlzdxa-gcpmlk-gtvbsu',1,6,'tyndpz-bxmcud-rygnwa-klgzcn-oskple','tina@memoryspin.com','In Queue','',0,'0000-00-00 00:00:00','0000-00-00 00:00:00'),(162,118,'ywmkcr-mxspbr-wlzdxa-gcpmlk-gtvbsu',1,7,'hmzael-ybxsur-pdfyog-dqgosw-udnvsz','stephanieelkjaer@hotmail.com','In Queue','',0,'0000-00-00 00:00:00','0000-00-00 00:00:00'),(163,118,'ywmkcr-mxspbr-wlzdxa-gcpmlk-gtvbsu',1,8,'gudnms-dmksri-wgxcpu-pxiyvb-iaypsz','jensen712@btinternet.com','In Queue','',0,'0000-00-00 00:00:00','0000-00-00 00:00:00'),(164,118,'ywmkcr-mxspbr-wlzdxa-gcpmlk-gtvbsu',1,9,'sliejq-lsbeim-kzgyif-ikoblg-ivqxcf','rannugllad@hotmail.com','In Queue','',0,'0000-00-00 00:00:00','0000-00-00 00:00:00'),(165,118,'ywmkcr-mxspbr-wlzdxa-gcpmlk-gtvbsu',1,10,'xgfbac-mworcv-fagpek-pownrz-gnitoa','andypeterjoyce@hotmail.com','In Queue','',0,'0000-00-00 00:00:00','0000-00-00 00:00:00'),(166,118,'ywmkcr-mxspbr-wlzdxa-gcpmlk-gtvbsu',1,11,'yzloaf-ftgokr-xqtasg-qcwfrt-ngziqa','jackflynntx@gmail.com','In Queue','',0,'0000-00-00 00:00:00','0000-00-00 00:00:00'),(167,118,'ywmkcr-mxspbr-wlzdxa-gcpmlk-gtvbsu',1,12,'muhpks-qntlgd-dqjoia-wxacvd-ywkpod','tirsa009@gmail.com','In Queue','',0,'0000-00-00 00:00:00','0000-00-00 00:00:00'),(168,118,'ywmkcr-mxspbr-wlzdxa-gcpmlk-gtvbsu',1,13,'paqwty-fxbdoc-gzhxqk-scrmia-thedqf','iza.palm88@gmail.com','In Queue','',0,'0000-00-00 00:00:00','0000-00-00 00:00:00'),(169,119,'odciwv-zsarqt-hbyiql-wjdgfi-whykxr',1,2,'ivphem-jegvyf-zyiabt-mchysx-wcmhbr','jacktflynn@hotmail.com','Sent','',0,'2021-02-21 06:20:32','0000-00-00 00:00:00'),(170,119,'odciwv-zsarqt-hbyiql-wjdgfi-whykxr',1,3,'rbpquk-fdbjxi-otpkyv-lhmwbe-eaqxom','ief002@shsu.edu','Sent','',0,'2021-02-21 12:05:54','0000-00-00 00:00:00'),(171,119,'odciwv-zsarqt-hbyiql-wjdgfi-whykxr',1,4,'lefoyr-feypcr-cbywpe-eyvrxz-lhovuc','fiemariac@gmail.com','Sent','',1,'2021-02-21 17:16:22','2021-02-21 17:16:28'),(172,119,'odciwv-zsarqt-hbyiql-wjdgfi-whykxr',1,6,'tyndpz-bxmcud-rygnwa-klgzcn-oskple','tina@memoryspin.com','In Queue','',0,'0000-00-00 00:00:00','0000-00-00 00:00:00'),(173,119,'odciwv-zsarqt-hbyiql-wjdgfi-whykxr',1,7,'hmzael-ybxsur-pdfyog-dqgosw-udnvsz','stephanieelkjaer@hotmail.com','In Queue','',0,'0000-00-00 00:00:00','0000-00-00 00:00:00'),(174,119,'odciwv-zsarqt-hbyiql-wjdgfi-whykxr',1,8,'gudnms-dmksri-wgxcpu-pxiyvb-iaypsz','jensen712@btinternet.com','In Queue','',0,'0000-00-00 00:00:00','0000-00-00 00:00:00'),(175,119,'odciwv-zsarqt-hbyiql-wjdgfi-whykxr',1,9,'sliejq-lsbeim-kzgyif-ikoblg-ivqxcf','rannugllad@hotmail.com','In Queue','',0,'0000-00-00 00:00:00','0000-00-00 00:00:00'),(176,119,'odciwv-zsarqt-hbyiql-wjdgfi-whykxr',1,10,'xgfbac-mworcv-fagpek-pownrz-gnitoa','andypeterjoyce@hotmail.com','In Queue','',0,'0000-00-00 00:00:00','0000-00-00 00:00:00'),(177,119,'odciwv-zsarqt-hbyiql-wjdgfi-whykxr',1,11,'yzloaf-ftgokr-xqtasg-qcwfrt-ngziqa','jackflynntx@gmail.com','In Queue','',0,'0000-00-00 00:00:00','0000-00-00 00:00:00'),(178,119,'odciwv-zsarqt-hbyiql-wjdgfi-whykxr',1,12,'muhpks-qntlgd-dqjoia-wxacvd-ywkpod','tirsa009@gmail.com','In Queue','',0,'0000-00-00 00:00:00','0000-00-00 00:00:00'),(179,119,'odciwv-zsarqt-hbyiql-wjdgfi-whykxr',1,13,'paqwty-fxbdoc-gzhxqk-scrmia-thedqf','iza.palm88@gmail.com','In Queue','',0,'0000-00-00 00:00:00','0000-00-00 00:00:00'),(180,120,'nsbyak-hftozy-rduknt-oytsxe-hoejpc',1,2,'ivphem-jegvyf-zyiabt-mchysx-wcmhbr','jacktflynn@hotmail.com','Sent','',0,'2021-02-21 08:01:52','0000-00-00 00:00:00'),(181,120,'nsbyak-hftozy-rduknt-oytsxe-hoejpc',1,3,'rbpquk-fdbjxi-otpkyv-lhmwbe-eaqxom','ief002@shsu.edu','Sent','',0,'2021-02-21 13:15:13','0000-00-00 00:00:00'),(182,120,'nsbyak-hftozy-rduknt-oytsxe-hoejpc',1,4,'lefoyr-feypcr-cbywpe-eyvrxz-lhovuc','fiemariac@gmail.com','Sent','',1,'2021-02-21 18:19:11','2021-02-21 18:19:19'),(183,120,'nsbyak-hftozy-rduknt-oytsxe-hoejpc',1,6,'tyndpz-bxmcud-rygnwa-klgzcn-oskple','tina@memoryspin.com','In Queue','',0,'0000-00-00 00:00:00','0000-00-00 00:00:00'),(184,120,'nsbyak-hftozy-rduknt-oytsxe-hoejpc',1,7,'hmzael-ybxsur-pdfyog-dqgosw-udnvsz','stephanieelkjaer@hotmail.com','In Queue','',0,'0000-00-00 00:00:00','0000-00-00 00:00:00'),(185,120,'nsbyak-hftozy-rduknt-oytsxe-hoejpc',1,8,'gudnms-dmksri-wgxcpu-pxiyvb-iaypsz','jensen712@btinternet.com','In Queue','',0,'0000-00-00 00:00:00','0000-00-00 00:00:00'),(186,120,'nsbyak-hftozy-rduknt-oytsxe-hoejpc',1,9,'sliejq-lsbeim-kzgyif-ikoblg-ivqxcf','rannugllad@hotmail.com','In Queue','',0,'0000-00-00 00:00:00','0000-00-00 00:00:00'),(187,120,'nsbyak-hftozy-rduknt-oytsxe-hoejpc',1,10,'xgfbac-mworcv-fagpek-pownrz-gnitoa','andypeterjoyce@hotmail.com','In Queue','',0,'0000-00-00 00:00:00','0000-00-00 00:00:00'),(188,120,'nsbyak-hftozy-rduknt-oytsxe-hoejpc',1,11,'yzloaf-ftgokr-xqtasg-qcwfrt-ngziqa','jackflynntx@gmail.com','In Queue','',0,'0000-00-00 00:00:00','0000-00-00 00:00:00'),(189,120,'nsbyak-hftozy-rduknt-oytsxe-hoejpc',1,12,'muhpks-qntlgd-dqjoia-wxacvd-ywkpod','tirsa009@gmail.com','In Queue','',0,'0000-00-00 00:00:00','0000-00-00 00:00:00'),(190,120,'nsbyak-hftozy-rduknt-oytsxe-hoejpc',1,13,'paqwty-fxbdoc-gzhxqk-scrmia-thedqf','iza.palm88@gmail.com','In Queue','',0,'0000-00-00 00:00:00','0000-00-00 00:00:00');

--
-- Table structure for table `wp_ig_temp_import`
--

CREATE TABLE `wp_ig_temp_import` (
  `ID` bigint(20) NOT NULL AUTO_INCREMENT,
  `data` longtext COLLATE utf8mb4_unicode_520_ci NOT NULL,
  `identifier` char(13) COLLATE utf8mb4_unicode_520_ci NOT NULL,
  PRIMARY KEY (`ID`)
) ENGINE=InnoDB DEFAULT CHARSET=utf8mb4 COLLATE=utf8mb4_unicode_520_ci;

--
-- Dumping data for table `wp_ig_temp_import`
--


--
-- Table structure for table `wp_ig_unsubscribe_feedback`
--

CREATE TABLE `wp_ig_unsubscribe_feedback` (
  `id` int(10) NOT NULL AUTO_INCREMENT,
  `contact_id` int(10) unsigned NOT NULL,
  `list_id` int(10) unsigned NOT NULL,
  `campaign_id` int(10) unsigned NOT NULL,
  `mailing_queue_id` int(10) unsigned NOT NULL,
  `feedback_slug` varchar(50) COLLATE utf8mb4_unicode_520_ci NOT NULL,
  `feedback_text` varchar(500) COLLATE utf8mb4_unicode_520_ci NOT NULL,
  `created_at` datetime DEFAULT NULL,
  `updated_at` datetime DEFAULT NULL,
  `meta` longtext COLLATE utf8mb4_unicode_520_ci,
  PRIMARY KEY (`id`)
) ENGINE=InnoDB DEFAULT CHARSET=utf8mb4 COLLATE=utf8mb4_unicode_520_ci;

--
-- Dumping data for table `wp_ig_unsubscribe_feedback`
--


--
-- Table structure for table `wp_ig_wc_cart`
--

CREATE TABLE `wp_ig_wc_cart` (
  `id` bigint(20) NOT NULL AUTO_INCREMENT,
  `status` varchar(100) COLLATE utf8mb4_unicode_520_ci NOT NULL DEFAULT '',
  `user_id` bigint(20) NOT NULL DEFAULT '0',
  `guest_id` bigint(20) NOT NULL DEFAULT '0',
  `last_modified` datetime DEFAULT NULL,
  `created` datetime DEFAULT NULL,
  `items` longtext COLLATE utf8mb4_unicode_520_ci NOT NULL,
  `coupons` longtext COLLATE utf8mb4_unicode_520_ci NOT NULL,
  `fees` longtext COLLATE utf8mb4_unicode_520_ci NOT NULL,
  `shipping_tax_total` double NOT NULL DEFAULT '0',
  `shipping_total` double NOT NULL DEFAULT '0',
  `total` double NOT NULL DEFAULT '0',
  `token` varchar(32) COLLATE utf8mb4_unicode_520_ci NOT NULL DEFAULT '',
  `currency` varchar(8) COLLATE utf8mb4_unicode_520_ci NOT NULL DEFAULT '',
  PRIMARY KEY (`id`),
  KEY `status` (`status`),
  KEY `user_id` (`user_id`),
  KEY `guest_id` (`guest_id`),
  KEY `last_modified` (`last_modified`),
  KEY `created` (`created`)
) ENGINE=InnoDB DEFAULT CHARSET=utf8mb4 COLLATE=utf8mb4_unicode_520_ci;

--
-- Dumping data for table `wp_ig_wc_cart`
--


--
